{"id":7065,"date":"2015-09-11T18:07:05","date_gmt":"2015-09-11T21:07:05","guid":{"rendered":"https:\/\/alacip.org\/?page_id=7065"},"modified":"2025-07-28T17:05:29","modified_gmt":"2025-07-28T20:05:29","slug":"antiguos-integrantes-comite-ejecutivo","status":"publish","type":"page","link":"https:\/\/alacip.org\/?page_id=7065","title":{"rendered":"Comit\u00e9 Ejecutivo &#8211; Hist\u00f3rico"},"content":{"rendered":"<h3>Antiguos Secretarios Generales<\/h3>\n<p>2002-2008 <a href=\"https:\/\/campus.usal.es\/~acpa\/member\/dr-manuel-alcantara-saez\/\">Manuel Alc\u00e1ntara<\/a> &#8211; Universidad de Salamanca (USAL)<\/p>\n<p>2008-2013 <a href=\"https:\/\/www.iesp.uerj.br\/docentes\/glaucio-ary-dillon-soares\/\">Gl\u00e1ucio Soares<\/a> &#8211; Instituto de Estudos Sociais e Pol\u00edticos\/Universidade Estadual do Rio de Janeiro (IESP-UERJ)<\/p>\n<p>2013-2019 <a href=\"https:\/\/www.giga-hamburg.de\/en\/team\/llanos\">Mariana Llanos<\/a> &#8211; German Institute for Global and Area Studies (GIGA)<\/p>\n<p>2019-2025 <a href=\"https:\/\/cienciassociales.edu.uy\/departamento-de-ciencia-politica\/daniel-buquet\/\">Daniel Buquet<\/a> &#8211; Universidade Federal de Minas Gerais (UFMG)<\/p>\n<h3>Integrantes Comit\u00e9 Ejecutivo<\/h3>\n<p>2024-2030 <a href=\"https:\/\/lattes.cnpq.br\/2002314936671237\" data-rich-text-format-boundary=\"true\">Dawisson Bel\u00e9m Lopes<\/a> &#8211; Brasil | Universidade Federal de Minas Gerais (UFMG)<\/p>\n<p>2024-2030 <a href=\"https:\/\/cienciassociales.edu.uy\/departamento-de-ciencia-politica\/daniela-vairo\/\" data-rich-text-format-boundary=\"true\">Daniela Vairo<\/a> &#8211; Uruguay | Universidad de la Rep\u00fablica (UDELAR)<\/p>\n<p>2024-2030 <a href=\"https:\/\/uchile.cl\/portafolio-academico\/portafolio-academico\/academico\/17784-Mar%C3%ADa-Cristina-Escudero-Illanes\" data-rich-text-format-boundary=\"true\">Mar\u00eda Cristina Escudero<\/a> &#8211; Chile | Universidad de Chile (UChile)<\/p>\n<p>2024-2030 <a href=\"https:\/\/www.utadeo.edu.co\/es\/comunidad\/directorio-de-investigadores\/297427\/yessika-lorena-vasquez-gonzalez\" data-rich-text-format-boundary=\"true\">Yessika Lorena V\u00e1squez-Gonz\u00e1lez<\/a> &#8211; Colombia | Universidad de Bogot\u00e1 Jorge Tadeo Lozano (UTADEO)<\/p>\n<p>2024-2030 <a href=\"https:\/\/www.pucp.edu.pe\/profesor\/jorge-aragon-trelles\/\" data-rich-text-format-boundary=\"true\">Jorge Arag\u00f3n<\/a> &#8211; Per\u00fa | Pontificia Universidad Cat\u00f3lica del Per\u00fa (PUCP)<\/p>\n<p>2024-2030 <a href=\"https:\/\/www.usfq.edu.ec\/en\/profiles\/paolo-moncagatta\" data-rich-text-format-boundary=\"true\">Paolo Moncagatta<\/a> &#8211; Ecuador | Universidad San Francisco de Quito (USFQ)<\/p>\n<p>2024-2030 <a href=\"https:\/\/cij.uacam.mx\/view\/paginas\/2569\" data-rich-text-format-boundary=\"true\">Alejandro Sahu\u00ed Maldonado<\/a> &#8211; M\u00e9xico | Universidad Aut\u00f3noma de Campeche (UAC)<\/p>\n<p>2022-2028 <a href=\"https:\/\/lattes.cnpq.br\/1941015419569142\">Nataly Vargas<\/a> &#8211; Bolivia | Universidad de Estocolmo<\/p>\n<p>2022-2028 <a href=\"https:\/\/uacj.academia.edu\/JesusRodriguez\">Jes\u00fas Rodr\u00edguez<\/a> &#8211; M\u00e9xico | Universidad Aut\u00f3noma de Ciudad Ju\u00e1rez<\/p>\n<p>2022-2028 <a href=\"https:\/\/www.johnpolga.com\/\">John Polga-Hecimovic<\/a> &#8211; Estados Unidos | US Naval Academy<\/p>\n<p>2022-2029 <a href=\"https:\/\/adrianpignataro.com\/bio\/\">Adri\u00e1n Pignataro<\/a> &#8211; Costa Rica | Universidad de Costa Rica<\/p>\n<p>2022-2028 <a href=\"https:\/\/orcid.org\/0000-0001-7992-8095\">Sarah Cerna<\/a> &#8211; M\u00e9xico | COLMEX<\/p>\n<p>2022-2028 <a href=\"https:\/\/ppgcp.fafich.ufmg.br\/corpodocdet.php?numaut=19&amp;origem=snm\">Marjorie Corr\u00eaa Marona<\/a> &#8211; Brasil | Universidade Federal de Minas Gerais (UFMG)<\/p>\n<p>2022-2028 <a href=\"https:\/\/alacip.org\/?p=44424\">Maria Eugenia Tesio<\/a> &#8211; Argentina | Universidad de Buenos Aires<\/p>\n<p>2022-2028 <a href=\"https:\/\/cienciassociales.uniandes.edu.co\/ciencia-politica\/profesores\/juan-carlos-rodriguez\/\">Juan Carlos Rodr\u00edguez Raga<\/a> &#8211; Colombia | Universidad de Los Andes<\/p>\n<p>2022-2028 <a href=\"https:\/\/gvpt.umd.edu\/facultyprofile\/alca%C3%B1iz\/isabella\">Isabella Alca\u00f1iz<\/a> &#8211; Argentina | University of Maryland<\/p>\n<p>2019-2025 <a href=\"https:\/\/publish.illinois.edu\/giselasin\/\">Gisela Sin<\/a> &#8211; Argentina | University of Illinois<\/p>\n<p>2019-2025 <a href=\"https:\/\/bdp.academia.edu\/OsvaldoIazzetta\">Osvaldo Miguel Iazzetta<\/a> &#8211; Argentina | Universidad Nacional de Rosario<\/p>\n<p>2019-2025 <a href=\"https:\/\/www.ecade.org.sv\/wp-content\/uploads\/2015\/09\/CV-Luis-Mario-Rodr%C3%ADguez-R..pdf\">Luis Mario Rodr\u00edguez<\/a> &#8211; El Salvador | Fundaci\u00f3n Salvadore\u00f1a para el Desarrollo Econ\u00f3mico y Social<\/p>\n<p>2019-2025 <a href=\"https:\/\/www.nosinmujeres.com\/politologas\/2945\/adriana-urrutia\/\">Adriana Urrutia<\/a> &#8211; Peru | Universidad Antonio Ruiz de Montoya<\/p>\n<p>2019-2025 <a href=\"https:\/\/ciencia.iscte-iul.pt\/authors\/marcelo-moriconi\/cv\">Marcelo Moriconi<\/a> &#8211; Argentina | Instituto Universit\u00e1rio de Lisboa (ISCTE)<\/p>\n<p>2019-2025 <a href=\"https:\/\/acpa-usal.com\/member\/dra-elena-martinez-barahona\/\">Elena Mart\u00ednez Barahona<\/a> &#8211; Espa\u00f1a | Universidad de Salamanca<\/p>\n<p>2019-2025 <a href=\"https:\/\/www.nosinmujeres.com\/politologas\/1723\/maria-ines-tula\/\">Mar\u00eda In\u00e9s Tula<\/a> &#8211; Argentina | Universidad de Buenos Aires (UBA)<\/p>\n<p>2019-2025 <a href=\"https:\/\/www.linkedin.com\/in\/rosario-varela-z%C3%BA%C3%B1iga-741a044a\/?originalSubdomain=mx\">Mar\u00eda Del Rosario Varela Zu\u00f1iga<\/a> &#8211; M\u00e9xico | Universidad Aut\u00f3noma de Coahuila<\/p>\n<p>2017-2024 <a href=\"https:\/\/ppgcp.fafich.ufmg.br\/corpodocdet.php?numaut=14&amp;origem=linha\">Magna In\u00e1cio<\/a>\u00a0&#8211; Brasil | Universidade Federal de Minas Gerais (UFMG)<\/p>\n<p>2015 &#8211; 2022\u00a0<a href=\"https:\/\/investigaciones.uniandes.edu.co\/laura-wills-otero\/\" data-rich-text-format-boundary=\"true\">Laura\u00a0Wills\u00a0Otero<\/a> &#8211; Colombia | Universidad de los Andes<\/p>\n<p>2017 &#8211; 2022\u00a0<a href=\"https:\/\/rumbo2018.wixsite.com\/profesores\/lic-jess-cant-escalante\" target=\"_blank\" rel=\"noopener\" data-rich-text-format-boundary=\"true\">Jes\u00fas Cant\u00fa Escalante<\/a> &#8211; M\u00e9xico | Instituto Tecnol\u00f3gico e de Estudos Superiores de Monterrey<\/p>\n<p>2015 -2019 <a href=\"https:\/\/fass.nus.edu.sg\/methods-school\/people\/inaki-sagarzazu\/\" target=\"_blank\" rel=\"noopener\">I\u00f1aki\u00a0Sagarzazu\u00a0<\/a>&#8211; Estados Unidos, Venezuela | University of Houston<\/p>\n<p>2015 &#8211; 2022 <a href=\"https:\/\/vinv.ucr.ac.cr\/sigpro\/web\/researchers\/800700432\" target=\"_blank\" rel=\"noopener\">Ilka\u00a0Treminio\u00a0S\u00e1nchez\u00a0<\/a>&#8211; Costa Rica | Universidad de Costa Rica<\/p>\n<p>2015 &#8211; 2022\u00a0<a href=\"https:\/\/www.politics.ox.ac.uk\/academic-staff\/ezequiel-gonzalez-ocantos.html\" target=\"_blank\" rel=\"noopener\" data-rich-text-format-boundary=\"true\">Ezequiel Gonz\u00e1lez\u00a0Ocantos\u00a0<\/a>&#8211; Inglaterra | University of Oxford<\/p>\n<p>2015 &#8211; 2022\u00a0<a href=\"https:\/\/ceciliamg.web.unc.edu\/\">Cecilia Mart\u00ednez-Gallardo<\/a> &#8211; Estados Unidos, M\u00e9xico | University of North Carolina at Chapel Hill<\/p>\n<p>2015 &#8211; 2022 <a href=\"https:\/\/uba.academia.edu\/Bel%C3%A9nAmadeo\" target=\"_blank\" rel=\"noopener\">Bel\u00e9n Amadeo<\/a> &#8211; Argentina | Universidad de Buenos Aires (UBA)<\/p>\n<p>2015 -2022 <a href=\"https:\/\/capolunb.wordpress.com\/academica\/docentes\/andre-borges\/\" data-rich-text-format-boundary=\"true\">Andr\u00e9 Borges<\/a> &#8211; Brasil | Universidade de Bras\u00edlia (UnB)<\/p>\n<p>2019 &#8211; 2022 <a href=\"https:\/\/www.cienciapolitica.ufpr.br\/decp\/adriano\/\" target=\"_blank\" rel=\"noopener\">Adriano Nervo Codato<\/a> &#8211; Brasil | Universidade Federal de Paran\u00e1 (UFPR)<\/p>\n<p>2013-2019\u00a0<a href=\"https:\/\/www.researchgate.net\/profile\/Gabriela_Catterberg\">Gabriela Catterberg<\/a> &#8211; Argentina |Universidade de Buenos Aires<\/p>\n<p>2013-2019 Bernardo Moura\u202f &#8211; Portugal | University of Chicago<\/p>\n<p>2013-2019\u00a0<a href=\"https:\/\/amecip.org.mx\/amecip\/junta-nacional-directiva\/12-jose-luque\">Jos\u00e9 Manuel Luque<\/a> &#8211; M\u00e9xico |\u00a0Universidad Aut\u00f3noma de Sinaloa<\/p>\n<p>2013-2019 <a href=\"https:\/\/ufpr.academia.edu\/LucianaVeiga\">Luciana Veiga <\/a>&#8211; Brasil |Universidade Federal do Estado de Rio de Janeiro<\/p>\n<p>2013-2019\u00a0<a href=\"https:\/\/ecp.ucr.ac.cr\/node\/85\">Gerardo Hern\u00e1ndez Naranjo &#8211; Costa Rica<\/a> | Universidad de Costa Rica<\/p>\n<p>2013-2019\u00a0<a href=\"https:\/\/acpa-usal.com\/member\/dra-mercedes-garcia-montero\/\">Mercedes Garc\u00eda Montero<\/a> &#8211; Espa\u00f1a | Universidad de Salamanca<\/p>\n<p>2013-2019\u00a0<a href=\"https:\/\/unq.academia.edu\/PabloBulcourf\">Pablo Bulcourf <\/a>\u00a0&#8211; Argentina |\u00a0Universidad de Quilmes<\/p>\n<p>2013-2019\u00a0Eduardo Dargent Bocanegra &#8211; Per\u00fa |Universidad de Texas<\/p>\n<p>2015-2019\u00a0<a href=\"https:\/\/www.washcoll.edu\/live\/profiles\/1834-christine-wade\">Christine Wade<\/a> &#8211; Estados Unidos |\u00a0Washington College<\/p>\n<p>2012-2017 <a href=\"#\">Argelina Figueiredo<\/a> &#8211; Brasil | IESP\/UERJ<\/p>\n<p>2012-2017 <a href=\"#\">Aura Helena Pe\u00f1as Felizzola<\/a> &#8211; Colombia | Universidad de Santo Tom\u00e1s<\/p>\n<p>2012-2017 <a href=\"https:\/\/columnistas.montevideo.com.uy\/categoria_12_1_1.html\">Daniel Chasquetti<\/a> &#8211; Uruguay | Universidad de la Rep\u00fablica<\/p>\n<p>2012-2017 <a href=\"#\">Jes\u00fas Tovar Mendonza<\/a> &#8211; M\u00e9xico | Centro de Investigaciones de Ciencias Sociales y Humanidades<\/p>\n<p>2012-2017 <a href=\"https:\/\/www.linkedin.com\/pub\/jaime-baeza-freer\/52\/70a\/664\">Jaime Baeza Freer<\/a> &#8211; Chile |Universidad de Chile<\/p>\n<p>2012-2017 <a href=\"https:\/\/www.pucp.edu.pe\/ricardo-tanaka-gondo\/\">Ricardo Mat\u00edn Tanaka<\/a> &#8211; Per\u00fa | Pont\u00edficia Universidad Cat\u00f3lica de Per\u00fa<\/p>\n<p>2012-2017 <a href=\"#\">Willibald Sonnleitner<\/a> &#8211; Austria\/M\u00e9xico | Centro de Estudios Sociol\u00f3gicos &#8211; El Colegio de M\u00e9xico<\/p>\n<p>-012-2017 <a href=\"#\">Santiago Basabe Serrano<\/a> &#8211; Ecuador | Flacso<\/p>\n<p>2010-2015 <a href=\"https:\/\/www.polisci.pitt.edu\/person\/anibal-perez-linan\">An\u00edbal P\u00e9rez Li\u00f1\u00e1n<\/a> &#8211; University of Pittsb-rgh<\/p>\n<p>2010-2015 <a href=\"https:\/\/www.bu.edu\/polisci\/people\/faculty\/palmer\/\">David Scott Palmer<\/a> &#8211; Boston University<\/p>\n<p>2010- 2015 <a href=\"https:\/\/c-politica.uniandes.edu.co\/index.php\/profesores\/felipe-botero\">Felipe Botero<\/a> &#8211; Universidad de los Andes<\/p>\n<p>2010-2015 <a href=\"https:\/\/papep-undp.org\/users\/hbrown\">Harry Brown<\/a> &#8211; PNUD Panam\u00e1<\/p>\n<p>2010-2015 <a href=\"https:\/\/www.ipol.unb.br\/docentes\">Lucio Renn\u00f3<\/a> &#8211; Universidade de Brasilia<\/p>\n<p>2010- 2015 <a href=\"https:\/\/webiigg.sociales.uba.ar\/iigg\/miembrosDetalle.php?id=10\">Miguel de Luca<\/a> &#8211; Universidad de Buenos Aires<\/p>\n<p>2010-2015 <a href=\"https:\/\/www.ics.ul.pt\/instituto\/?ln=p&amp;pid=176&amp;mm=5&amp;ctmid=2&amp;mnid=1&amp;doc=31809901190\">Nina Wiesehomeier<\/a> &#8211; Universidad de Lisboa<\/p>\n<p>2010-2015 <a href=\"https:\/\/users.ox.ac.uk\/~latc0045\/CPP\/Team.html\">Timothy Power <\/a>&#8211; St. Cross College &#8211; University of Oxford<\/p>\n<p>2008-2013 <a href=\"https:\/\/arturoafernandez.com.ar\/datos.php\">Arturo Fern\u00e1ndez<\/a> &#8211; Universidad Nacional General San Mart\u00edn<\/p>\n<p>2008-2013 <a href=\"https:\/\/www.uninorte.edu.co\/web\/maestria-en-derecho-modalidad-investigativa\/nuestros-docentes\">Carlos E. Guzm\u00e1n<\/a> &#8211; Universidad del Norte<\/p>\n<p>2008-2013 <a href=\"https:\/\/udelar.academia.edu\/DanielBuquet\">Daniel Buquet<\/a> &#8211; Universidad de la Rep\u00fablica<\/p>\n<p>2008-2013 <a href=\"https:\/\/uas.academia.edu\/ErnestoHernandez\">Ernesto Hern\u00e1ndez<\/a> &#8211; Universidad Aut\u00f3noma de Sinaloa<\/p>\n<p>2008-2013<a href=\"https:\/\/unam.academia.edu\/FlaviaFreidenberg\"> Flavia Freidenberg<\/a> &#8211; Universidad Nacional Aut\u00f3noma de M\u00e9xico<\/p>\n<p>2008-2013 <a href=\"https:\/\/www.iesp.uerj.br\/docentes-soc\/\">Gl\u00e1ucio Soares<\/a> &#8211; Instituto de Estudos Sociais e Pol\u00edticos\/Universidade do Estado de Rio de Janeiro<\/p>\n<p>2008-2013 <a href=\"https:\/\/www.giga-hamburg.de\/en\/team\/llanos\">Mariana Llanos<\/a> &#8211; German Institute of Global and Area Studies<\/p>\n<p>2006-2012 <a href=\"https:\/\/www.kcl.ac.uk\/aboutkings\/worldwide\/initiatives\/global\/intdev\/people\/Andres-Mejia-Acosta\/Index.aspx\">Andr\u00e9s Mej\u00eda<\/a> &#8211;\u00a0King\u00b4s College, London<\/p>\n<p>2006-2012 <a href=\"https:\/\/somos.ufmg.br\/professores\/view\/464\">Carlos Ranulfo<\/a> &#8211; Universidade Federal de Minas Gerais<\/p>\n<p>2006-2012 <a href=\"https:\/\/www.fcjp.luz.edu.ve\/index.php?option=com_content&amp;task=category&amp;sectionid=5&amp;id=26&amp;Itemid=156\">Carmen P\u00e9rez<\/a> &#8211; Universidad del Zulia<\/p>\n<p>2006-2012 <a href=\"https:\/\/mx.linkedin.com\/pub\/igor-vivero\/15\/89b\/985\">Igor Vivero<\/a> &#8211; Universidad Aut\u00f3noma del Estado de M\u00e9xico<\/p>\n<p>2006-2012 <a href=\"https:\/\/www.iei.uchile.cl\/instituto\/quienes-somos\/cuerpo-academico\/54858\/prof-miguel-angel-lopez\">Manuel \u00c1ngel L\u00f3pez<\/a> &#8211; Universidad de Chile<\/p>\n<p>2006-2012 Ricardo C\u00f3rdova &#8211; Fundaungo, El Salvador<\/p>\n<p>2006-2012 <a href=\"https:\/\/www.pucp.edu.pe\/sinesio-lopez-jimenez\/\">Sinesio L\u00f3pez<\/a> &#8211; Pontificia Universidad Cat\u00f3lica del Per\u00fa<\/p>\n<p>2006-2012 <a href=\"https:\/\/www.flacso.edu.ec\/portal\/docencia\/perfil\/simon-pachano.11.1\">Simon Pachano<\/a> &#8211; FLACSO Ecuador<\/p>\n<p>2006-2012 Yarima Sosa &#8211; Fundaci\u00f3n Global de Democracia y Desarrollo<\/p>\n<p>2004-2010 <a href=\"https:\/\/www.ics.ulisboa.pt\/instituto\/?ln=p&amp;pid=116&amp;mm=5&amp;ctmid=2&amp;doc=31809901190\">Andr\u00e9s Malamud<\/a> &#8211; Universidad de Lisboa<\/p>\n<p>2004-2010 <a href=\"https:\/\/www.flacso.edu.ec\/portal\/docencia\/perfil\/francisco-rojas-aravena.1007.0\">Francisco Rojas<\/a> &#8211; FLACSO<\/p>\n<p>2004-2010 <a href=\"https:\/\/unsam.academia.edu\/Mar%C3%ADaLauraTagina\">Maria Laura Tagina<\/a> &#8211; Universidad Nacional de San Mart\u00edn<\/p>\n<p>2004-2010 <a href=\"https:\/\/www.sciencespo.fr\/ceri\/fr\/users\/olivierdabene\">Olivier Dabene<\/a> &#8211; Sciences Po<\/p>\n<p>2004-2010 <a href=\"https:\/\/www.ifch.unicamp.br\/pos\/cienciassociais\/index.php?texto=rachel&amp;menu=menudocente\">Raquel Meneguello<\/a> &#8211; Universidade de Campinas<\/p>\n<p>2004-2010 <a href=\"https:\/\/politicalscience.nd.edu\/faculty\/faculty-list\/scott-mainwaring\/\">Scott Mainwaring<\/a> &#8211; University of Notre Dame<\/p>\n<p>2004-2010 <a href=\"https:\/\/investigadores.izt.uam.mx\/datos_investigador.php?mail=alar@xanum.uam.mx\">Victor Alarc\u00f3n<\/a> &#8211; Universidad Aut\u00f3noma Metropolitana<\/p>\n<p>2004-2010 <a href=\"https:\/\/www.cienciapolitica.uc.cl\/profesores\/planta-academica\/david-altman\">David Altman<\/a> &#8211; Universidad Cat\u00f3lica de Chile<\/p>\n<p>2002-2006 <a href=\"https:\/\/cipo.uprrp.edu\/Angel.html\">Angel Israel Rivera<\/a> &#8211; Universidad de Puerto Rico<\/p>\n<p>2002-2006 <a href=\"https:\/\/www.ecured.cu\/index.php\/Carlos_Alzugaray_Treto\">Carlos Alzugaray <\/a>&#8211; Instituto Superior de Relaciones Internacionales, Cuba<\/p>\n<p>2002-2006 <a href=\"https:\/\/www.enfoquecr.com\/tag\/carlos-e-carranza-villalobos\/\">Carlos Carranza <\/a>&#8211; Universidad de Costa Rica<\/p>\n<p>2002-2006 <a href=\"https:\/\/mileto.pucp.edu.pe\/cisepa\/index.php?option=com_peo2plebook&amp;Itemid=4&amp;func=fullview&amp;staffid=17&amp;com_peoplebook=\">Catalina Romero<\/a> &#8211; Pontificia Universidad Cat\u00f3lica del Per\u00fa<\/p>\n<p>2002-2006<a href=\"https:\/\/www.ucc.edu.ar\/portalucc\/archivos\/File\/CP_y_RRII\/Revista_Studia_Politicae\/07\/CV\/Zovatto.pdf\"> Daniel Zovatto<\/a> &#8211;\u00a0IDEA<\/p>\n<p>2002-2006 <a href=\"https:\/\/www.davidrollvelez.com\/\">David Roll <\/a>&#8211; Universidad Nacional de Colombia<\/p>\n<p>2002-2006 <a href=\"https:\/\/www.giga-hamburg.de\/de\/team\/nolte\">Detlef Nolte<\/a> &#8211; German Institute of Global and Area Studies<\/p>\n<p>2002-2006 <a href=\"https:\/\/www.ie.ufrj.br\/hpp\/professor.php?p=eli-roque-diniz\">Eli Diniz <\/a>&#8211; Universidade Federal do Rio de Janeiro<\/p>\n<p>2002-2006 <a href=\"https:\/\/www.flacso.edu.mx\/investigacion\/planta_academica\/Valdes-Ugalde-Francisco\">Francisco Vald\u00e9z<\/a> &#8211; FLACSO M\u00e9xico<\/p>\n<p>2002-2006 <a href=\"https:\/\/co.linkedin.com\/pub\/gabriel-murillo\/15\/330\/839\">Gabriel Murillo<\/a> &#8211; Universidad de los Andes<\/p>\n<p>2002-2006 <a href=\"https:\/\/politicalscience.unc.edu\/people\/faculty\/faculty-directory-a-c\/jonathan-hartlyn\">Jonathan Hartlyn<\/a> &#8211; University of North Carolina<\/p>\n<p>2002-2006 Jorge Garc\u00eda Rial &#8211;<\/p>\n<p>2002-2006 <a href=\"https:\/\/www.oas.org\/electoralmissions\/ReddeExpertosenDemocracia\/ListadodeExpertos\/URUJorgeLanzaro\/tabid\/398\/Default.aspx\">Jorge Lanzaro<\/a> &#8211; Universidad de la Rep\u00fablica<\/p>\n<p>2002-2006 Jorge Lazarte &#8211; Bolivia<\/p>\n<p>2002-2006 Jos\u00e9 Enrique Molina- Universidad del Zuria<\/p>\n<p>2002-2006 <a href=\"https:\/\/www.uam.es\/ss\/Satellite\/FProfesorado\/es\/1242658362604\/1242657187260\/persona\/detallePDI\/Hernandez_Alvarez,_Juan_Luis.htm\">Juan Luis Hern\u00e1ndez<\/a> &#8211; Universidad Nacional Aut\u00f3noma de M\u00e9xico<\/p>\n<p>2002-2006 <a href=\"https:\/\/ecp.fcs.ucr.ac.cr\/?q=node\/116\">Juany Guzm\u00e1n Le\u00f3n<\/a> &#8211; Universidad de Costa Rica<\/p>\n<p>2002-2006 <a href=\"https:\/\/www.cchs.csic.es\/personal\/ludolfo.paramio\">Ludolfo Paramio<\/a> &#8211; Universidad Aut\u00f3noma de Madrid<\/p>\n<p>2002-2006 <a href=\"https:\/\/pe.linkedin.com\/pub\/luis-benavente-gianella\/63\/576\/758\">Luis Benavente<\/a> &#8211; Universidad de Lima<\/p>\n<p>2002-2006 <a href=\"https:\/\/campus.usal.es\/~acpa\/member\/dr-manuel-alcantara-saez\/\">Manuel Alc\u00e1ntara<\/a> &#8211; Universidad de Salamanca<\/p>\n<p>2002-2006 <a href=\"https:\/\/voces.latercera.com\/autor\/maria-de-los-angeles-fernandez\/\">Maria de los \u00c1ngeles Fern\u00e1ndez<\/a> &#8211; Fundaci\u00f3n Chile 21<\/p>\n<p>2002-2006 <a href=\"https:\/\/www.conicet.gov.ar\/new_scp\/detalle.php?id=33916&amp;datos_academicos=yes\">Mario Serrafero<\/a> &#8211; \u00a0Universidad de Buenos Aires<\/p>\n<p>2002-2006 <a href=\"https:\/\/www.infolatam.com\/author\/martalagos\/\">Marta Lagos<\/a> &#8211; Latinobar\u00f3metro<\/p>\n<p>2002-2006 <a href=\"https:\/\/www.polisci.pitt.edu\/person\/scott-morgenstern\">Scott Morgenstern<\/a> &#8211; University of Pittsburg<\/p>\n<p>2002-2006 <a href=\"https:\/\/ces.colmex.mx\/129\">Silvia G\u00f3mez Tagle<\/a> &#8211; Colegio de M\u00e9xico<\/p>\n","protected":false},"excerpt":{"rendered":"<p>Antiguos Secretarios Generales 2002-2008 Manuel Alc\u00e1ntara &#8211; Universidad de Salamanca (USAL) 2008-2013 Gl\u00e1ucio Soares &#8211; Instituto de Estudos Sociais e Pol\u00edticos\/Universidade Estadual do Rio de Janeiro (IESP-UERJ) 2013-2019 Mariana Llanos &#8211; German Institute for Global and Area Studies (GIGA) 2019-2025 Daniel Buquet &#8211; Universidade Federal de Minas Gerais (UFMG) Integrantes Comit\u00e9 Ejecutivo 2024-2030 Dawisson Bel\u00e9m [&hellip;]<\/p>\n","protected":false},"author":88890,"featured_media":0,"parent":3,"menu_order":0,"comment_status":"closed","ping_status":"closed","template":"","meta":{"_genesis_hide_title":false,"_genesis_hide_breadcrumbs":false,"_genesis_hide_singular_image":false,"_genesis_hide_footer_widgets":false,"_genesis_custom_body_class":"","_genesis_custom_post_class":"","_genesis_layout":"","footnotes":""},"class_list":{"0":"post-7065","1":"page","2":"type-page","3":"status-publish","5":"entry"},"_links":{"self":[{"href":"https:\/\/alacip.org\/index.php?rest_route=\/wp\/v2\/pages\/7065","targetHints":{"allow":["GET"]}}],"collection":[{"href":"https:\/\/alacip.org\/index.php?rest_route=\/wp\/v2\/pages"}],"about":[{"href":"https:\/\/alacip.org\/index.php?rest_route=\/wp\/v2\/types\/page"}],"author":[{"embeddable":true,"href":"https:\/\/alacip.org\/index.php?rest_route=\/wp\/v2\/users\/88890"}],"replies":[{"embeddable":true,"href":"https:\/\/alacip.org\/index.php?rest_route=%2Fwp%2Fv2%2Fcomments&post=7065"}],"version-history":[{"count":29,"href":"https:\/\/alacip.org\/index.php?rest_route=\/wp\/v2\/pages\/7065\/revisions"}],"predecessor-version":[{"id":49736,"href":"https:\/\/alacip.org\/index.php?rest_route=\/wp\/v2\/pages\/7065\/revisions\/49736"}],"up":[{"embeddable":true,"href":"https:\/\/alacip.org\/index.php?rest_route=\/wp\/v2\/pages\/3"}],"wp:attachment":[{"href":"https:\/\/alacip.org\/index.php?rest_route=%2Fwp%2Fv2%2Fmedia&parent=7065"}],"curies":[{"name":"wp","href":"https:\/\/api.w.org\/{rel}","templated":true}]}}