{"id":33012,"date":"2020-01-22T17:54:34","date_gmt":"2020-01-22T20:54:34","guid":{"rendered":"https:\/\/alacip.org\/?post_type=todasponencias&#038;p=33012"},"modified":"2020-01-24T22:34:39","modified_gmt":"2020-01-25T01:34:39","slug":"widespread-beliefs-y-creencias-compartidas","status":"publish","type":"todasponencias","link":"https:\/\/alacip.org\/?todasponencias=widespread-beliefs-y-creencias-compartidas","title":{"rendered":"Widespread beliefs y  creencias compartidas como categor\u00edas an\u00e1lisis de los movimientos sociales"},"content":{"rendered":"\n<p>Se explora la posibilidad de incluir las categor\u00edas de an\u00e1lisis de la sociolog\u00eda de la religi\u00f3n y la sociolog\u00eda del conocimiento, de la forma en que Robert Bellah lo hizo  con  el  concepto  de \u2018religi\u00f3n  civil.\u2019 Se  encuentran  y  describen  los elementos  similares  que  tienen  los  movimientos  sociales  con  una  religi\u00f3n primitiva,  lo  cual  nos  permite  adentrarnos  y  poner  orden  a  las  creencias compartidas  de  quienes  participan.   <\/p>\n\n\n\n<!--more-->\n\n\n\n<div class=\"wp-block-button aligncenter\"><a class=\"wp-block-button__link has-background has-vivid-cyan-blue-background-color\" href=\"https:\/\/alacip.org\/cong13\/217-guzman-7c.pdf\">Descargar Archivo<\/a><\/div>\n","protected":false},"featured_media":0,"template":"","meta":{"_genesis_hide_title":false,"_genesis_hide_breadcrumbs":false,"_genesis_hide_singular_image":false,"_genesis_hide_footer_widgets":false,"_genesis_custom_body_class":"","_genesis_custom_post_class":"","_genesis_layout":""},"filtro":[115],"anocongresso":[140],"conginstituicion":[153],"areatema":[393],"class_list":{"0":"post-33012","1":"todasponencias","2":"type-todasponencias","3":"status-publish","5":"filtro-mexico","6":"anocongresso-140","7":"conginstituicion-s","8":"areatema-movimientos-sociales-2","9":"entry"},"_links":{"self":[{"href":"https:\/\/alacip.org\/index.php?rest_route=\/wp\/v2\/todasponencias\/33012","targetHints":{"allow":["GET"]}}],"collection":[{"href":"https:\/\/alacip.org\/index.php?rest_route=\/wp\/v2\/todasponencias"}],"about":[{"href":"https:\/\/alacip.org\/index.php?rest_route=\/wp\/v2\/types\/todasponencias"}],"wp:attachment":[{"href":"https:\/\/alacip.org\/index.php?rest_route=%2Fwp%2Fv2%2Fmedia&parent=33012"}],"wp:term":[{"taxonomy":"filtro","embeddable":true,"href":"https:\/\/alacip.org\/index.php?rest_route=%2Fwp%2Fv2%2Ffiltro&post=33012"},{"taxonomy":"anocongresso","embeddable":true,"href":"https:\/\/alacip.org\/index.php?rest_route=%2Fwp%2Fv2%2Fanocongresso&post=33012"},{"taxonomy":"conginstituicion","embeddable":true,"href":"https:\/\/alacip.org\/index.php?rest_route=%2Fwp%2Fv2%2Fconginstituicion&post=33012"},{"taxonomy":"areatema","embeddable":true,"href":"https:\/\/alacip.org\/index.php?rest_route=%2Fwp%2Fv2%2Fareatema&post=33012"}],"curies":[{"name":"wp","href":"https:\/\/api.w.org\/{rel}","templated":true}]}}

Widespread beliefs y  creencias compartidas como categorías análisis de los movimientos sociales

<p>Se explora la posibilidad de incluir las categorías de análisis de la sociología de la religión y la sociología del conocimiento, de la forma en que Robert Bellah lo hizo  con  el  concepto  de ‘religión  civil.’ Se  encuentran  y  describen  los elementos  similares  que  tienen  los  movimientos  sociales  con  una  religión primitiva,  lo  cual  nos  permite  adentrarnos  y  poner  orden  a  las  creencias compartidas  de  quienes  participan.   </p>



<!--more-->



<div class="wp-block-button aligncenter"><a class="wp-block-button__link has-background has-vivid-cyan-blue-background-color" href="https://alacip.org/cong13/217-guzman-7c.pdf">Descargar Archivo</a></div>
