{"id":33015,"date":"2020-01-22T18:20:03","date_gmt":"2020-01-22T21:20:03","guid":{"rendered":"https:\/\/alacip.org\/?post_type=todasponencias&#038;p=33015"},"modified":"2020-02-07T19:42:07","modified_gmt":"2020-02-07T22:42:07","slug":"a-emergencia-de-governos-de-esquerda","status":"publish","type":"todasponencias","link":"https:\/\/alacip.org\/?todasponencias=a-emergencia-de-governos-de-esquerda","title":{"rendered":"A emerg\u00eancia de governos de esquerda e o universalismo na prote\u00e7\u00e3o social da Am\u00e9rica Latina"},"content":{"rendered":"\n<p>O objetivo desta pesquisa \u00e9 avaliar os tipos, as \u00e1reas e a amplitude das reformas de pol\u00edticas sociais nos sistemas de prote\u00e7\u00e3o social latino-americanos a partir do in\u00edcio do  s\u00e9culo  XXI  explicando  o  papel  dos  governos  de  esquerda,  que  emergiram  neste per\u00edodo,  na  conforma\u00e7\u00e3o  dessas  reformas,  numa  perspectiva  comparada.   <\/p>\n\n\n\n<!--more-->\n\n\n\n<div class=\"wp-block-button aligncenter\"><a class=\"wp-block-button__link has-background has-vivid-cyan-blue-background-color\" href=\"https:\/\/alacip.org\/cong13\/220-satyro-7c.pdf\">Descargar Archivo<\/a><\/div>\n","protected":false},"featured_media":0,"template":"","meta":{"_genesis_hide_title":false,"_genesis_hide_breadcrumbs":false,"_genesis_hide_singular_image":false,"_genesis_hide_footer_widgets":false,"_genesis_custom_body_class":"","_genesis_custom_post_class":"","_genesis_layout":""},"filtro":[102],"anocongresso":[140],"conginstituicion":[153],"areatema":[391],"class_list":{"0":"post-33015","1":"todasponencias","2":"type-todasponencias","3":"status-publish","5":"filtro-brasil","6":"anocongresso-140","7":"conginstituicion-s","8":"areatema-politica-comparada","9":"entry"},"_links":{"self":[{"href":"https:\/\/alacip.org\/index.php?rest_route=\/wp\/v2\/todasponencias\/33015","targetHints":{"allow":["GET"]}}],"collection":[{"href":"https:\/\/alacip.org\/index.php?rest_route=\/wp\/v2\/todasponencias"}],"about":[{"href":"https:\/\/alacip.org\/index.php?rest_route=\/wp\/v2\/types\/todasponencias"}],"wp:attachment":[{"href":"https:\/\/alacip.org\/index.php?rest_route=%2Fwp%2Fv2%2Fmedia&parent=33015"}],"wp:term":[{"taxonomy":"filtro","embeddable":true,"href":"https:\/\/alacip.org\/index.php?rest_route=%2Fwp%2Fv2%2Ffiltro&post=33015"},{"taxonomy":"anocongresso","embeddable":true,"href":"https:\/\/alacip.org\/index.php?rest_route=%2Fwp%2Fv2%2Fanocongresso&post=33015"},{"taxonomy":"conginstituicion","embeddable":true,"href":"https:\/\/alacip.org\/index.php?rest_route=%2Fwp%2Fv2%2Fconginstituicion&post=33015"},{"taxonomy":"areatema","embeddable":true,"href":"https:\/\/alacip.org\/index.php?rest_route=%2Fwp%2Fv2%2Fareatema&post=33015"}],"curies":[{"name":"wp","href":"https:\/\/api.w.org\/{rel}","templated":true}]}}

A emergência de governos de esquerda e o universalismo na proteção social da América Latina

<p>O objetivo desta pesquisa é avaliar os tipos, as áreas e a amplitude das reformas de políticas sociais nos sistemas de proteção social latino-americanos a partir do início do  século  XXI  explicando  o  papel  dos  governos  de  esquerda,  que  emergiram  neste período,  na  conformação  dessas  reformas,  numa  perspectiva  comparada.   </p>



<!--more-->



<div class="wp-block-button aligncenter"><a class="wp-block-button__link has-background has-vivid-cyan-blue-background-color" href="https://alacip.org/cong13/220-satyro-7c.pdf">Descargar Archivo</a></div>
