{"id":33022,"date":"2020-01-22T18:43:29","date_gmt":"2020-01-22T21:43:29","guid":{"rendered":"https:\/\/alacip.org\/?post_type=todasponencias&#038;p=33022"},"modified":"2020-01-24T22:33:35","modified_gmt":"2020-01-25T01:33:35","slug":"la-calidad-de-la-democracia-en-brasil","status":"publish","type":"todasponencias","link":"https:\/\/alacip.org\/?todasponencias=la-calidad-de-la-democracia-en-brasil","title":{"rendered":"La calidad de la democracia en Brasil: un r\u00e9gimen institucionalizado entre la inseguridad individual y desigualdad social"},"content":{"rendered":"\n<p>El  presente trabajo explora  la  evoluci\u00f3n  reciente  de  la  experiencia  democr\u00e1tica brasile\u00f1a.  El  estudio  de  la  democracia  realmente  existente  en  Brasil  se  realiza  tomando como par\u00e1metro de referencia te\u00f3rico-metodol\u00f3gico las ponderaciones presentadas en los cap\u00edtulosiniciales  de  la  obra.  <\/p>\n\n\n\n<!--more-->\n\n\n\n<p>Resumidamente  se  trata  de  pasar  de  los  estudios  detransitolog\u00eda\u2013propios  de  las  d\u00e9cadas  de  1980  y  1990,  cuando  Brasil  y  otros  pa\u00edses vecinos  lograron  sus  respectivas  transiciones  y  consolidaciones  democr\u00e1ticas \u2013hacia investigaciones preocupadas con la calidad de la democracia. <\/p>\n\n\n\n<div class=\"wp-block-button aligncenter\"><a class=\"wp-block-button__link has-background has-vivid-cyan-blue-background-color\" href=\"https:\/\/alacip.org\/cong13\/230-santanderjoo-7c.pdf\">Descargar Archivo<\/a><\/div>\n","protected":false},"featured_media":0,"template":"","meta":{"_genesis_hide_title":false,"_genesis_hide_breadcrumbs":false,"_genesis_hide_singular_image":false,"_genesis_hide_footer_widgets":false,"_genesis_custom_body_class":"","_genesis_custom_post_class":"","_genesis_layout":""},"filtro":[102],"anocongresso":[140],"conginstituicion":[153],"areatema":[167],"class_list":{"0":"post-33022","1":"todasponencias","2":"type-todasponencias","3":"status-publish","5":"filtro-brasil","6":"anocongresso-140","7":"conginstituicion-s","8":"areatema-democracia-democratizacion","9":"entry"},"_links":{"self":[{"href":"https:\/\/alacip.org\/index.php?rest_route=\/wp\/v2\/todasponencias\/33022","targetHints":{"allow":["GET"]}}],"collection":[{"href":"https:\/\/alacip.org\/index.php?rest_route=\/wp\/v2\/todasponencias"}],"about":[{"href":"https:\/\/alacip.org\/index.php?rest_route=\/wp\/v2\/types\/todasponencias"}],"wp:attachment":[{"href":"https:\/\/alacip.org\/index.php?rest_route=%2Fwp%2Fv2%2Fmedia&parent=33022"}],"wp:term":[{"taxonomy":"filtro","embeddable":true,"href":"https:\/\/alacip.org\/index.php?rest_route=%2Fwp%2Fv2%2Ffiltro&post=33022"},{"taxonomy":"anocongresso","embeddable":true,"href":"https:\/\/alacip.org\/index.php?rest_route=%2Fwp%2Fv2%2Fanocongresso&post=33022"},{"taxonomy":"conginstituicion","embeddable":true,"href":"https:\/\/alacip.org\/index.php?rest_route=%2Fwp%2Fv2%2Fconginstituicion&post=33022"},{"taxonomy":"areatema","embeddable":true,"href":"https:\/\/alacip.org\/index.php?rest_route=%2Fwp%2Fv2%2Fareatema&post=33022"}],"curies":[{"name":"wp","href":"https:\/\/api.w.org\/{rel}","templated":true}]}}

La calidad de la democracia en Brasil: un régimen institucionalizado entre la inseguridad individual y desigualdad social

<p>El  presente trabajo explora  la  evolución  reciente  de  la  experiencia  democrática brasileña.  El  estudio  de  la  democracia  realmente  existente  en  Brasil  se  realiza  tomando como parámetro de referencia teórico-metodológico las ponderaciones presentadas en los capítulosiniciales  de  la  obra.  </p>



<!--more-->



<p>Resumidamente  se  trata  de  pasar  de  los  estudios  detransitología–propios  de  las  décadas  de  1980  y  1990,  cuando  Brasil  y  otros  países vecinos  lograron  sus  respectivas  transiciones  y  consolidaciones  democráticas –hacia investigaciones preocupadas con la calidad de la democracia. </p>



<div class="wp-block-button aligncenter"><a class="wp-block-button__link has-background has-vivid-cyan-blue-background-color" href="https://alacip.org/cong13/230-santanderjoo-7c.pdf">Descargar Archivo</a></div>
