{"id":33024,"date":"2020-01-22T18:51:24","date_gmt":"2020-01-22T21:51:24","guid":{"rendered":"https:\/\/alacip.org\/?post_type=todasponencias&#038;p=33024"},"modified":"2020-01-24T22:33:25","modified_gmt":"2020-01-25T01:33:25","slug":"el-cine-centroamericano-y-del-caribe","status":"publish","type":"todasponencias","link":"https:\/\/alacip.org\/?todasponencias=el-cine-centroamericano-y-del-caribe","title":{"rendered":"El cine centroamericano y del Caribe: dictaduras y resistencias"},"content":{"rendered":"\n<p>El  presente  ensayo  se  enmarca  como  continuidad  de  la  investigaci\u00f3n Educar  la  mirada:  el cine de Am\u00e9rica Latina  como pedagog\u00eda de discusi\u00f3n est\u00e9tica pol\u00edtica, cuya primera parte, \u201cEl cine de Am\u00e9rica Latina como \u00abarchivo\u00bb de las mentalidades\u201d, fue publicada en el libro Pol\u00edtica y Cultura en Am\u00e9rica Latina, UNAULA, 2012. <\/p>\n\n\n\n<!--more-->\n\n\n\n<div class=\"wp-block-button aligncenter\"><a class=\"wp-block-button__link has-background has-vivid-cyan-blue-background-color\" href=\"https:\/\/alacip.org\/cong13\/232-montoya-7c.pdf\">Descargar Archivo<\/a><\/div>\n","protected":false},"featured_media":0,"template":"","meta":{"_genesis_hide_title":false,"_genesis_hide_breadcrumbs":false,"_genesis_hide_singular_image":false,"_genesis_hide_footer_widgets":false,"_genesis_custom_body_class":"","_genesis_custom_post_class":"","_genesis_layout":""},"filtro":[109],"anocongresso":[140],"conginstituicion":[153],"areatema":[159],"class_list":{"0":"post-33024","1":"todasponencias","2":"type-todasponencias","3":"status-publish","5":"filtro-colombia","6":"anocongresso-140","7":"conginstituicion-s","8":"areatema-temas-diversos","9":"entry"},"_links":{"self":[{"href":"https:\/\/alacip.org\/index.php?rest_route=\/wp\/v2\/todasponencias\/33024","targetHints":{"allow":["GET"]}}],"collection":[{"href":"https:\/\/alacip.org\/index.php?rest_route=\/wp\/v2\/todasponencias"}],"about":[{"href":"https:\/\/alacip.org\/index.php?rest_route=\/wp\/v2\/types\/todasponencias"}],"wp:attachment":[{"href":"https:\/\/alacip.org\/index.php?rest_route=%2Fwp%2Fv2%2Fmedia&parent=33024"}],"wp:term":[{"taxonomy":"filtro","embeddable":true,"href":"https:\/\/alacip.org\/index.php?rest_route=%2Fwp%2Fv2%2Ffiltro&post=33024"},{"taxonomy":"anocongresso","embeddable":true,"href":"https:\/\/alacip.org\/index.php?rest_route=%2Fwp%2Fv2%2Fanocongresso&post=33024"},{"taxonomy":"conginstituicion","embeddable":true,"href":"https:\/\/alacip.org\/index.php?rest_route=%2Fwp%2Fv2%2Fconginstituicion&post=33024"},{"taxonomy":"areatema","embeddable":true,"href":"https:\/\/alacip.org\/index.php?rest_route=%2Fwp%2Fv2%2Fareatema&post=33024"}],"curies":[{"name":"wp","href":"https:\/\/api.w.org\/{rel}","templated":true}]}}

<p>El  presente  ensayo  se  enmarca  como  continuidad  de  la  investigación Educar  la  mirada:  el cine de América Latina  como pedagogía de discusión estética política, cuya primera parte, “El cine de América Latina como «archivo» de las mentalidades”, fue publicada en el libro Política y Cultura en América Latina, UNAULA, 2012. </p>



<!--more-->



<div class="wp-block-button aligncenter"><a class="wp-block-button__link has-background has-vivid-cyan-blue-background-color" href="https://alacip.org/cong13/232-montoya-7c.pdf">Descargar Archivo</a></div>
