{"id":33031,"date":"2020-01-22T19:24:13","date_gmt":"2020-01-22T22:24:13","guid":{"rendered":"https:\/\/alacip.org\/?post_type=todasponencias&#038;p=33031"},"modified":"2020-02-07T21:42:39","modified_gmt":"2020-02-08T00:42:39","slug":"los-recursos-geneticos-en-colombia","status":"publish","type":"todasponencias","link":"https:\/\/alacip.org\/?todasponencias=los-recursos-geneticos-en-colombia","title":{"rendered":"Coaliciones de causa en la formulaci\u00f3n de la pol\u00edtica de acceso a los recursos gen\u00e9ticos en Colombia"},"content":{"rendered":"\n<p>El objetivo  de la  ponencia es reconfigurar el proceso  pol\u00edtico  de formulaci\u00f3n  de  la Decisi\u00f3n 391 de 1996, R\u00e9gimen com\u00fan de acceso a los recursos gen\u00e9ticos en Colombia, con base  en  el  marco  te\u00f3rico  de  las  coaliciones  de  causa (Jenkins-Smith  y  Sabatier  1988;  1993; Weible   y  Sabatier  2007). <\/p>\n\n\n\n<!--more-->\n\n\n\n<div class=\"wp-block-button aligncenter\"><a class=\"wp-block-button__link has-background has-vivid-cyan-blue-background-color\" href=\"https:\/\/alacip.org\/cong13\/246-gmezlee-7c.pdf\">Descargar Archivo<\/a><\/div>\n","protected":false},"featured_media":0,"template":"","meta":{"_genesis_hide_title":false,"_genesis_hide_breadcrumbs":false,"_genesis_hide_singular_image":false,"_genesis_hide_footer_widgets":false,"_genesis_custom_body_class":"","_genesis_custom_post_class":"","_genesis_layout":""},"filtro":[109],"anocongresso":[140],"conginstituicion":[149],"areatema":[158],"class_list":{"0":"post-33031","1":"todasponencias","2":"type-todasponencias","3":"status-publish","5":"filtro-colombia","6":"anocongresso-140","7":"conginstituicion-uec","8":"areatema-admpulpo","9":"entry"},"_links":{"self":[{"href":"https:\/\/alacip.org\/index.php?rest_route=\/wp\/v2\/todasponencias\/33031","targetHints":{"allow":["GET"]}}],"collection":[{"href":"https:\/\/alacip.org\/index.php?rest_route=\/wp\/v2\/todasponencias"}],"about":[{"href":"https:\/\/alacip.org\/index.php?rest_route=\/wp\/v2\/types\/todasponencias"}],"wp:attachment":[{"href":"https:\/\/alacip.org\/index.php?rest_route=%2Fwp%2Fv2%2Fmedia&parent=33031"}],"wp:term":[{"taxonomy":"filtro","embeddable":true,"href":"https:\/\/alacip.org\/index.php?rest_route=%2Fwp%2Fv2%2Ffiltro&post=33031"},{"taxonomy":"anocongresso","embeddable":true,"href":"https:\/\/alacip.org\/index.php?rest_route=%2Fwp%2Fv2%2Fanocongresso&post=33031"},{"taxonomy":"conginstituicion","embeddable":true,"href":"https:\/\/alacip.org\/index.php?rest_route=%2Fwp%2Fv2%2Fconginstituicion&post=33031"},{"taxonomy":"areatema","embeddable":true,"href":"https:\/\/alacip.org\/index.php?rest_route=%2Fwp%2Fv2%2Fareatema&post=33031"}],"curies":[{"name":"wp","href":"https:\/\/api.w.org\/{rel}","templated":true}]}}

Coaliciones de causa en la formulación de la política de acceso a los recursos genéticos en Colombia

<p>El objetivo  de la  ponencia es reconfigurar el proceso  político  de formulación  de  la Decisión 391 de 1996, Régimen común de acceso a los recursos genéticos en Colombia, con base  en  el  marco  teórico  de  las  coaliciones  de  causa (Jenkins-Smith  y  Sabatier  1988;  1993; Weible   y  Sabatier  2007). </p>



<!--more-->



<div class="wp-block-button aligncenter"><a class="wp-block-button__link has-background has-vivid-cyan-blue-background-color" href="https://alacip.org/cong13/246-gmezlee-7c.pdf">Descargar Archivo</a></div>
