{"id":33032,"date":"2020-01-22T19:27:31","date_gmt":"2020-01-22T22:27:31","guid":{"rendered":"https:\/\/alacip.org\/?post_type=todasponencias&#038;p=33032"},"modified":"2020-02-06T08:52:55","modified_gmt":"2020-02-06T11:52:55","slug":"perfiles-de-la-alta-administracion-publica-en-colombia","status":"publish","type":"todasponencias","link":"https:\/\/alacip.org\/?todasponencias=perfiles-de-la-alta-administracion-publica-en-colombia","title":{"rendered":"Perfiles de la alta administraci\u00f3n p\u00fablica en Colombia: Estado central y Alcald\u00eda del Distrito de Bogot\u00e1 (2013)"},"content":{"rendered":"\n<p>El reconocimiento del car\u00e1cter pol\u00edtico, y no estrictamente administrativo o t\u00e9cnico, de la labor de la alta administraci\u00f3n p\u00fablica hace pertinente indagar por su caracterizaci\u00f3n social y pol\u00edtica. La investigaci\u00f3n se\u00f1ala y compara caracter\u00edsticas de g\u00e9nero, de origen geogr\u00e1fico y formaci\u00f3n de la alta  funci\u00f3n  p\u00fablica  colombiana  de  nivel  nacional  y  del  distrito  de  Bogot\u00e1  seleccionados  a  partir de  un  criterio  posicional.   <\/p>\n\n\n\n<!--more-->\n\n\n\n<div class=\"wp-block-button aligncenter\"><a class=\"wp-block-button__link has-background has-vivid-cyan-blue-background-color\" href=\"https:\/\/alacip.org\/cong13\/247-deubel-7c.pdf\">Descargar Archivo<\/a><\/div>\n","protected":false},"featured_media":0,"template":"","meta":{"_genesis_hide_title":false,"_genesis_hide_breadcrumbs":false,"_genesis_hide_singular_image":false,"_genesis_hide_footer_widgets":false,"_genesis_custom_body_class":"","_genesis_custom_post_class":"","_genesis_layout":""},"filtro":[109],"anocongresso":[140],"conginstituicion":[179],"areatema":[158],"class_list":{"0":"post-33032","1":"todasponencias","2":"type-todasponencias","3":"status-publish","5":"filtro-colombia","6":"anocongresso-140","7":"conginstituicion-uncsbogota","8":"areatema-admpulpo","9":"entry"},"_links":{"self":[{"href":"https:\/\/alacip.org\/index.php?rest_route=\/wp\/v2\/todasponencias\/33032","targetHints":{"allow":["GET"]}}],"collection":[{"href":"https:\/\/alacip.org\/index.php?rest_route=\/wp\/v2\/todasponencias"}],"about":[{"href":"https:\/\/alacip.org\/index.php?rest_route=\/wp\/v2\/types\/todasponencias"}],"wp:attachment":[{"href":"https:\/\/alacip.org\/index.php?rest_route=%2Fwp%2Fv2%2Fmedia&parent=33032"}],"wp:term":[{"taxonomy":"filtro","embeddable":true,"href":"https:\/\/alacip.org\/index.php?rest_route=%2Fwp%2Fv2%2Ffiltro&post=33032"},{"taxonomy":"anocongresso","embeddable":true,"href":"https:\/\/alacip.org\/index.php?rest_route=%2Fwp%2Fv2%2Fanocongresso&post=33032"},{"taxonomy":"conginstituicion","embeddable":true,"href":"https:\/\/alacip.org\/index.php?rest_route=%2Fwp%2Fv2%2Fconginstituicion&post=33032"},{"taxonomy":"areatema","embeddable":true,"href":"https:\/\/alacip.org\/index.php?rest_route=%2Fwp%2Fv2%2Fareatema&post=33032"}],"curies":[{"name":"wp","href":"https:\/\/api.w.org\/{rel}","templated":true}]}}

Perfiles de la alta administración pública en Colombia: Estado central y Alcaldía del Distrito de Bogotá (2013)

<p>El reconocimiento del carácter político, y no estrictamente administrativo o técnico, de la labor de la alta administración pública hace pertinente indagar por su caracterización social y política. La investigación señala y compara características de género, de origen geográfico y formación de la alta  función  pública  colombiana  de  nivel  nacional  y  del  distrito  de  Bogotá  seleccionados  a  partir de  un  criterio  posicional.   </p>



<!--more-->



<div class="wp-block-button aligncenter"><a class="wp-block-button__link has-background has-vivid-cyan-blue-background-color" href="https://alacip.org/cong13/247-deubel-7c.pdf">Descargar Archivo</a></div>
