{"id":33036,"date":"2020-01-22T20:12:27","date_gmt":"2020-01-22T23:12:27","guid":{"rendered":"https:\/\/alacip.org\/?post_type=todasponencias&#038;p=33036"},"modified":"2020-01-24T22:31:45","modified_gmt":"2020-01-25T01:31:45","slug":"colombia-y-brasil-vecinos-irrelevantes","status":"publish","type":"todasponencias","link":"https:\/\/alacip.org\/?todasponencias=colombia-y-brasil-vecinos-irrelevantes","title":{"rendered":"Colombia y Brasil: vecinos irrelevantes"},"content":{"rendered":"\n<p>El presente art\u00edculo aborda el bilateralismo entre Colombia y Brasil, abriendo la posibilidad  de determinar  el  grado  de  relevancia  mutua  que  tradicionalmente han  tenido  estos  dos  actores  activos  de  la  pol\u00edtica  suramericana.  <\/p>\n\n\n\n<!--more-->\n\n\n\n<p>En  primera instancia, el ejercicio anal\u00edtico centra su atenci\u00f3n en dos miradas conceptualesdesde  las  cualesse  posibilitahacer una  lectura,  en  parte  preliminar,  sobre  el di\u00e1logo  regional  adelantado  por  ellos.    <\/p>\n\n\n\n<div class=\"wp-block-button aligncenter\"><a class=\"wp-block-button__link has-background has-vivid-cyan-blue-background-color\" href=\"https:\/\/alacip.org\/cong13\/254-alzate-7c.pdf\">Descargar Archivo<\/a><\/div>\n","protected":false},"featured_media":0,"template":"","meta":{"_genesis_hide_title":false,"_genesis_hide_breadcrumbs":false,"_genesis_hide_singular_image":false,"_genesis_hide_footer_widgets":false,"_genesis_custom_body_class":"","_genesis_custom_post_class":"","_genesis_layout":""},"filtro":[109],"anocongresso":[140],"conginstituicion":[314,149],"areatema":[160],"class_list":{"0":"post-33036","1":"todasponencias","2":"type-todasponencias","3":"status-publish","5":"filtro-colombia","6":"anocongresso-140","7":"conginstituicion-universidad-eafit","8":"conginstituicion-uec","9":"areatema-relaciones-internacionales","10":"entry"},"_links":{"self":[{"href":"https:\/\/alacip.org\/index.php?rest_route=\/wp\/v2\/todasponencias\/33036","targetHints":{"allow":["GET"]}}],"collection":[{"href":"https:\/\/alacip.org\/index.php?rest_route=\/wp\/v2\/todasponencias"}],"about":[{"href":"https:\/\/alacip.org\/index.php?rest_route=\/wp\/v2\/types\/todasponencias"}],"wp:attachment":[{"href":"https:\/\/alacip.org\/index.php?rest_route=%2Fwp%2Fv2%2Fmedia&parent=33036"}],"wp:term":[{"taxonomy":"filtro","embeddable":true,"href":"https:\/\/alacip.org\/index.php?rest_route=%2Fwp%2Fv2%2Ffiltro&post=33036"},{"taxonomy":"anocongresso","embeddable":true,"href":"https:\/\/alacip.org\/index.php?rest_route=%2Fwp%2Fv2%2Fanocongresso&post=33036"},{"taxonomy":"conginstituicion","embeddable":true,"href":"https:\/\/alacip.org\/index.php?rest_route=%2Fwp%2Fv2%2Fconginstituicion&post=33036"},{"taxonomy":"areatema","embeddable":true,"href":"https:\/\/alacip.org\/index.php?rest_route=%2Fwp%2Fv2%2Fareatema&post=33036"}],"curies":[{"name":"wp","href":"https:\/\/api.w.org\/{rel}","templated":true}]}}

<p>El presente artículo aborda el bilateralismo entre Colombia y Brasil, abriendo la posibilidad  de determinar  el  grado  de  relevancia  mutua  que  tradicionalmente han  tenido  estos  dos  actores  activos  de  la  política  suramericana.  </p>



<!--more-->



<p>En  primera instancia, el ejercicio analítico centra su atención en dos miradas conceptualesdesde  las  cualesse  posibilitahacer una  lectura,  en  parte  preliminar,  sobre  el diálogo  regional  adelantado  por  ellos.    </p>



<div class="wp-block-button aligncenter"><a class="wp-block-button__link has-background has-vivid-cyan-blue-background-color" href="https://alacip.org/cong13/254-alzate-7c.pdf">Descargar Archivo</a></div>
