{"id":33041,"date":"2020-01-22T20:25:34","date_gmt":"2020-01-22T23:25:34","guid":{"rendered":"https:\/\/alacip.org\/?post_type=todasponencias&#038;p=33041"},"modified":"2020-01-24T22:30:40","modified_gmt":"2020-01-25T01:30:40","slug":"lenguajes-politicos-argentina-y-colombia","status":"publish","type":"todasponencias","link":"https:\/\/alacip.org\/?todasponencias=lenguajes-politicos-argentina-y-colombia","title":{"rendered":"Lenguajes pol\u00edticos de \u201clo popular\u201d&#8230;los populismos y la\/s violencia\/s. Aproximaciones a una lucha conceptualen Argentina y Colombia"},"content":{"rendered":"\n<p> La  presente  ponencia  se  propone  reconstruir algunos  aspectos  centrales  de  las  diputas pol\u00edtico-intelectuales por  definir \u201clo  popular\u201denColombia  y  Argentinadurante  la segunda  mitad  del  siglo  XX. <\/p>\n\n\n\n<!--more-->\n\n\n\n<p>Argumentamos  que a  partir  y  en dichas disputas se constituyeron dos  lenguajes  pol\u00edticos  que especialmente  hacia  los  a\u00f1os  ochentahegemonizaron el debatep\u00fablico en ambos pa\u00edses,\u201cel populismo\u201den Argentinay \u201cla\/s Violencia\/s\u201den  Colombia;en  ellos  jugaron  un  rol  central  las  re-construccionessobre los significantes \u201c17 de octubre, Per\u00f3n, peronismo\u201d y \u201c9 de abril, Gait\u00e1n, gaitanismo\u201d respectivamente.    <\/p>\n\n\n\n<div class=\"wp-block-button aligncenter\"><a class=\"wp-block-button__link has-background has-vivid-cyan-blue-background-color\" href=\"https:\/\/alacip.org\/cong13\/263-magrini-7c.pdf\">Descargar Archivo<\/a><\/div>\n","protected":false},"featured_media":0,"template":"","meta":{"_genesis_hide_title":false,"_genesis_hide_breadcrumbs":false,"_genesis_hide_singular_image":false,"_genesis_hide_footer_widgets":false,"_genesis_custom_body_class":"","_genesis_custom_post_class":"","_genesis_layout":""},"filtro":[105],"anocongresso":[140],"conginstituicion":[438,401],"areatema":[157],"class_list":{"0":"post-33041","1":"todasponencias","2":"type-todasponencias","3":"status-publish","5":"filtro-argentina","6":"anocongresso-140","7":"conginstituicion-conicet","8":"conginstituicion-universidad-nacional-de-quilmes","9":"areatema-teorpolfil","10":"entry"},"_links":{"self":[{"href":"https:\/\/alacip.org\/index.php?rest_route=\/wp\/v2\/todasponencias\/33041","targetHints":{"allow":["GET"]}}],"collection":[{"href":"https:\/\/alacip.org\/index.php?rest_route=\/wp\/v2\/todasponencias"}],"about":[{"href":"https:\/\/alacip.org\/index.php?rest_route=\/wp\/v2\/types\/todasponencias"}],"wp:attachment":[{"href":"https:\/\/alacip.org\/index.php?rest_route=%2Fwp%2Fv2%2Fmedia&parent=33041"}],"wp:term":[{"taxonomy":"filtro","embeddable":true,"href":"https:\/\/alacip.org\/index.php?rest_route=%2Fwp%2Fv2%2Ffiltro&post=33041"},{"taxonomy":"anocongresso","embeddable":true,"href":"https:\/\/alacip.org\/index.php?rest_route=%2Fwp%2Fv2%2Fanocongresso&post=33041"},{"taxonomy":"conginstituicion","embeddable":true,"href":"https:\/\/alacip.org\/index.php?rest_route=%2Fwp%2Fv2%2Fconginstituicion&post=33041"},{"taxonomy":"areatema","embeddable":true,"href":"https:\/\/alacip.org\/index.php?rest_route=%2Fwp%2Fv2%2Fareatema&post=33041"}],"curies":[{"name":"wp","href":"https:\/\/api.w.org\/{rel}","templated":true}]}}

Lenguajes políticos de “lo popular”&#8230;los populismos y la/s violencia/s. Aproximaciones a una lucha conceptualen Argentina y Colombia

<p> La  presente  ponencia  se  propone  reconstruir algunos  aspectos  centrales  de  las  diputas político-intelectuales por  definir “lo  popular”enColombia  y  Argentinadurante  la segunda  mitad  del  siglo  XX. </p>



<!--more-->



<p>Argumentamos  que a  partir  y  en dichas disputas se constituyeron dos  lenguajes  políticos  que especialmente  hacia  los  años  ochentahegemonizaron el debatepúblico en ambos países,“el populismo”en Argentinay “la/s Violencia/s”en  Colombia;en  ellos  jugaron  un  rol  central  las  re-construccionessobre los significantes “17 de octubre, Perón, peronismo” y “9 de abril, Gaitán, gaitanismo” respectivamente.    </p>



<div class="wp-block-button aligncenter"><a class="wp-block-button__link has-background has-vivid-cyan-blue-background-color" href="https://alacip.org/cong13/263-magrini-7c.pdf">Descargar Archivo</a></div>
