{"id":33043,"date":"2020-01-22T20:33:15","date_gmt":"2020-01-22T23:33:15","guid":{"rendered":"https:\/\/alacip.org\/?post_type=todasponencias&#038;p=33043"},"modified":"2020-01-24T22:30:20","modified_gmt":"2020-01-25T01:30:20","slug":"do-patrimonialismo-ao-gerencialismo-brasileira","status":"publish","type":"todasponencias","link":"https:\/\/alacip.org\/?todasponencias=do-patrimonialismo-ao-gerencialismo-brasileira","title":{"rendered":"Do patrimonialismo ao gerencialismo: caracter\u00edsticas, avan\u00e7os e retrocessos da administra\u00e7\u00e3o p\u00fablica brasileira"},"content":{"rendered":"\n<p>O   trabalho   pretende   analisar   a   poss\u00edvel   coexist\u00eancia   dos   tr\u00eas   modelos   \u00abte\u00f3ricos\u00bb   de administra\u00e7\u00e3o p\u00fablica no Brasil (patrimonialista, burocr\u00e1tico e gerencialista). Neste contexto vale levar em considera\u00e7\u00e3o os avan\u00e7os e retrocessos que houveram no \u00e2mbito da reforma de Estado  alavancada  em  grande  parte  a  partir  do  per\u00edodo  de  governo  de  Fernando  Henrique Cardoso. <\/p>\n\n\n\n<!--more-->\n\n\n\n<div class=\"wp-block-button aligncenter\"><a class=\"wp-block-button__link has-background has-vivid-cyan-blue-background-color\" href=\"https:\/\/alacip.org\/cong13\/266-setti-7c.pdf\">Descargar Archivo<\/a><\/div>\n","protected":false},"featured_media":0,"template":"","meta":{"_genesis_hide_title":false,"_genesis_hide_breadcrumbs":false,"_genesis_hide_singular_image":false,"_genesis_hide_footer_widgets":false,"_genesis_custom_body_class":"","_genesis_custom_post_class":"","_genesis_layout":""},"filtro":[102],"anocongresso":[140],"conginstituicion":[444],"areatema":[158],"class_list":{"0":"post-33043","1":"todasponencias","2":"type-todasponencias","3":"status-publish","5":"filtro-brasil","6":"anocongresso-140","7":"conginstituicion-universidade-federal-de-alagoas","8":"areatema-admpulpo","9":"entry"},"_links":{"self":[{"href":"https:\/\/alacip.org\/index.php?rest_route=\/wp\/v2\/todasponencias\/33043","targetHints":{"allow":["GET"]}}],"collection":[{"href":"https:\/\/alacip.org\/index.php?rest_route=\/wp\/v2\/todasponencias"}],"about":[{"href":"https:\/\/alacip.org\/index.php?rest_route=\/wp\/v2\/types\/todasponencias"}],"wp:attachment":[{"href":"https:\/\/alacip.org\/index.php?rest_route=%2Fwp%2Fv2%2Fmedia&parent=33043"}],"wp:term":[{"taxonomy":"filtro","embeddable":true,"href":"https:\/\/alacip.org\/index.php?rest_route=%2Fwp%2Fv2%2Ffiltro&post=33043"},{"taxonomy":"anocongresso","embeddable":true,"href":"https:\/\/alacip.org\/index.php?rest_route=%2Fwp%2Fv2%2Fanocongresso&post=33043"},{"taxonomy":"conginstituicion","embeddable":true,"href":"https:\/\/alacip.org\/index.php?rest_route=%2Fwp%2Fv2%2Fconginstituicion&post=33043"},{"taxonomy":"areatema","embeddable":true,"href":"https:\/\/alacip.org\/index.php?rest_route=%2Fwp%2Fv2%2Fareatema&post=33043"}],"curies":[{"name":"wp","href":"https:\/\/api.w.org\/{rel}","templated":true}]}}

Do patrimonialismo ao gerencialismo: características, avanços e retrocessos da administração pública brasileira

<p>O   trabalho   pretende   analisar   a   possível   coexistência   dos   três   modelos   «teóricos»   de administração pública no Brasil (patrimonialista, burocrático e gerencialista). Neste contexto vale levar em consideração os avanços e retrocessos que houveram no âmbito da reforma de Estado  alavancada  em  grande  parte  a  partir  do  período  de  governo  de  Fernando  Henrique Cardoso. </p>



<!--more-->



<div class="wp-block-button aligncenter"><a class="wp-block-button__link has-background has-vivid-cyan-blue-background-color" href="https://alacip.org/cong13/266-setti-7c.pdf">Descargar Archivo</a></div>
