{"id":33044,"date":"2020-01-22T20:39:14","date_gmt":"2020-01-22T23:39:14","guid":{"rendered":"https:\/\/alacip.org\/?post_type=todasponencias&#038;p=33044"},"modified":"2020-01-24T22:29:57","modified_gmt":"2020-01-25T01:29:57","slug":"inovacoes-no-processo-de-gestao-publica-no-brasil","status":"publish","type":"todasponencias","link":"https:\/\/alacip.org\/?todasponencias=inovacoes-no-processo-de-gestao-publica-no-brasil","title":{"rendered":"Inova\u00e7\u00f5es no processo de gest\u00e3o p\u00fablica no Brasil: experi\u00eancias de participa\u00e7\u00e3o social no planejamento municipal: o caso do or\u00e7amento participativo"},"content":{"rendered":"\n<p> Os  or\u00e7amentos  participativos  derivam  de  escolhas  pol\u00edticas dos  diferentes  governos  municipais  disseminando-se  num  contexto  em  que  o poder  local  tornou-se  um  dos  focos  privilegiados  para  a  participa\u00e7\u00e3o  popular  no planejamento  do  munic\u00edpio.   <\/p>\n\n\n\n<!--more-->\n\n\n\n<p>O  estudo  analisou  se  a  implementa\u00e7\u00e3o  de  pol\u00edticas participativas  na  esfera  local  dos  munic\u00edpios  analisados  expressou-se  como  uma ferramenta para  a solu\u00e7\u00e3o dos problemas hist\u00f3ricos de distribui\u00e7\u00e3o de renda e de acesso da popula\u00e7\u00e3o aos bens, servi\u00e7os e equipamentos urbanos. <\/p>\n\n\n\n<div class=\"wp-block-button aligncenter\"><a class=\"wp-block-button__link has-background has-vivid-cyan-blue-background-color\" href=\"https:\/\/alacip.org\/cong13\/268-antunes-7c.pdf\">Descargar Archivo<\/a><\/div>\n","protected":false},"featured_media":0,"template":"","meta":{"_genesis_hide_title":false,"_genesis_hide_breadcrumbs":false,"_genesis_hide_singular_image":false,"_genesis_hide_footer_widgets":false,"_genesis_custom_body_class":"","_genesis_custom_post_class":"","_genesis_layout":""},"filtro":[102],"anocongresso":[140],"conginstituicion":[321,231],"areatema":[158],"class_list":{"0":"post-33044","1":"todasponencias","2":"type-todasponencias","3":"status-publish","5":"filtro-brasil","6":"anocongresso-140","7":"conginstituicion-ucandido-mendes","8":"conginstituicion-unuff","9":"areatema-admpulpo","10":"entry"},"_links":{"self":[{"href":"https:\/\/alacip.org\/index.php?rest_route=\/wp\/v2\/todasponencias\/33044","targetHints":{"allow":["GET"]}}],"collection":[{"href":"https:\/\/alacip.org\/index.php?rest_route=\/wp\/v2\/todasponencias"}],"about":[{"href":"https:\/\/alacip.org\/index.php?rest_route=\/wp\/v2\/types\/todasponencias"}],"wp:attachment":[{"href":"https:\/\/alacip.org\/index.php?rest_route=%2Fwp%2Fv2%2Fmedia&parent=33044"}],"wp:term":[{"taxonomy":"filtro","embeddable":true,"href":"https:\/\/alacip.org\/index.php?rest_route=%2Fwp%2Fv2%2Ffiltro&post=33044"},{"taxonomy":"anocongresso","embeddable":true,"href":"https:\/\/alacip.org\/index.php?rest_route=%2Fwp%2Fv2%2Fanocongresso&post=33044"},{"taxonomy":"conginstituicion","embeddable":true,"href":"https:\/\/alacip.org\/index.php?rest_route=%2Fwp%2Fv2%2Fconginstituicion&post=33044"},{"taxonomy":"areatema","embeddable":true,"href":"https:\/\/alacip.org\/index.php?rest_route=%2Fwp%2Fv2%2Fareatema&post=33044"}],"curies":[{"name":"wp","href":"https:\/\/api.w.org\/{rel}","templated":true}]}}

Inovações no processo de gestão pública no Brasil: experiências de participação social no planejamento municipal: o caso do orçamento participativo

<p> Os  orçamentos  participativos  derivam  de  escolhas  políticas dos  diferentes  governos  municipais  disseminando-se  num  contexto  em  que  o poder  local  tornou-se  um  dos  focos  privilegiados  para  a  participação  popular  no planejamento  do  município.   </p>



<!--more-->



<p>O  estudo  analisou  se  a  implementação  de  políticas participativas  na  esfera  local  dos  municípios  analisados  expressou-se  como  uma ferramenta para  a solução dos problemas históricos de distribuição de renda e de acesso da população aos bens, serviços e equipamentos urbanos. </p>



<div class="wp-block-button aligncenter"><a class="wp-block-button__link has-background has-vivid-cyan-blue-background-color" href="https://alacip.org/cong13/268-antunes-7c.pdf">Descargar Archivo</a></div>
