{"id":33045,"date":"2020-01-22T20:43:01","date_gmt":"2020-01-22T23:43:01","guid":{"rendered":"https:\/\/alacip.org\/?post_type=todasponencias&#038;p=33045"},"modified":"2020-02-07T17:58:17","modified_gmt":"2020-02-07T20:58:17","slug":"la-crisis-de-la-cooperacion-la-gran","status":"publish","type":"todasponencias","link":"https:\/\/alacip.org\/?todasponencias=la-crisis-de-la-cooperacion-la-gran","title":{"rendered":"La crisis de la cooperaci\u00f3n: La gran oportunidad para Am\u00e9rica Latina"},"content":{"rendered":"\n<p>La  Cooperaci\u00f3n  Internacional  al  Desarrollo  est\u00e1  en  un  punto  de  inflexi\u00f3n  por  varios factores:  La  reformulaci\u00f3n  de  la  agenda  de  la  ayuda  y  la  crisis  econ\u00f3mica  internacional. Ambos  elementos  han  hecho  que  Am\u00e9rica  Latina  y  el  Caribe  hayan  sido  desplazados  de dicha agenda  y hayan sido puestos en riesgo sus avances  y  recursos  en pro del desarrollo. <\/p>\n\n\n\n<!--more-->\n\n\n\n<div class=\"wp-block-button aligncenter\"><a class=\"wp-block-button__link has-background has-vivid-cyan-blue-background-color\" href=\"https:\/\/alacip.org\/cong13\/270-herrera-7c.pdf\">Descargar Archivo<\/a><\/div>\n","protected":false},"featured_media":0,"template":"","meta":{"_genesis_hide_title":false,"_genesis_hide_breadcrumbs":false,"_genesis_hide_singular_image":false,"_genesis_hide_footer_widgets":false,"_genesis_custom_body_class":"","_genesis_custom_post_class":"","_genesis_layout":""},"filtro":[109],"anocongresso":[140],"conginstituicion":[229],"areatema":[160],"class_list":{"0":"post-33045","1":"todasponencias","2":"type-todasponencias","3":"status-publish","5":"filtro-colombia","6":"anocongresso-140","7":"conginstituicion-uncolombia","8":"areatema-relaciones-internacionales","9":"entry"},"_links":{"self":[{"href":"https:\/\/alacip.org\/index.php?rest_route=\/wp\/v2\/todasponencias\/33045","targetHints":{"allow":["GET"]}}],"collection":[{"href":"https:\/\/alacip.org\/index.php?rest_route=\/wp\/v2\/todasponencias"}],"about":[{"href":"https:\/\/alacip.org\/index.php?rest_route=\/wp\/v2\/types\/todasponencias"}],"wp:attachment":[{"href":"https:\/\/alacip.org\/index.php?rest_route=%2Fwp%2Fv2%2Fmedia&parent=33045"}],"wp:term":[{"taxonomy":"filtro","embeddable":true,"href":"https:\/\/alacip.org\/index.php?rest_route=%2Fwp%2Fv2%2Ffiltro&post=33045"},{"taxonomy":"anocongresso","embeddable":true,"href":"https:\/\/alacip.org\/index.php?rest_route=%2Fwp%2Fv2%2Fanocongresso&post=33045"},{"taxonomy":"conginstituicion","embeddable":true,"href":"https:\/\/alacip.org\/index.php?rest_route=%2Fwp%2Fv2%2Fconginstituicion&post=33045"},{"taxonomy":"areatema","embeddable":true,"href":"https:\/\/alacip.org\/index.php?rest_route=%2Fwp%2Fv2%2Fareatema&post=33045"}],"curies":[{"name":"wp","href":"https:\/\/api.w.org\/{rel}","templated":true}]}}

La crisis de la cooperación: La gran oportunidad para América Latina

<p>La  Cooperación  Internacional  al  Desarrollo  está  en  un  punto  de  inflexión  por  varios factores:  La  reformulación  de  la  agenda  de  la  ayuda  y  la  crisis  económica  internacional. Ambos  elementos  han  hecho  que  América  Latina  y  el  Caribe  hayan  sido  desplazados  de dicha agenda  y hayan sido puestos en riesgo sus avances  y  recursos  en pro del desarrollo. </p>



<!--more-->



<div class="wp-block-button aligncenter"><a class="wp-block-button__link has-background has-vivid-cyan-blue-background-color" href="https://alacip.org/cong13/270-herrera-7c.pdf">Descargar Archivo</a></div>
