{"id":33051,"date":"2020-01-22T21:11:27","date_gmt":"2020-01-23T00:11:27","guid":{"rendered":"https:\/\/alacip.org\/?post_type=todasponencias&#038;p=33051"},"modified":"2020-02-07T17:56:32","modified_gmt":"2020-02-07T20:56:32","slug":"o-processo-de-paz-colombiano","status":"publish","type":"todasponencias","link":"https:\/\/alacip.org\/?todasponencias=o-processo-de-paz-colombiano","title":{"rendered":"O Processo de Paz colombiano e a gera\u00e7\u00e3o de seguran\u00e7a humana: uma an\u00e1lise com base nos movimentos de baixo para cima durante o Governo Pastrana"},"content":{"rendered":"\n<p>No  fim  do  s\u00e9culo  XX,  com  o  t\u00e9rmino  da Guerra  Fria  e  predomin\u00e2ncia  de  conflitos intraestatais, ocorre o surgimento de novas teorias na \u00e1rea da Seguran\u00e7a Internacional, como a da Seguran\u00e7a Humana.<\/p>\n\n\n\n<!--more-->\n\n\n\n<p>Essa teoria se preocupa  n\u00e3o s\u00f3 com aspectos tradicionais, militares e de  defesa  nacional,  mas principalmente  com  o  indiv\u00edduo  e  com  as  quest\u00f5es  que  podemamea\u00e7ar   a   sua   seguran\u00e7a,limitando   suas   capacidades   de   pleno   desenvolvimento \u2013intrinsecamente ligadas ao conceito de emancipa\u00e7\u00e3o social.  <\/p>\n\n\n\n<div class=\"wp-block-button aligncenter\"><a class=\"wp-block-button__link has-background has-vivid-cyan-blue-background-color\" href=\"https:\/\/alacip.org\/cong13\/286-bezerra-7c.pdf\">Descargar Archivo<\/a><\/div>\n","protected":false},"featured_media":0,"template":"","meta":{"_genesis_hide_title":false,"_genesis_hide_breadcrumbs":false,"_genesis_hide_singular_image":false,"_genesis_hide_footer_widgets":false,"_genesis_custom_body_class":"","_genesis_custom_post_class":"","_genesis_layout":""},"filtro":[102],"anocongresso":[140],"conginstituicion":[446],"areatema":[160],"class_list":{"0":"post-33051","1":"todasponencias","2":"type-todasponencias","3":"status-publish","5":"filtro-brasil","6":"anocongresso-140","7":"conginstituicion-universidade-estadual-da-paraiba-uepb","8":"areatema-relaciones-internacionales","9":"entry"},"_links":{"self":[{"href":"https:\/\/alacip.org\/index.php?rest_route=\/wp\/v2\/todasponencias\/33051","targetHints":{"allow":["GET"]}}],"collection":[{"href":"https:\/\/alacip.org\/index.php?rest_route=\/wp\/v2\/todasponencias"}],"about":[{"href":"https:\/\/alacip.org\/index.php?rest_route=\/wp\/v2\/types\/todasponencias"}],"wp:attachment":[{"href":"https:\/\/alacip.org\/index.php?rest_route=%2Fwp%2Fv2%2Fmedia&parent=33051"}],"wp:term":[{"taxonomy":"filtro","embeddable":true,"href":"https:\/\/alacip.org\/index.php?rest_route=%2Fwp%2Fv2%2Ffiltro&post=33051"},{"taxonomy":"anocongresso","embeddable":true,"href":"https:\/\/alacip.org\/index.php?rest_route=%2Fwp%2Fv2%2Fanocongresso&post=33051"},{"taxonomy":"conginstituicion","embeddable":true,"href":"https:\/\/alacip.org\/index.php?rest_route=%2Fwp%2Fv2%2Fconginstituicion&post=33051"},{"taxonomy":"areatema","embeddable":true,"href":"https:\/\/alacip.org\/index.php?rest_route=%2Fwp%2Fv2%2Fareatema&post=33051"}],"curies":[{"name":"wp","href":"https:\/\/api.w.org\/{rel}","templated":true}]}}

O Processo de Paz colombiano e a geração de segurança humana: uma análise com base nos movimentos de baixo para cima durante o Governo Pastrana

<p>No  fim  do  século  XX,  com  o  término  da Guerra  Fria  e  predominância  de  conflitos intraestatais, ocorre o surgimento de novas teorias na área da Segurança Internacional, como a da Segurança Humana.</p>



<!--more-->



<p>Essa teoria se preocupa  não só com aspectos tradicionais, militares e de  defesa  nacional,  mas principalmente  com  o  indivíduo  e  com  as  questões  que  podemameaçar   a   sua   segurança,limitando   suas   capacidades   de   pleno   desenvolvimento –intrinsecamente ligadas ao conceito de emancipação social.  </p>



<div class="wp-block-button aligncenter"><a class="wp-block-button__link has-background has-vivid-cyan-blue-background-color" href="https://alacip.org/cong13/286-bezerra-7c.pdf">Descargar Archivo</a></div>
