{"id":33052,"date":"2020-01-22T21:18:44","date_gmt":"2020-01-23T00:18:44","guid":{"rendered":"https:\/\/alacip.org\/?post_type=todasponencias&#038;p=33052"},"modified":"2020-02-07T21:41:29","modified_gmt":"2020-02-08T00:41:29","slug":"populismo-democracia-e-inclusion-repensando","status":"publish","type":"todasponencias","link":"https:\/\/alacip.org\/?todasponencias=populismo-democracia-e-inclusion-repensando","title":{"rendered":"Populismo,  democracia  e  inclusi\u00f3n.  Repensando  los  sentidos  de  la  emancipaci\u00f3n  en Am\u00e9rica Latina hoy"},"content":{"rendered":"\n<p> Este  trabajo  se  propone  repensar  la  relaci\u00f3n  entre populismo  y  democracia  desde  una perspectiva que no los asuma como din\u00e1micas pol\u00edticas contrapuestas. Para ello, repasaremos las  discusiones  actuales  sobre  el  populismo,  sintetizando  los  argumentos  sobre  los  que  se sostiene   dicho   antagonismo.   <\/p>\n\n\n\n<!--more-->\n\n\n\n<div class=\"wp-block-button aligncenter\"><a class=\"wp-block-button__link has-background has-vivid-cyan-blue-background-color\" href=\"https:\/\/alacip.org\/cong13\/287-reano-7c.pdf\">Descargar Archivo<\/a><\/div>\n","protected":false},"featured_media":0,"template":"","meta":{"_genesis_hide_title":false,"_genesis_hide_breadcrumbs":false,"_genesis_hide_singular_image":false,"_genesis_hide_footer_widgets":false,"_genesis_custom_body_class":"","_genesis_custom_post_class":"","_genesis_layout":""},"filtro":[105],"anocongresso":[140],"conginstituicion":[438,447],"areatema":[157],"class_list":{"0":"post-33052","1":"todasponencias","2":"type-todasponencias","3":"status-publish","5":"filtro-argentina","6":"anocongresso-140","7":"conginstituicion-conicet","8":"conginstituicion-universidad-nacional-de-general-sarmiento-ungs","9":"areatema-teorpolfil","10":"entry"},"_links":{"self":[{"href":"https:\/\/alacip.org\/index.php?rest_route=\/wp\/v2\/todasponencias\/33052","targetHints":{"allow":["GET"]}}],"collection":[{"href":"https:\/\/alacip.org\/index.php?rest_route=\/wp\/v2\/todasponencias"}],"about":[{"href":"https:\/\/alacip.org\/index.php?rest_route=\/wp\/v2\/types\/todasponencias"}],"wp:attachment":[{"href":"https:\/\/alacip.org\/index.php?rest_route=%2Fwp%2Fv2%2Fmedia&parent=33052"}],"wp:term":[{"taxonomy":"filtro","embeddable":true,"href":"https:\/\/alacip.org\/index.php?rest_route=%2Fwp%2Fv2%2Ffiltro&post=33052"},{"taxonomy":"anocongresso","embeddable":true,"href":"https:\/\/alacip.org\/index.php?rest_route=%2Fwp%2Fv2%2Fanocongresso&post=33052"},{"taxonomy":"conginstituicion","embeddable":true,"href":"https:\/\/alacip.org\/index.php?rest_route=%2Fwp%2Fv2%2Fconginstituicion&post=33052"},{"taxonomy":"areatema","embeddable":true,"href":"https:\/\/alacip.org\/index.php?rest_route=%2Fwp%2Fv2%2Fareatema&post=33052"}],"curies":[{"name":"wp","href":"https:\/\/api.w.org\/{rel}","templated":true}]}}

Populismo,  democracia  e  inclusión.  Repensando  los  sentidos  de  la  emancipación  en América Latina hoy

<p> Este  trabajo  se  propone  repensar  la  relación  entre populismo  y  democracia  desde  una perspectiva que no los asuma como dinámicas políticas contrapuestas. Para ello, repasaremos las  discusiones  actuales  sobre  el  populismo,  sintetizando  los  argumentos  sobre  los  que  se sostiene   dicho   antagonismo.   </p>



<!--more-->



<div class="wp-block-button aligncenter"><a class="wp-block-button__link has-background has-vivid-cyan-blue-background-color" href="https://alacip.org/cong13/287-reano-7c.pdf">Descargar Archivo</a></div>
