{"id":33055,"date":"2020-01-22T21:25:46","date_gmt":"2020-01-23T00:25:46","guid":{"rendered":"https:\/\/alacip.org\/?post_type=todasponencias&#038;p=33055"},"modified":"2020-01-24T22:28:55","modified_gmt":"2020-01-25T01:28:55","slug":"la-ciencia-politica-colombiana-en-la-encrucijada","status":"publish","type":"todasponencias","link":"https:\/\/alacip.org\/?todasponencias=la-ciencia-politica-colombiana-en-la-encrucijada","title":{"rendered":"La ciencia pol\u00edtica colombiana, en la encrucijada del positivismo y la filosofia pol\u00edtica"},"content":{"rendered":"\n<p>En el trabajotitulado \u201cla ciencia pol\u00edtica colombiana, en la encrucijada del positivismo y la filosof\u00eda pol\u00edtica\u201d, se indaga por el enfrentamiento no superado en la academia colombiana respecto  a  la  lucha  epistemol\u00f3gica  que  se  desarroll\u00f3  en  d\u00e9cadas  pasadas  en  el  contexto norteamericano entre el conductismo y la filosof\u00eda pol\u00edtica, situaci\u00f3n que se relaciona con el \u00e9nfasis interdisciplinar que acoger\u00e1 la ciencia pol\u00edtica que se desarrolla en Colombia, tal y como  se  rastrea  en  los  curr\u00edculos  y  el  personal  docente  que  imparte  la  ense\u00f1anza  de  la disciplina en este pa\u00eds suramericano. <\/p>\n\n\n\n<!--more-->\n\n\n\n<div class=\"wp-block-button aligncenter\"><a class=\"wp-block-button__link has-background has-vivid-cyan-blue-background-color\" href=\"https:\/\/alacip.org\/cong13\/289-campo-b-7c.pdf\">Descargar Archivo<\/a><\/div>\n","protected":false},"featured_media":0,"template":"","meta":{"_genesis_hide_title":false,"_genesis_hide_breadcrumbs":false,"_genesis_hide_singular_image":false,"_genesis_hide_footer_widgets":false,"_genesis_custom_body_class":"","_genesis_custom_post_class":"","_genesis_layout":""},"filtro":[109],"anocongresso":[140],"conginstituicion":[169],"areatema":[157],"class_list":{"0":"post-33055","1":"todasponencias","2":"type-todasponencias","3":"status-publish","5":"filtro-colombia","6":"anocongresso-140","7":"conginstituicion-universidad-del-cauca","8":"areatema-teorpolfil","9":"entry"},"_links":{"self":[{"href":"https:\/\/alacip.org\/index.php?rest_route=\/wp\/v2\/todasponencias\/33055","targetHints":{"allow":["GET"]}}],"collection":[{"href":"https:\/\/alacip.org\/index.php?rest_route=\/wp\/v2\/todasponencias"}],"about":[{"href":"https:\/\/alacip.org\/index.php?rest_route=\/wp\/v2\/types\/todasponencias"}],"wp:attachment":[{"href":"https:\/\/alacip.org\/index.php?rest_route=%2Fwp%2Fv2%2Fmedia&parent=33055"}],"wp:term":[{"taxonomy":"filtro","embeddable":true,"href":"https:\/\/alacip.org\/index.php?rest_route=%2Fwp%2Fv2%2Ffiltro&post=33055"},{"taxonomy":"anocongresso","embeddable":true,"href":"https:\/\/alacip.org\/index.php?rest_route=%2Fwp%2Fv2%2Fanocongresso&post=33055"},{"taxonomy":"conginstituicion","embeddable":true,"href":"https:\/\/alacip.org\/index.php?rest_route=%2Fwp%2Fv2%2Fconginstituicion&post=33055"},{"taxonomy":"areatema","embeddable":true,"href":"https:\/\/alacip.org\/index.php?rest_route=%2Fwp%2Fv2%2Fareatema&post=33055"}],"curies":[{"name":"wp","href":"https:\/\/api.w.org\/{rel}","templated":true}]}}

La ciencia política colombiana, en la encrucijada del positivismo y la filosofia política

<p>En el trabajotitulado “la ciencia política colombiana, en la encrucijada del positivismo y la filosofía política”, se indaga por el enfrentamiento no superado en la academia colombiana respecto  a  la  lucha  epistemológica  que  se  desarrolló  en  décadas  pasadas  en  el  contexto norteamericano entre el conductismo y la filosofía política, situación que se relaciona con el énfasis interdisciplinar que acogerá la ciencia política que se desarrolla en Colombia, tal y como  se  rastrea  en  los  currículos  y  el  personal  docente  que  imparte  la  enseñanza  de  la disciplina en este país suramericano. </p>



<!--more-->



<div class="wp-block-button aligncenter"><a class="wp-block-button__link has-background has-vivid-cyan-blue-background-color" href="https://alacip.org/cong13/289-campo-b-7c.pdf">Descargar Archivo</a></div>
