{"id":33058,"date":"2020-01-22T22:00:54","date_gmt":"2020-01-23T01:00:54","guid":{"rendered":"https:\/\/alacip.org\/?post_type=todasponencias&#038;p=33058"},"modified":"2020-01-24T22:28:35","modified_gmt":"2020-01-25T01:28:35","slug":"conflictos-sociales-en-torno-a-la-mineria","status":"publish","type":"todasponencias","link":"https:\/\/alacip.org\/?todasponencias=conflictos-sociales-en-torno-a-la-mineria","title":{"rendered":"Conflictos sociales en torno a la miner\u00eda: din\u00e1micas y retos en tres pa\u00edses andinos &#8211; Bolivia, Colombia y Ecuador"},"content":{"rendered":"\n<p>El objetivo principal de la ponencia es examinar como los distintos movimientos sociales contra la miner\u00edase  han  organizado  desde  mediados  de  los  2000.  En  Bolivia,  Ecuador  y  Colombia,  cu\u00e1les  han  sido  los objetivos  y  discursos  de  estos  actores?  Y  como  su  trayectoria  cambia  de   acuerdo  al  contexto  de movilizaci\u00f3n?    <\/p>\n\n\n\n<!--more-->\n\n\n\n<div class=\"wp-block-button aligncenter\"><a class=\"wp-block-button__link has-background has-vivid-cyan-blue-background-color\" href=\"https:\/\/alacip.org\/cong13\/294-massal-7c.pdf\">Descargar Archivo<\/a><\/div>\n","protected":false},"featured_media":0,"template":"","meta":{"_genesis_hide_title":false,"_genesis_hide_breadcrumbs":false,"_genesis_hide_singular_image":false,"_genesis_hide_footer_widgets":false,"_genesis_custom_body_class":"","_genesis_custom_post_class":"","_genesis_layout":""},"filtro":[109],"anocongresso":[140],"conginstituicion":[452],"areatema":[391],"class_list":{"0":"post-33058","1":"todasponencias","2":"type-todasponencias","3":"status-publish","5":"filtro-colombia","6":"anocongresso-140","7":"conginstituicion-iepri-instituto-de-estudios-politicos-y-relaciones-internacionales","8":"areatema-politica-comparada","9":"entry"},"_links":{"self":[{"href":"https:\/\/alacip.org\/index.php?rest_route=\/wp\/v2\/todasponencias\/33058","targetHints":{"allow":["GET"]}}],"collection":[{"href":"https:\/\/alacip.org\/index.php?rest_route=\/wp\/v2\/todasponencias"}],"about":[{"href":"https:\/\/alacip.org\/index.php?rest_route=\/wp\/v2\/types\/todasponencias"}],"wp:attachment":[{"href":"https:\/\/alacip.org\/index.php?rest_route=%2Fwp%2Fv2%2Fmedia&parent=33058"}],"wp:term":[{"taxonomy":"filtro","embeddable":true,"href":"https:\/\/alacip.org\/index.php?rest_route=%2Fwp%2Fv2%2Ffiltro&post=33058"},{"taxonomy":"anocongresso","embeddable":true,"href":"https:\/\/alacip.org\/index.php?rest_route=%2Fwp%2Fv2%2Fanocongresso&post=33058"},{"taxonomy":"conginstituicion","embeddable":true,"href":"https:\/\/alacip.org\/index.php?rest_route=%2Fwp%2Fv2%2Fconginstituicion&post=33058"},{"taxonomy":"areatema","embeddable":true,"href":"https:\/\/alacip.org\/index.php?rest_route=%2Fwp%2Fv2%2Fareatema&post=33058"}],"curies":[{"name":"wp","href":"https:\/\/api.w.org\/{rel}","templated":true}]}}

Conflictos sociales en torno a la minería: dinámicas y retos en tres países andinos &#8211; Bolivia, Colombia y Ecuador

<p>El objetivo principal de la ponencia es examinar como los distintos movimientos sociales contra la mineríase  han  organizado  desde  mediados  de  los  2000.  En  Bolivia,  Ecuador  y  Colombia,  cuáles  han  sido  los objetivos  y  discursos  de  estos  actores?  Y  como  su  trayectoria  cambia  de   acuerdo  al  contexto  de movilización?    </p>



<!--more-->



<div class="wp-block-button aligncenter"><a class="wp-block-button__link has-background has-vivid-cyan-blue-background-color" href="https://alacip.org/cong13/294-massal-7c.pdf">Descargar Archivo</a></div>
