{"id":33059,"date":"2020-01-22T22:04:03","date_gmt":"2020-01-23T01:04:03","guid":{"rendered":"https:\/\/alacip.org\/?post_type=todasponencias&#038;p=33059"},"modified":"2020-01-24T22:28:30","modified_gmt":"2020-01-25T01:28:30","slug":"el-maquiavelismo-de-la-politica-exterior","status":"publish","type":"todasponencias","link":"https:\/\/alacip.org\/?todasponencias=el-maquiavelismo-de-la-politica-exterior","title":{"rendered":"El maquiavelismo de la pol\u00edtica exterior de Brasil en el siglo XXI"},"content":{"rendered":"\n<p> A principios del siglo XXI la imagen del Brasil se proyecta en el \u00e1mbito internacional a trav\u00e9s  de  los  elementos  estrat\u00e9gicos  y  diplom\u00e1ticos  m\u00e1s  pragm\u00e1ticos.  Varios  objetivos se relacionan directamente con la idea de ganar, querer y mantener el poder, como, por ejemplo,  usar  la  pol\u00edtica  exterior  del  pa\u00eds  como  un  mecanismo  de  desarrollo  socio-econ\u00f3mico,   priorizar   las   relaciones   con   los   pa\u00edses   del   Mercosur,   fortalecer   el multilateralismo  en  cuanto  a  la  creaci\u00f3n  de  nuevas  coaliciones,  fortalecer  el  aspecto pol\u00edtico  brasile\u00f1o  en  el  orden  mundial,  etc. <\/p>\n\n\n\n<!--more-->\n\n\n\n<div class=\"wp-block-button aligncenter\"><a class=\"wp-block-button__link has-background has-vivid-cyan-blue-background-color\" href=\"https:\/\/alacip.org\/cong13\/295-dasilva-7c.pdf\">Descargar Archivo<\/a><\/div>\n","protected":false},"featured_media":0,"template":"","meta":{"_genesis_hide_title":false,"_genesis_hide_breadcrumbs":false,"_genesis_hide_singular_image":false,"_genesis_hide_footer_widgets":false,"_genesis_custom_body_class":"","_genesis_custom_post_class":"","_genesis_layout":""},"filtro":[102],"anocongresso":[140],"conginstituicion":[283],"areatema":[160],"class_list":{"0":"post-33059","1":"todasponencias","2":"type-todasponencias","3":"status-publish","5":"filtro-brasil","6":"anocongresso-140","7":"conginstituicion-ppgristd","8":"areatema-relaciones-internacionales","9":"entry"},"_links":{"self":[{"href":"https:\/\/alacip.org\/index.php?rest_route=\/wp\/v2\/todasponencias\/33059","targetHints":{"allow":["GET"]}}],"collection":[{"href":"https:\/\/alacip.org\/index.php?rest_route=\/wp\/v2\/todasponencias"}],"about":[{"href":"https:\/\/alacip.org\/index.php?rest_route=\/wp\/v2\/types\/todasponencias"}],"wp:attachment":[{"href":"https:\/\/alacip.org\/index.php?rest_route=%2Fwp%2Fv2%2Fmedia&parent=33059"}],"wp:term":[{"taxonomy":"filtro","embeddable":true,"href":"https:\/\/alacip.org\/index.php?rest_route=%2Fwp%2Fv2%2Ffiltro&post=33059"},{"taxonomy":"anocongresso","embeddable":true,"href":"https:\/\/alacip.org\/index.php?rest_route=%2Fwp%2Fv2%2Fanocongresso&post=33059"},{"taxonomy":"conginstituicion","embeddable":true,"href":"https:\/\/alacip.org\/index.php?rest_route=%2Fwp%2Fv2%2Fconginstituicion&post=33059"},{"taxonomy":"areatema","embeddable":true,"href":"https:\/\/alacip.org\/index.php?rest_route=%2Fwp%2Fv2%2Fareatema&post=33059"}],"curies":[{"name":"wp","href":"https:\/\/api.w.org\/{rel}","templated":true}]}}

El maquiavelismo de la política exterior de Brasil en el siglo XXI

<p> A principios del siglo XXI la imagen del Brasil se proyecta en el ámbito internacional a través  de  los  elementos  estratégicos  y  diplomáticos  más  pragmáticos.  Varios  objetivos se relacionan directamente con la idea de ganar, querer y mantener el poder, como, por ejemplo,  usar  la  política  exterior  del  país  como  un  mecanismo  de  desarrollo  socio-económico,   priorizar   las   relaciones   con   los   países   del   Mercosur,   fortalecer   el multilateralismo  en  cuanto  a  la  creación  de  nuevas  coaliciones,  fortalecer  el  aspecto político  brasileño  en  el  orden  mundial,  etc. </p>



<!--more-->



<div class="wp-block-button aligncenter"><a class="wp-block-button__link has-background has-vivid-cyan-blue-background-color" href="https://alacip.org/cong13/295-dasilva-7c.pdf">Descargar Archivo</a></div>
