{"id":33063,"date":"2020-01-22T22:31:25","date_gmt":"2020-01-23T01:31:25","guid":{"rendered":"https:\/\/alacip.org\/?post_type=todasponencias&#038;p=33063"},"modified":"2020-02-07T17:54:28","modified_gmt":"2020-02-07T20:54:28","slug":"secularizacion-despertar-religiosoy","status":"publish","type":"todasponencias","link":"https:\/\/alacip.org\/?todasponencias=secularizacion-despertar-religiosoy","title":{"rendered":"Secularizaci\u00f3n,    despertar    religioso y expansi\u00f3n    denuevas comunidades de    sentido. El caso colombiano"},"content":{"rendered":"\n<p>Si    entendemos    la    secularizaci\u00f3n    como    un    concepto    multidimensional,    cuyo    aspecto    fundamental    es    la    separaci\u00f3n    y    autonomizaci\u00f3n    de    cada    una    de    las    esferas    institucionales    en    el    seno    de    una    sociedad,    la    secularizaci\u00f3n     no     necesariamente     se     traduce     en     el     decline     o     retroceso     de     la     religi\u00f3n.     <\/p>\n\n\n\n<!--more-->\n\n\n\n<div class=\"wp-block-button aligncenter\"><a class=\"wp-block-button__link has-background has-vivid-cyan-blue-background-color\" href=\"https:\/\/alacip.org\/cong13\/299-beltran-7c.pdf\">Descargar Archivo<\/a><\/div>\n","protected":false},"featured_media":0,"template":"","meta":{"_genesis_hide_title":false,"_genesis_hide_breadcrumbs":false,"_genesis_hide_singular_image":false,"_genesis_hide_footer_widgets":false,"_genesis_custom_body_class":"","_genesis_custom_post_class":"","_genesis_layout":""},"filtro":[109],"anocongresso":[140],"conginstituicion":[153],"areatema":[157],"class_list":{"0":"post-33063","1":"todasponencias","2":"type-todasponencias","3":"status-publish","5":"filtro-colombia","6":"anocongresso-140","7":"conginstituicion-s","8":"areatema-teorpolfil","9":"entry"},"_links":{"self":[{"href":"https:\/\/alacip.org\/index.php?rest_route=\/wp\/v2\/todasponencias\/33063","targetHints":{"allow":["GET"]}}],"collection":[{"href":"https:\/\/alacip.org\/index.php?rest_route=\/wp\/v2\/todasponencias"}],"about":[{"href":"https:\/\/alacip.org\/index.php?rest_route=\/wp\/v2\/types\/todasponencias"}],"wp:attachment":[{"href":"https:\/\/alacip.org\/index.php?rest_route=%2Fwp%2Fv2%2Fmedia&parent=33063"}],"wp:term":[{"taxonomy":"filtro","embeddable":true,"href":"https:\/\/alacip.org\/index.php?rest_route=%2Fwp%2Fv2%2Ffiltro&post=33063"},{"taxonomy":"anocongresso","embeddable":true,"href":"https:\/\/alacip.org\/index.php?rest_route=%2Fwp%2Fv2%2Fanocongresso&post=33063"},{"taxonomy":"conginstituicion","embeddable":true,"href":"https:\/\/alacip.org\/index.php?rest_route=%2Fwp%2Fv2%2Fconginstituicion&post=33063"},{"taxonomy":"areatema","embeddable":true,"href":"https:\/\/alacip.org\/index.php?rest_route=%2Fwp%2Fv2%2Fareatema&post=33063"}],"curies":[{"name":"wp","href":"https:\/\/api.w.org\/{rel}","templated":true}]}}

Secularización,    despertar    religioso y expansión    denuevas comunidades de    sentido. El caso colombiano

<p>Si    entendemos    la    secularización    como    un    concepto    multidimensional,    cuyo    aspecto    fundamental    es    la    separación    y    autonomización    de    cada    una    de    las    esferas    institucionales    en    el    seno    de    una    sociedad,    la    secularización     no     necesariamente     se     traduce     en     el     decline     o     retroceso     de     la     religión.     </p>



<!--more-->



<div class="wp-block-button aligncenter"><a class="wp-block-button__link has-background has-vivid-cyan-blue-background-color" href="https://alacip.org/cong13/299-beltran-7c.pdf">Descargar Archivo</a></div>
