{"id":33068,"date":"2020-01-23T07:59:43","date_gmt":"2020-01-23T10:59:43","guid":{"rendered":"https:\/\/alacip.org\/?post_type=todasponencias&#038;p=33068"},"modified":"2020-01-24T22:26:41","modified_gmt":"2020-01-25T01:26:41","slug":"migracion-y-seguridad-en-los-andesel","status":"publish","type":"todasponencias","link":"https:\/\/alacip.org\/?todasponencias=migracion-y-seguridad-en-los-andesel","title":{"rendered":"Migraci\u00f3n y Seguridad en los Andes. El caso de la migraci\u00f3n de colombianos hacia Ecuador y Venezuela"},"content":{"rendered":"\n<p>Los movimientos migratorios en s\u00ed mismos no son un problema. Han definido la historia de la humanidad y  pueden  considerarse  connaturales  a  la  formaci\u00f3n  de  las  sociedades.  <\/p>\n\n\n\n<!--more-->\n\n\n\n<p>En  el  siglo  XX  los  movimientos migratorios  fueron  parte  esencial  de  la  construcci\u00f3n  de  las  sociedades  contempor\u00e1neas,  producto  de  las guerras mundiales y los conflictos que las sucedieron, determinando su tipo de composici\u00f3n socio-\u00e9tnica, disolviendo  con  el  paso  del  tiempo  los  tejidos  sociales  endog\u00e1micos,  fuertes  al  interior  y  desconfiados hacia el exterior.   <\/p>\n\n\n\n<div class=\"wp-block-button aligncenter\"><a class=\"wp-block-button__link has-background has-vivid-cyan-blue-background-color\" href=\"https:\/\/alacip.org\/cong13\/304-raigosa-7c.pdf\">Descargar Archivo<\/a><\/div>\n","protected":false},"featured_media":0,"template":"","meta":{"_genesis_hide_title":false,"_genesis_hide_breadcrumbs":false,"_genesis_hide_singular_image":false,"_genesis_hide_footer_widgets":false,"_genesis_custom_body_class":"","_genesis_custom_post_class":"","_genesis_layout":""},"filtro":[109],"anocongresso":[140],"conginstituicion":[153],"areatema":[159],"class_list":{"0":"post-33068","1":"todasponencias","2":"type-todasponencias","3":"status-publish","5":"filtro-colombia","6":"anocongresso-140","7":"conginstituicion-s","8":"areatema-temas-diversos","9":"entry"},"_links":{"self":[{"href":"https:\/\/alacip.org\/index.php?rest_route=\/wp\/v2\/todasponencias\/33068","targetHints":{"allow":["GET"]}}],"collection":[{"href":"https:\/\/alacip.org\/index.php?rest_route=\/wp\/v2\/todasponencias"}],"about":[{"href":"https:\/\/alacip.org\/index.php?rest_route=\/wp\/v2\/types\/todasponencias"}],"wp:attachment":[{"href":"https:\/\/alacip.org\/index.php?rest_route=%2Fwp%2Fv2%2Fmedia&parent=33068"}],"wp:term":[{"taxonomy":"filtro","embeddable":true,"href":"https:\/\/alacip.org\/index.php?rest_route=%2Fwp%2Fv2%2Ffiltro&post=33068"},{"taxonomy":"anocongresso","embeddable":true,"href":"https:\/\/alacip.org\/index.php?rest_route=%2Fwp%2Fv2%2Fanocongresso&post=33068"},{"taxonomy":"conginstituicion","embeddable":true,"href":"https:\/\/alacip.org\/index.php?rest_route=%2Fwp%2Fv2%2Fconginstituicion&post=33068"},{"taxonomy":"areatema","embeddable":true,"href":"https:\/\/alacip.org\/index.php?rest_route=%2Fwp%2Fv2%2Fareatema&post=33068"}],"curies":[{"name":"wp","href":"https:\/\/api.w.org\/{rel}","templated":true}]}}

Migración y Seguridad en los Andes. El caso de la migración de colombianos hacia Ecuador y Venezuela

<p>Los movimientos migratorios en sí mismos no son un problema. Han definido la historia de la humanidad y  pueden  considerarse  connaturales  a  la  formación  de  las  sociedades.  </p>



<!--more-->



<p>En  el  siglo  XX  los  movimientos migratorios  fueron  parte  esencial  de  la  construcción  de  las  sociedades  contemporáneas,  producto  de  las guerras mundiales y los conflictos que las sucedieron, determinando su tipo de composición socio-étnica, disolviendo  con  el  paso  del  tiempo  los  tejidos  sociales  endogámicos,  fuertes  al  interior  y  desconfiados hacia el exterior.   </p>



<div class="wp-block-button aligncenter"><a class="wp-block-button__link has-background has-vivid-cyan-blue-background-color" href="https://alacip.org/cong13/304-raigosa-7c.pdf">Descargar Archivo</a></div>
