{"id":33071,"date":"2020-01-23T08:12:22","date_gmt":"2020-01-23T11:12:22","guid":{"rendered":"https:\/\/alacip.org\/?post_type=todasponencias&#038;p=33071"},"modified":"2020-01-23T08:12:23","modified_gmt":"2020-01-23T11:12:23","slug":"distincion-ideologica-en-las-elites-latinoamericanas","status":"publish","type":"todasponencias","link":"https:\/\/alacip.org\/?todasponencias=distincion-ideologica-en-las-elites-latinoamericanas","title":{"rendered":"Distinci\u00f3n ideol\u00f3gica en las elites Latinoamericanas"},"content":{"rendered":"\n<p> Si  bien  la  distinci\u00f3n  ideol\u00f3gica  surge  en  Francia  hace  m\u00e1s  de  dos  doscientos  a\u00f1os,  durante  gran  parte  del  siglo  XX    \u00e9sta  tuvo  connotaciones  pol\u00edticas  muy  precisas  y georeferenciadas:  la  izquierda  era  el  comunismo  y  la  derecha  el  fascismo.  <\/p>\n\n\n\n<!--more-->\n\n\n\n<div class=\"wp-block-button aligncenter\"><a class=\"wp-block-button__link has-background has-vivid-cyan-blue-background-color\" href=\"https:\/\/alacip.org\/cong13\/307-selios-7c.pdf\">Descargar Archivo<\/a><\/div>\n","protected":false},"featured_media":0,"template":"","meta":{"_genesis_hide_title":false,"_genesis_hide_breadcrumbs":false,"_genesis_hide_singular_image":false,"_genesis_hide_footer_widgets":false,"_genesis_custom_body_class":"","_genesis_custom_post_class":"","_genesis_layout":""},"filtro":[103],"anocongresso":[140],"conginstituicion":[153],"areatema":[157],"class_list":{"0":"post-33071","1":"todasponencias","2":"type-todasponencias","3":"status-publish","5":"filtro-uruguai","6":"anocongresso-140","7":"conginstituicion-s","8":"areatema-teorpolfil","9":"entry"},"_links":{"self":[{"href":"https:\/\/alacip.org\/index.php?rest_route=\/wp\/v2\/todasponencias\/33071","targetHints":{"allow":["GET"]}}],"collection":[{"href":"https:\/\/alacip.org\/index.php?rest_route=\/wp\/v2\/todasponencias"}],"about":[{"href":"https:\/\/alacip.org\/index.php?rest_route=\/wp\/v2\/types\/todasponencias"}],"wp:attachment":[{"href":"https:\/\/alacip.org\/index.php?rest_route=%2Fwp%2Fv2%2Fmedia&parent=33071"}],"wp:term":[{"taxonomy":"filtro","embeddable":true,"href":"https:\/\/alacip.org\/index.php?rest_route=%2Fwp%2Fv2%2Ffiltro&post=33071"},{"taxonomy":"anocongresso","embeddable":true,"href":"https:\/\/alacip.org\/index.php?rest_route=%2Fwp%2Fv2%2Fanocongresso&post=33071"},{"taxonomy":"conginstituicion","embeddable":true,"href":"https:\/\/alacip.org\/index.php?rest_route=%2Fwp%2Fv2%2Fconginstituicion&post=33071"},{"taxonomy":"areatema","embeddable":true,"href":"https:\/\/alacip.org\/index.php?rest_route=%2Fwp%2Fv2%2Fareatema&post=33071"}],"curies":[{"name":"wp","href":"https:\/\/api.w.org\/{rel}","templated":true}]}}

Distinción ideológica en las elites Latinoamericanas

<p> Si  bien  la  distinción  ideológica  surge  en  Francia  hace  más  de  dos  doscientos  años,  durante  gran  parte  del  siglo  XX    ésta  tuvo  connotaciones  políticas  muy  precisas  y georeferenciadas:  la  izquierda  era  el  comunismo  y  la  derecha  el  fascismo.  </p>



<!--more-->



<div class="wp-block-button aligncenter"><a class="wp-block-button__link has-background has-vivid-cyan-blue-background-color" href="https://alacip.org/cong13/307-selios-7c.pdf">Descargar Archivo</a></div>
