{"id":33083,"date":"2020-01-23T08:40:15","date_gmt":"2020-01-23T11:40:15","guid":{"rendered":"https:\/\/alacip.org\/?post_type=todasponencias&#038;p=33083"},"modified":"2020-02-07T21:34:49","modified_gmt":"2020-02-08T00:34:49","slug":"menem-kirchner-dos-caras-del-peronismo","status":"publish","type":"todasponencias","link":"https:\/\/alacip.org\/?todasponencias=menem-kirchner-dos-caras-del-peronismo","title":{"rendered":"Menem-Kirchner: \u00bfDos caras del Peronismo?"},"content":{"rendered":"\n<p>Desde la vuelta a la democracia, en 1983, dos presidentes justicialistas provenientes de dos   provincias   distantes   de   Buenos   Aires dominaron   el   escenario   pol\u00edtico   del   pa\u00eds. Ideol\u00f3gicamente   distintos,   dominaron   hacia   el   interior   del   peronismo   y   tuvieron   una aceptaci\u00f3n social notoria.  <\/p>\n\n\n\n<!--more-->\n\n\n\n<div class=\"wp-block-button aligncenter\"><a class=\"wp-block-button__link has-background has-vivid-cyan-blue-background-color\" href=\"https:\/\/alacip.org\/cong13\/320-sarrafero-7c.pdf\">Descargar Archivo<\/a><\/div>\n","protected":false},"featured_media":0,"template":"","meta":{"_genesis_hide_title":false,"_genesis_hide_breadcrumbs":false,"_genesis_hide_singular_image":false,"_genesis_hide_footer_widgets":false,"_genesis_custom_body_class":"","_genesis_custom_post_class":"","_genesis_layout":""},"filtro":[105],"anocongresso":[140],"conginstituicion":[153],"areatema":[391],"class_list":{"0":"post-33083","1":"todasponencias","2":"type-todasponencias","3":"status-publish","5":"filtro-argentina","6":"anocongresso-140","7":"conginstituicion-s","8":"areatema-politica-comparada","9":"entry"},"_links":{"self":[{"href":"https:\/\/alacip.org\/index.php?rest_route=\/wp\/v2\/todasponencias\/33083","targetHints":{"allow":["GET"]}}],"collection":[{"href":"https:\/\/alacip.org\/index.php?rest_route=\/wp\/v2\/todasponencias"}],"about":[{"href":"https:\/\/alacip.org\/index.php?rest_route=\/wp\/v2\/types\/todasponencias"}],"wp:attachment":[{"href":"https:\/\/alacip.org\/index.php?rest_route=%2Fwp%2Fv2%2Fmedia&parent=33083"}],"wp:term":[{"taxonomy":"filtro","embeddable":true,"href":"https:\/\/alacip.org\/index.php?rest_route=%2Fwp%2Fv2%2Ffiltro&post=33083"},{"taxonomy":"anocongresso","embeddable":true,"href":"https:\/\/alacip.org\/index.php?rest_route=%2Fwp%2Fv2%2Fanocongresso&post=33083"},{"taxonomy":"conginstituicion","embeddable":true,"href":"https:\/\/alacip.org\/index.php?rest_route=%2Fwp%2Fv2%2Fconginstituicion&post=33083"},{"taxonomy":"areatema","embeddable":true,"href":"https:\/\/alacip.org\/index.php?rest_route=%2Fwp%2Fv2%2Fareatema&post=33083"}],"curies":[{"name":"wp","href":"https:\/\/api.w.org\/{rel}","templated":true}]}}

<p>Desde la vuelta a la democracia, en 1983, dos presidentes justicialistas provenientes de dos   provincias   distantes   de   Buenos   Aires dominaron   el   escenario   político   del   país. Ideológicamente   distintos,   dominaron   hacia   el   interior   del   peronismo   y   tuvieron   una aceptación social notoria.  </p>



<!--more-->



<div class="wp-block-button aligncenter"><a class="wp-block-button__link has-background has-vivid-cyan-blue-background-color" href="https://alacip.org/cong13/320-sarrafero-7c.pdf">Descargar Archivo</a></div>
