{"id":33084,"date":"2020-01-23T08:43:00","date_gmt":"2020-01-23T11:43:00","guid":{"rendered":"https:\/\/alacip.org\/?post_type=todasponencias&#038;p=33084"},"modified":"2020-01-24T22:25:22","modified_gmt":"2020-01-25T01:25:22","slug":"cuanto-color-aportaron-los-movimientos","status":"publish","type":"todasponencias","link":"https:\/\/alacip.org\/?todasponencias=cuanto-color-aportaron-los-movimientos","title":{"rendered":"\u00bfCu\u00e1nto color aportaron los movimientos sociales a la revoluci\u00f3n?"},"content":{"rendered":"\n<p>A  comienzos  del  siglo  XXI,  Serbia,  Georgia  y  Ucrania  fueron  escenarios  de  masivas  protestas pac\u00edficas  contra el  fraude  electoral.  Estos  eventos  conocidos  como Revoluciones  de  Coloresgeneraron  una  transferencia  de  poder  no  prevista  en  los  cauces  institucionales  y  desencadenaron, aunque   con   resultados   muy   diferentes,   una   oleada   de   demostraciones   en   otros   Estados postsovi\u00e9ticos como  Bielorrusia,  Moldavia,  Azerbaiy\u00e1n  y  Armenia,  entre  otros  (Polese  &amp;  \u00d3 Becha\u00edn, 2011). <\/p>\n\n\n\n<!--more-->\n\n\n\n<div class=\"wp-block-button aligncenter\"><a class=\"wp-block-button__link has-background has-vivid-cyan-blue-background-color\" href=\"https:\/\/alacip.org\/cong13\/321-rodriguez-7c.pdf\">Descargar Archivo<\/a><\/div>\n","protected":false},"featured_media":0,"template":"","meta":{"_genesis_hide_title":false,"_genesis_hide_breadcrumbs":false,"_genesis_hide_singular_image":false,"_genesis_hide_footer_widgets":false,"_genesis_custom_body_class":"","_genesis_custom_post_class":"","_genesis_layout":""},"filtro":[116],"anocongresso":[140],"conginstituicion":[431],"areatema":[161],"class_list":{"0":"post-33084","1":"todasponencias","2":"type-todasponencias","3":"status-publish","5":"filtro-espana","6":"anocongresso-140","7":"conginstituicion-universidad-de-salamanca","8":"areatema-participacion-representacion","9":"entry"},"_links":{"self":[{"href":"https:\/\/alacip.org\/index.php?rest_route=\/wp\/v2\/todasponencias\/33084","targetHints":{"allow":["GET"]}}],"collection":[{"href":"https:\/\/alacip.org\/index.php?rest_route=\/wp\/v2\/todasponencias"}],"about":[{"href":"https:\/\/alacip.org\/index.php?rest_route=\/wp\/v2\/types\/todasponencias"}],"wp:attachment":[{"href":"https:\/\/alacip.org\/index.php?rest_route=%2Fwp%2Fv2%2Fmedia&parent=33084"}],"wp:term":[{"taxonomy":"filtro","embeddable":true,"href":"https:\/\/alacip.org\/index.php?rest_route=%2Fwp%2Fv2%2Ffiltro&post=33084"},{"taxonomy":"anocongresso","embeddable":true,"href":"https:\/\/alacip.org\/index.php?rest_route=%2Fwp%2Fv2%2Fanocongresso&post=33084"},{"taxonomy":"conginstituicion","embeddable":true,"href":"https:\/\/alacip.org\/index.php?rest_route=%2Fwp%2Fv2%2Fconginstituicion&post=33084"},{"taxonomy":"areatema","embeddable":true,"href":"https:\/\/alacip.org\/index.php?rest_route=%2Fwp%2Fv2%2Fareatema&post=33084"}],"curies":[{"name":"wp","href":"https:\/\/api.w.org\/{rel}","templated":true}]}}

¿Cuánto color aportaron los movimientos sociales a la revolución?

<p>A  comienzos  del  siglo  XXI,  Serbia,  Georgia  y  Ucrania  fueron  escenarios  de  masivas  protestas pacíficas  contra el  fraude  electoral.  Estos  eventos  conocidos  como Revoluciones  de  Coloresgeneraron  una  transferencia  de  poder  no  prevista  en  los  cauces  institucionales  y  desencadenaron, aunque   con   resultados   muy   diferentes,   una   oleada   de   demostraciones   en   otros   Estados postsoviéticos como  Bielorrusia,  Moldavia,  Azerbaiyán  y  Armenia,  entre  otros  (Polese  &amp;  Ó Bechaín, 2011). </p>



<!--more-->



<div class="wp-block-button aligncenter"><a class="wp-block-button__link has-background has-vivid-cyan-blue-background-color" href="https://alacip.org/cong13/321-rodriguez-7c.pdf">Descargar Archivo</a></div>
