{"id":33089,"date":"2020-01-23T09:41:49","date_gmt":"2020-01-23T12:41:49","guid":{"rendered":"https:\/\/alacip.org\/?post_type=todasponencias&#038;p=33089"},"modified":"2020-02-07T21:32:03","modified_gmt":"2020-02-08T00:32:03","slug":"a-participacao-estadunidense-no-conflito","status":"publish","type":"todasponencias","link":"https:\/\/alacip.org\/?todasponencias=a-participacao-estadunidense-no-conflito","title":{"rendered":"A participa\u00e7\u00e3o estadunidense no conflito colombiano sob a \u00f3tica dos complexos regionais de seguran\u00e7a: penetration ou overlay?"},"content":{"rendered":"\n<p>Palco do conflito interno mais duradouro da Am\u00e9rica Latina, a Col\u00f4mbia vem representando, nas  \u00faltimas  d\u00e9cadas,  um dos  grandes  empecilhos  para  a  real  visualiza\u00e7\u00e3o  de  um  Complexo Regional  de  Seguran\u00e7a  (CRS)  na  regi\u00e3o  andino-amaz\u00f4nica.  <\/p>\n\n\n\n<!--more-->\n\n\n\n<div class=\"wp-block-button aligncenter\"><a class=\"wp-block-button__link has-background has-vivid-cyan-blue-background-color\" href=\"https:\/\/alacip.org\/cong13\/329-nobre-7c.pdf\">Descargar Archivo<\/a><\/div>\n","protected":false},"featured_media":0,"template":"","meta":{"_genesis_hide_title":false,"_genesis_hide_breadcrumbs":false,"_genesis_hide_singular_image":false,"_genesis_hide_footer_widgets":false,"_genesis_custom_body_class":"","_genesis_custom_post_class":"","_genesis_layout":""},"filtro":[102],"anocongresso":[140],"conginstituicion":[147],"areatema":[160],"class_list":{"0":"post-33089","1":"todasponencias","2":"type-todasponencias","3":"status-publish","5":"filtro-brasil","6":"anocongresso-140","7":"conginstituicion-ufpe","8":"areatema-relaciones-internacionales","9":"entry"},"_links":{"self":[{"href":"https:\/\/alacip.org\/index.php?rest_route=\/wp\/v2\/todasponencias\/33089","targetHints":{"allow":["GET"]}}],"collection":[{"href":"https:\/\/alacip.org\/index.php?rest_route=\/wp\/v2\/todasponencias"}],"about":[{"href":"https:\/\/alacip.org\/index.php?rest_route=\/wp\/v2\/types\/todasponencias"}],"wp:attachment":[{"href":"https:\/\/alacip.org\/index.php?rest_route=%2Fwp%2Fv2%2Fmedia&parent=33089"}],"wp:term":[{"taxonomy":"filtro","embeddable":true,"href":"https:\/\/alacip.org\/index.php?rest_route=%2Fwp%2Fv2%2Ffiltro&post=33089"},{"taxonomy":"anocongresso","embeddable":true,"href":"https:\/\/alacip.org\/index.php?rest_route=%2Fwp%2Fv2%2Fanocongresso&post=33089"},{"taxonomy":"conginstituicion","embeddable":true,"href":"https:\/\/alacip.org\/index.php?rest_route=%2Fwp%2Fv2%2Fconginstituicion&post=33089"},{"taxonomy":"areatema","embeddable":true,"href":"https:\/\/alacip.org\/index.php?rest_route=%2Fwp%2Fv2%2Fareatema&post=33089"}],"curies":[{"name":"wp","href":"https:\/\/api.w.org\/{rel}","templated":true}]}}

A participação estadunidense no conflito colombiano sob a ótica dos complexos regionais de segurança: penetration ou overlay?

<p>Palco do conflito interno mais duradouro da América Latina, a Colômbia vem representando, nas  últimas  décadas,  um dos  grandes  empecilhos  para  a  real  visualização  de  um  Complexo Regional  de  Segurança  (CRS)  na  região  andino-amazônica.  </p>



<!--more-->



<div class="wp-block-button aligncenter"><a class="wp-block-button__link has-background has-vivid-cyan-blue-background-color" href="https://alacip.org/cong13/329-nobre-7c.pdf">Descargar Archivo</a></div>
