{"id":33090,"date":"2020-01-23T09:48:03","date_gmt":"2020-01-23T12:48:03","guid":{"rendered":"https:\/\/alacip.org\/?post_type=todasponencias&#038;p=33090"},"modified":"2020-01-24T22:24:47","modified_gmt":"2020-01-25T01:24:47","slug":"cooperacion-internacional-y-territorialidade","status":"publish","type":"todasponencias","link":"https:\/\/alacip.org\/?todasponencias=cooperacion-internacional-y-territorialidade","title":{"rendered":"Cooperaci\u00f3n internacional y territorialidades en conflicto: incidencia social, econ\u00f3mica y pol\u00edtica de los II laboratorios de paz en los municipios de San Carlos y Sons\u00f3n (Oriente Antioque\u00f1o)"},"content":{"rendered":"\n<p>Palco do conflito interno mais duradouro da Am\u00e9rica Latina, a Col\u00f4mbia vem representando, nas  \u00faltimas  d\u00e9cadas,  um dos  grandes  empecilhos  para  a  real  visualiza\u00e7\u00e3o  de  um  Complexo Regional  de  Seguran\u00e7a  (CRS)  na  regi\u00e3o  andino-amaz\u00f4nica.   La   siguiente   ponencia   versar\u00e1   sobre   los   hallazgos   obtenidos   en   la   investigaci\u00f3n \u201cCooperaci\u00f3n Internacional Y Territorialidades En Conflicto: Incidencia Social, Econ\u00f3mica Y  Pol\u00edtica  De  Los  II  Laboratorios  De  Paz  En  Los  Municipios  De  San  Carlos  Y  Sons\u00f3n (Oriente Antioque\u00f1o)\u201d la cual trata el problema del conflicto y la paz en dos municipios del Oriente  Antioque\u00f1o,  San  Carlos  y  Sons\u00f3n.   <\/p>\n\n\n\n<!--more-->\n\n\n\n<div class=\"wp-block-button aligncenter\"><a class=\"wp-block-button__link has-background has-vivid-cyan-blue-background-color\" href=\"https:\/\/alacip.org\/cong13\/330-gaviria-7c.pdf\">Descargar Archivo<\/a><\/div>\n","protected":false},"featured_media":0,"template":"","meta":{"_genesis_hide_title":false,"_genesis_hide_breadcrumbs":false,"_genesis_hide_singular_image":false,"_genesis_hide_footer_widgets":false,"_genesis_custom_body_class":"","_genesis_custom_post_class":"","_genesis_layout":""},"filtro":[109],"anocongresso":[140],"conginstituicion":[459],"areatema":[460],"class_list":{"0":"post-33090","1":"todasponencias","2":"type-todasponencias","3":"status-publish","5":"filtro-colombia","6":"anocongresso-140","7":"conginstituicion-universidad-de-medellin","8":"areatema-conflictos-armados-y-resolucion-actores-internacionales-y-cooperacion","9":"entry"},"_links":{"self":[{"href":"https:\/\/alacip.org\/index.php?rest_route=\/wp\/v2\/todasponencias\/33090","targetHints":{"allow":["GET"]}}],"collection":[{"href":"https:\/\/alacip.org\/index.php?rest_route=\/wp\/v2\/todasponencias"}],"about":[{"href":"https:\/\/alacip.org\/index.php?rest_route=\/wp\/v2\/types\/todasponencias"}],"wp:attachment":[{"href":"https:\/\/alacip.org\/index.php?rest_route=%2Fwp%2Fv2%2Fmedia&parent=33090"}],"wp:term":[{"taxonomy":"filtro","embeddable":true,"href":"https:\/\/alacip.org\/index.php?rest_route=%2Fwp%2Fv2%2Ffiltro&post=33090"},{"taxonomy":"anocongresso","embeddable":true,"href":"https:\/\/alacip.org\/index.php?rest_route=%2Fwp%2Fv2%2Fanocongresso&post=33090"},{"taxonomy":"conginstituicion","embeddable":true,"href":"https:\/\/alacip.org\/index.php?rest_route=%2Fwp%2Fv2%2Fconginstituicion&post=33090"},{"taxonomy":"areatema","embeddable":true,"href":"https:\/\/alacip.org\/index.php?rest_route=%2Fwp%2Fv2%2Fareatema&post=33090"}],"curies":[{"name":"wp","href":"https:\/\/api.w.org\/{rel}","templated":true}]}}

Cooperación internacional y territorialidades en conflicto: incidencia social, económica y política de los II laboratorios de paz en los municipios de San Carlos y Sonsón (Oriente Antioqueño)

<p>Palco do conflito interno mais duradouro da América Latina, a Colômbia vem representando, nas  últimas  décadas,  um dos  grandes  empecilhos  para  a  real  visualização  de  um  Complexo Regional  de  Segurança  (CRS)  na  região  andino-amazônica.   La   siguiente   ponencia   versará   sobre   los   hallazgos   obtenidos   en   la   investigación “Cooperación Internacional Y Territorialidades En Conflicto: Incidencia Social, Económica Y  Política  De  Los  II  Laboratorios  De  Paz  En  Los  Municipios  De  San  Carlos  Y  Sonsón (Oriente Antioqueño)” la cual trata el problema del conflicto y la paz en dos municipios del Oriente  Antioqueño,  San  Carlos  y  Sonsón.   </p>



<!--more-->



<div class="wp-block-button aligncenter"><a class="wp-block-button__link has-background has-vivid-cyan-blue-background-color" href="https://alacip.org/cong13/330-gaviria-7c.pdf">Descargar Archivo</a></div>
