{"id":33095,"date":"2020-01-23T10:04:03","date_gmt":"2020-01-23T13:04:03","guid":{"rendered":"https:\/\/alacip.org\/?post_type=todasponencias&#038;p=33095"},"modified":"2020-02-07T21:25:04","modified_gmt":"2020-02-08T00:25:04","slug":"la-politica-criminal-la-guerra-y-el-enemigo","status":"publish","type":"todasponencias","link":"https:\/\/alacip.org\/?todasponencias=la-politica-criminal-la-guerra-y-el-enemigo","title":{"rendered":"La pol\u00edtica criminal, la guerra y el enemigo en el conflicto interno colombiano"},"content":{"rendered":"\n<p>Entendida  como  un  ejercicio  de  poder  pol\u00edtico  en  relaci\u00f3n  con  el  fen\u00f3meno criminal,  la  pol\u00edtica  criminal  en  Colombia  puede  ser caracterizada  sobre  la  base  de continuidades como la permanente construcci\u00f3n y adici\u00f3n de enemigos a los que resulta \u00fatil declarar  la  guerra  (comunistas,  narcotraficantes,  terroristas,  etc.),  as\u00ed  como  por  el  uso recurrente  de  las  medidas  propias  de  la  emergencia  penal. <\/p>\n\n\n\n<!--more-->\n\n\n\n<div class=\"wp-block-button aligncenter\"><a class=\"wp-block-button__link has-background has-vivid-cyan-blue-background-color\" href=\"https:\/\/alacip.org\/cong13\/336-tejada-7c.pdf\">Descargar Archivo<\/a><\/div>\n","protected":false},"featured_media":0,"template":"","meta":{"_genesis_hide_title":false,"_genesis_hide_breadcrumbs":false,"_genesis_hide_singular_image":false,"_genesis_hide_footer_widgets":false,"_genesis_custom_body_class":"","_genesis_custom_post_class":"","_genesis_layout":""},"filtro":[109],"anocongresso":[140],"conginstituicion":[235],"areatema":[520],"class_list":{"0":"post-33095","1":"todasponencias","2":"type-todasponencias","3":"status-publish","5":"filtro-colombia","6":"anocongresso-140","7":"conginstituicion-uantioquia","8":"areatema-participacion","9":"entry"},"_links":{"self":[{"href":"https:\/\/alacip.org\/index.php?rest_route=\/wp\/v2\/todasponencias\/33095","targetHints":{"allow":["GET"]}}],"collection":[{"href":"https:\/\/alacip.org\/index.php?rest_route=\/wp\/v2\/todasponencias"}],"about":[{"href":"https:\/\/alacip.org\/index.php?rest_route=\/wp\/v2\/types\/todasponencias"}],"wp:attachment":[{"href":"https:\/\/alacip.org\/index.php?rest_route=%2Fwp%2Fv2%2Fmedia&parent=33095"}],"wp:term":[{"taxonomy":"filtro","embeddable":true,"href":"https:\/\/alacip.org\/index.php?rest_route=%2Fwp%2Fv2%2Ffiltro&post=33095"},{"taxonomy":"anocongresso","embeddable":true,"href":"https:\/\/alacip.org\/index.php?rest_route=%2Fwp%2Fv2%2Fanocongresso&post=33095"},{"taxonomy":"conginstituicion","embeddable":true,"href":"https:\/\/alacip.org\/index.php?rest_route=%2Fwp%2Fv2%2Fconginstituicion&post=33095"},{"taxonomy":"areatema","embeddable":true,"href":"https:\/\/alacip.org\/index.php?rest_route=%2Fwp%2Fv2%2Fareatema&post=33095"}],"curies":[{"name":"wp","href":"https:\/\/api.w.org\/{rel}","templated":true}]}}

La política criminal, la guerra y el enemigo en el conflicto interno colombiano

<p>Entendida  como  un  ejercicio  de  poder  político  en  relación  con  el  fenómeno criminal,  la  política  criminal  en  Colombia  puede  ser caracterizada  sobre  la  base  de continuidades como la permanente construcción y adición de enemigos a los que resulta útil declarar  la  guerra  (comunistas,  narcotraficantes,  terroristas,  etc.),  así  como  por  el  uso recurrente  de  las  medidas  propias  de  la  emergencia  penal. </p>



<!--more-->



<div class="wp-block-button aligncenter"><a class="wp-block-button__link has-background has-vivid-cyan-blue-background-color" href="https://alacip.org/cong13/336-tejada-7c.pdf">Descargar Archivo</a></div>
