{"id":33100,"date":"2020-01-23T11:01:26","date_gmt":"2020-01-23T14:01:26","guid":{"rendered":"https:\/\/alacip.org\/?post_type=todasponencias&#038;p=33100"},"modified":"2020-01-24T22:23:41","modified_gmt":"2020-01-25T01:23:41","slug":"de-indigenas-sin-indigenas-representacion-indigena","status":"publish","type":"todasponencias","link":"https:\/\/alacip.org\/?todasponencias=de-indigenas-sin-indigenas-representacion-indigena","title":{"rendered":"De ind\u00edgenas, sin ind\u00edgenas: representaci\u00f3n ind\u00edgena en los \u00f3rganos legislativos de la Regi\u00f3n Andina"},"content":{"rendered":"\n<p> El  objetivo  del  trabajo  esdemostrarc\u00f3mo ciertos factores  institucionales afectan  la  representaci\u00f3npol\u00edtica  ind\u00edgena  en  la  regi\u00f3n  andina, m\u00e1s  precisamente  en  el \u00f3rgano legislativo.    <\/p>\n\n\n\n<!--more-->\n\n\n\n<div class=\"wp-block-button aligncenter\"><a class=\"wp-block-button__link has-background has-vivid-cyan-blue-background-color\" href=\"https:\/\/alacip.org\/cong13\/345-martinez-7c.pdf\">Descargar Archivo<\/a><\/div>\n","protected":false},"featured_media":0,"template":"","meta":{"_genesis_hide_title":false,"_genesis_hide_breadcrumbs":false,"_genesis_hide_singular_image":false,"_genesis_hide_footer_widgets":false,"_genesis_custom_body_class":"","_genesis_custom_post_class":"","_genesis_layout":""},"filtro":[109],"anocongresso":[140],"conginstituicion":[348],"areatema":[391],"class_list":{"0":"post-33100","1":"todasponencias","2":"type-todasponencias","3":"status-publish","5":"filtro-colombia","6":"anocongresso-140","7":"conginstituicion-unisarboleda","8":"areatema-politica-comparada","9":"entry"},"_links":{"self":[{"href":"https:\/\/alacip.org\/index.php?rest_route=\/wp\/v2\/todasponencias\/33100","targetHints":{"allow":["GET"]}}],"collection":[{"href":"https:\/\/alacip.org\/index.php?rest_route=\/wp\/v2\/todasponencias"}],"about":[{"href":"https:\/\/alacip.org\/index.php?rest_route=\/wp\/v2\/types\/todasponencias"}],"wp:attachment":[{"href":"https:\/\/alacip.org\/index.php?rest_route=%2Fwp%2Fv2%2Fmedia&parent=33100"}],"wp:term":[{"taxonomy":"filtro","embeddable":true,"href":"https:\/\/alacip.org\/index.php?rest_route=%2Fwp%2Fv2%2Ffiltro&post=33100"},{"taxonomy":"anocongresso","embeddable":true,"href":"https:\/\/alacip.org\/index.php?rest_route=%2Fwp%2Fv2%2Fanocongresso&post=33100"},{"taxonomy":"conginstituicion","embeddable":true,"href":"https:\/\/alacip.org\/index.php?rest_route=%2Fwp%2Fv2%2Fconginstituicion&post=33100"},{"taxonomy":"areatema","embeddable":true,"href":"https:\/\/alacip.org\/index.php?rest_route=%2Fwp%2Fv2%2Fareatema&post=33100"}],"curies":[{"name":"wp","href":"https:\/\/api.w.org\/{rel}","templated":true}]}}

De indígenas, sin indígenas: representación indígena en los órganos legislativos de la Región Andina

<p> El  objetivo  del  trabajo  esdemostrarcómo ciertos factores  institucionales afectan  la  representaciónpolítica  indígena  en  la  región  andina, más  precisamente  en  el órgano legislativo.    </p>



<!--more-->



<div class="wp-block-button aligncenter"><a class="wp-block-button__link has-background has-vivid-cyan-blue-background-color" href="https://alacip.org/cong13/345-martinez-7c.pdf">Descargar Archivo</a></div>
