{"id":33101,"date":"2020-01-23T11:12:17","date_gmt":"2020-01-23T14:12:17","guid":{"rendered":"https:\/\/alacip.org\/?post_type=todasponencias&#038;p=33101"},"modified":"2020-01-23T11:12:19","modified_gmt":"2020-01-23T14:12:19","slug":"o-brasil-e-os-paises-andinos-politica-e-negocios","status":"publish","type":"todasponencias","link":"https:\/\/alacip.org\/?todasponencias=o-brasil-e-os-paises-andinos-politica-e-negocios","title":{"rendered":"O Brasil e os Pa\u00edses Andinos: pol\u00edtica e neg\u00f3cios"},"content":{"rendered":"\n<p>Desde   os   anos   70,   os   Andes   t\u00eam   desempenhado   papel   de   relativa import\u00e2ncia    na  agenda  da  pol\u00edtica  externa  brasileira.    Tanto  sob  o  ponto  de  vista  da integra\u00e7\u00e3o  sul-americana,  quanto  nas  rela\u00e7\u00f5es  bilaterais,  os  pa\u00edses  andinos  v\u00eam aumentando   sua   participa\u00e7\u00e3o   nos   neg\u00f3cios   brasileiros.  <\/p>\n\n\n\n<!--more-->\n\n\n\n<div class=\"wp-block-button aligncenter\"><a class=\"wp-block-button__link has-background has-vivid-cyan-blue-background-color\" href=\"https:\/\/alacip.org\/cong13\/346-miyamoto-7c.pdf\">Descargar Archivo<\/a><\/div>\n","protected":false},"featured_media":0,"template":"","meta":{"_genesis_hide_title":false,"_genesis_hide_breadcrumbs":false,"_genesis_hide_singular_image":false,"_genesis_hide_footer_widgets":false,"_genesis_custom_body_class":"","_genesis_custom_post_class":"","_genesis_layout":""},"filtro":[102],"anocongresso":[140],"conginstituicion":[226],"areatema":[160],"class_list":{"0":"post-33101","1":"todasponencias","2":"type-todasponencias","3":"status-publish","5":"filtro-brasil","6":"anocongresso-140","7":"conginstituicion-unicampinas","8":"areatema-relaciones-internacionales","9":"entry"},"_links":{"self":[{"href":"https:\/\/alacip.org\/index.php?rest_route=\/wp\/v2\/todasponencias\/33101","targetHints":{"allow":["GET"]}}],"collection":[{"href":"https:\/\/alacip.org\/index.php?rest_route=\/wp\/v2\/todasponencias"}],"about":[{"href":"https:\/\/alacip.org\/index.php?rest_route=\/wp\/v2\/types\/todasponencias"}],"wp:attachment":[{"href":"https:\/\/alacip.org\/index.php?rest_route=%2Fwp%2Fv2%2Fmedia&parent=33101"}],"wp:term":[{"taxonomy":"filtro","embeddable":true,"href":"https:\/\/alacip.org\/index.php?rest_route=%2Fwp%2Fv2%2Ffiltro&post=33101"},{"taxonomy":"anocongresso","embeddable":true,"href":"https:\/\/alacip.org\/index.php?rest_route=%2Fwp%2Fv2%2Fanocongresso&post=33101"},{"taxonomy":"conginstituicion","embeddable":true,"href":"https:\/\/alacip.org\/index.php?rest_route=%2Fwp%2Fv2%2Fconginstituicion&post=33101"},{"taxonomy":"areatema","embeddable":true,"href":"https:\/\/alacip.org\/index.php?rest_route=%2Fwp%2Fv2%2Fareatema&post=33101"}],"curies":[{"name":"wp","href":"https:\/\/api.w.org\/{rel}","templated":true}]}}

O Brasil e os Países Andinos: política e negócios

<p>Desde   os   anos   70,   os   Andes   têm   desempenhado   papel   de   relativa importância    na  agenda  da  política  externa  brasileira.    Tanto  sob  o  ponto  de  vista  da integração  sul-americana,  quanto  nas  relações  bilaterais,  os  países  andinos  vêm aumentando   sua   participação   nos   negócios   brasileiros.  </p>



<!--more-->



<div class="wp-block-button aligncenter"><a class="wp-block-button__link has-background has-vivid-cyan-blue-background-color" href="https://alacip.org/cong13/346-miyamoto-7c.pdf">Descargar Archivo</a></div>
