{"id":33107,"date":"2020-01-23T11:34:55","date_gmt":"2020-01-23T14:34:55","guid":{"rendered":"https:\/\/alacip.org\/?post_type=todasponencias&#038;p=33107"},"modified":"2020-02-08T07:42:47","modified_gmt":"2020-02-08T10:42:47","slug":"la-ciencia-politica-en-colombia-dinamica-de","status":"publish","type":"todasponencias","link":"https:\/\/alacip.org\/?todasponencias=la-ciencia-politica-en-colombia-dinamica-de","title":{"rendered":"La ciencia pol\u00edtica en Colombia: Din\u00e1mica de cambio e institucionalizaci\u00f3n profesional"},"content":{"rendered":"\n<p>Dos sonlos objetivos de esta reflexi\u00f3n: por una parte, aportar elementos de reflexi\u00f3n  y  juicio  para  la interpretaci\u00f3ndela  institucionalizaci\u00f3n  de  la ciencia pol\u00edticaen  cuanto  profesi\u00f3n  y  producci\u00f3n acad\u00e9mica propiamente dicha;2y  por  otra,  colocar  en  cuesti\u00f3n  el puenteque  se tendi\u00f3entre  los aportes  de  los  estudios  pol\u00edticos, no  tanto  en  t\u00e9rminos  de  la  calidad  y pertinencia de la producci\u00f3n o estructura curricular en ciencia pol\u00edtica, si no,  mas  bien,  en  cuanto  a  transformaciones  e  interdependencias  se refiriere entre estos estudios iniciales y la ciencia pol\u00edtica.  <\/p>\n\n\n\n<!--more-->\n\n\n\n<div class=\"wp-block-button aligncenter\"><a class=\"wp-block-button__link has-background has-vivid-cyan-blue-background-color\" href=\"https:\/\/alacip.org\/cong13\/353-guerrero-7c.pdf\">Descargar Archivo<\/a><\/div>\n","protected":false},"featured_media":0,"template":"","meta":{"_genesis_hide_title":false,"_genesis_hide_breadcrumbs":false,"_genesis_hide_singular_image":false,"_genesis_hide_footer_widgets":false,"_genesis_custom_body_class":"","_genesis_custom_post_class":"","_genesis_layout":""},"filtro":[109],"anocongresso":[140],"conginstituicion":[169],"areatema":[523],"class_list":{"0":"post-33107","1":"todasponencias","2":"type-todasponencias","3":"status-publish","5":"filtro-colombia","6":"anocongresso-140","7":"conginstituicion-universidad-del-cauca","8":"areatema-metodologia","9":"entry"},"_links":{"self":[{"href":"https:\/\/alacip.org\/index.php?rest_route=\/wp\/v2\/todasponencias\/33107","targetHints":{"allow":["GET"]}}],"collection":[{"href":"https:\/\/alacip.org\/index.php?rest_route=\/wp\/v2\/todasponencias"}],"about":[{"href":"https:\/\/alacip.org\/index.php?rest_route=\/wp\/v2\/types\/todasponencias"}],"wp:attachment":[{"href":"https:\/\/alacip.org\/index.php?rest_route=%2Fwp%2Fv2%2Fmedia&parent=33107"}],"wp:term":[{"taxonomy":"filtro","embeddable":true,"href":"https:\/\/alacip.org\/index.php?rest_route=%2Fwp%2Fv2%2Ffiltro&post=33107"},{"taxonomy":"anocongresso","embeddable":true,"href":"https:\/\/alacip.org\/index.php?rest_route=%2Fwp%2Fv2%2Fanocongresso&post=33107"},{"taxonomy":"conginstituicion","embeddable":true,"href":"https:\/\/alacip.org\/index.php?rest_route=%2Fwp%2Fv2%2Fconginstituicion&post=33107"},{"taxonomy":"areatema","embeddable":true,"href":"https:\/\/alacip.org\/index.php?rest_route=%2Fwp%2Fv2%2Fareatema&post=33107"}],"curies":[{"name":"wp","href":"https:\/\/api.w.org\/{rel}","templated":true}]}}

La ciencia política en Colombia: Dinámica de cambio e institucionalización profesional

<p>Dos sonlos objetivos de esta reflexión: por una parte, aportar elementos de reflexión  y  juicio  para  la interpretacióndela  institucionalización  de  la ciencia políticaen  cuanto  profesión  y  producción académica propiamente dicha;2y  por  otra,  colocar  en  cuestión  el puenteque  se tendióentre  los aportes  de  los  estudios  políticos, no  tanto  en  términos  de  la  calidad  y pertinencia de la producción o estructura curricular en ciencia política, si no,  mas  bien,  en  cuanto  a  transformaciones  e  interdependencias  se refiriere entre estos estudios iniciales y la ciencia política.  </p>



<!--more-->



<div class="wp-block-button aligncenter"><a class="wp-block-button__link has-background has-vivid-cyan-blue-background-color" href="https://alacip.org/cong13/353-guerrero-7c.pdf">Descargar Archivo</a></div>
