{"id":33129,"date":"2020-01-23T17:24:34","date_gmt":"2020-01-23T20:24:34","guid":{"rendered":"https:\/\/alacip.org\/?post_type=todasponencias&#038;p=33129"},"modified":"2020-01-24T22:22:22","modified_gmt":"2020-01-25T01:22:22","slug":"la-coordinacion-entre-los-sectores","status":"publish","type":"todasponencias","link":"https:\/\/alacip.org\/?todasponencias=la-coordinacion-entre-los-sectores","title":{"rendered":"La coordinaci\u00f3n entre los sectores del ejecutivo a partir del caso del \u201cprograma bolsa fam\u00edlia\u201d de brasil"},"content":{"rendered":"\n<p>As  recentes  pol\u00edticas  de  desenvolvimento  social  feitas  pelos  governos  de diversos pa\u00edses em desenvolvimento s\u00e3o marcadas por grandes desafios e t\u00eam tensionado a estrutura estatal  a  responder  segundo  novos  arranjos,  exigindo  processos  de  experimenta\u00e7\u00e3o  institucional  e novas formas de coordena\u00e7\u00e3o entre os setores governamentais.  <\/p>\n\n\n\n<!--more-->\n\n\n\n<div class=\"wp-block-button aligncenter\"><a class=\"wp-block-button__link has-background has-vivid-cyan-blue-background-color\" href=\"https:\/\/alacip.org\/cong13\/363-dasilva-7c.pdf\">Descargar Archivo<\/a><\/div>\n","protected":false},"featured_media":0,"template":"","meta":{"_genesis_hide_title":false,"_genesis_hide_breadcrumbs":false,"_genesis_hide_singular_image":false,"_genesis_hide_footer_widgets":false,"_genesis_custom_body_class":"","_genesis_custom_post_class":"","_genesis_layout":""},"filtro":[102],"anocongresso":[140],"conginstituicion":[248],"areatema":[158],"class_list":{"0":"post-33129","1":"todasponencias","2":"type-todasponencias","3":"status-publish","5":"filtro-brasil","6":"anocongresso-140","7":"conginstituicion-fgv-sp","8":"areatema-admpulpo","9":"entry"},"_links":{"self":[{"href":"https:\/\/alacip.org\/index.php?rest_route=\/wp\/v2\/todasponencias\/33129","targetHints":{"allow":["GET"]}}],"collection":[{"href":"https:\/\/alacip.org\/index.php?rest_route=\/wp\/v2\/todasponencias"}],"about":[{"href":"https:\/\/alacip.org\/index.php?rest_route=\/wp\/v2\/types\/todasponencias"}],"wp:attachment":[{"href":"https:\/\/alacip.org\/index.php?rest_route=%2Fwp%2Fv2%2Fmedia&parent=33129"}],"wp:term":[{"taxonomy":"filtro","embeddable":true,"href":"https:\/\/alacip.org\/index.php?rest_route=%2Fwp%2Fv2%2Ffiltro&post=33129"},{"taxonomy":"anocongresso","embeddable":true,"href":"https:\/\/alacip.org\/index.php?rest_route=%2Fwp%2Fv2%2Fanocongresso&post=33129"},{"taxonomy":"conginstituicion","embeddable":true,"href":"https:\/\/alacip.org\/index.php?rest_route=%2Fwp%2Fv2%2Fconginstituicion&post=33129"},{"taxonomy":"areatema","embeddable":true,"href":"https:\/\/alacip.org\/index.php?rest_route=%2Fwp%2Fv2%2Fareatema&post=33129"}],"curies":[{"name":"wp","href":"https:\/\/api.w.org\/{rel}","templated":true}]}}

La coordinación entre los sectores del ejecutivo a partir del caso del “programa bolsa família” de brasil

<p>As  recentes  políticas  de  desenvolvimento  social  feitas  pelos  governos  de diversos países em desenvolvimento são marcadas por grandes desafios e têm tensionado a estrutura estatal  a  responder  segundo  novos  arranjos,  exigindo  processos  de  experimentação  institucional  e novas formas de coordenação entre os setores governamentais.  </p>



<!--more-->



<div class="wp-block-button aligncenter"><a class="wp-block-button__link has-background has-vivid-cyan-blue-background-color" href="https://alacip.org/cong13/363-dasilva-7c.pdf">Descargar Archivo</a></div>
