{"id":33130,"date":"2020-01-23T17:27:42","date_gmt":"2020-01-23T20:27:42","guid":{"rendered":"https:\/\/alacip.org\/?post_type=todasponencias&#038;p=33130"},"modified":"2020-01-24T22:22:18","modified_gmt":"2020-01-25T01:22:18","slug":"o-declinio-eleitoral-do-pfl-dem","status":"publish","type":"todasponencias","link":"https:\/\/alacip.org\/?todasponencias=o-declinio-eleitoral-do-pfl-dem","title":{"rendered":"O Decl\u00ednio Eleitoral do PFL\/DEM no Congresso Nacional Brasileiro"},"content":{"rendered":"\n<p>O Partido da Frente Liberal (PFL),atual Democratas (DEM),constituiu-se, ao lado do PMDB,  em  um  dos  principais  protagonistas  da  pol\u00edtica  brasileira  nos  \u00faltimos  25  anos.  O sucesso  eleitoral  do  partido  garantiu uma  participa\u00e7\u00e3o  efetiva  nas  coaliz\u00f5es  presidenciais,eesse apoiofoiconvertido   em   cargos   ministeriais   e   na   composi\u00e7\u00e3o   de   uma   bancada parlamentar coesa e disciplinada (Figueiredo, Valente, Limongi, 2000). <\/p>\n\n\n\n<!--more-->\n\n\n\n<div class=\"wp-block-button aligncenter\"><a class=\"wp-block-button__link has-background has-vivid-cyan-blue-background-color\" href=\"https:\/\/alacip.org\/cong13\/365-epitacio-7c.pdf\">Descargar Archivo<\/a><\/div>\n","protected":false},"featured_media":0,"template":"","meta":{"_genesis_hide_title":false,"_genesis_hide_breadcrumbs":false,"_genesis_hide_singular_image":false,"_genesis_hide_footer_widgets":false,"_genesis_custom_body_class":"","_genesis_custom_post_class":"","_genesis_layout":""},"filtro":[102],"anocongresso":[140],"conginstituicion":[205],"areatema":[222,391],"class_list":{"0":"post-33130","1":"todasponencias","2":"type-todasponencias","3":"status-publish","5":"filtro-brasil","6":"anocongresso-140","7":"conginstituicion-unufrgs","8":"areatema-partidos-y-sistemas-de-partidos","9":"areatema-politica-comparada","10":"entry"},"_links":{"self":[{"href":"https:\/\/alacip.org\/index.php?rest_route=\/wp\/v2\/todasponencias\/33130","targetHints":{"allow":["GET"]}}],"collection":[{"href":"https:\/\/alacip.org\/index.php?rest_route=\/wp\/v2\/todasponencias"}],"about":[{"href":"https:\/\/alacip.org\/index.php?rest_route=\/wp\/v2\/types\/todasponencias"}],"wp:attachment":[{"href":"https:\/\/alacip.org\/index.php?rest_route=%2Fwp%2Fv2%2Fmedia&parent=33130"}],"wp:term":[{"taxonomy":"filtro","embeddable":true,"href":"https:\/\/alacip.org\/index.php?rest_route=%2Fwp%2Fv2%2Ffiltro&post=33130"},{"taxonomy":"anocongresso","embeddable":true,"href":"https:\/\/alacip.org\/index.php?rest_route=%2Fwp%2Fv2%2Fanocongresso&post=33130"},{"taxonomy":"conginstituicion","embeddable":true,"href":"https:\/\/alacip.org\/index.php?rest_route=%2Fwp%2Fv2%2Fconginstituicion&post=33130"},{"taxonomy":"areatema","embeddable":true,"href":"https:\/\/alacip.org\/index.php?rest_route=%2Fwp%2Fv2%2Fareatema&post=33130"}],"curies":[{"name":"wp","href":"https:\/\/api.w.org\/{rel}","templated":true}]}}

O Declínio Eleitoral do PFL/DEM no Congresso Nacional Brasileiro

<p>O Partido da Frente Liberal (PFL),atual Democratas (DEM),constituiu-se, ao lado do PMDB,  em  um  dos  principais  protagonistas  da  política  brasileira  nos  últimos  25  anos.  O sucesso  eleitoral  do  partido  garantiu uma  participação  efetiva  nas  coalizões  presidenciais,eesse apoiofoiconvertido   em   cargos   ministeriais   e   na   composição   de   uma   bancada parlamentar coesa e disciplinada (Figueiredo, Valente, Limongi, 2000). </p>



<!--more-->



<div class="wp-block-button aligncenter"><a class="wp-block-button__link has-background has-vivid-cyan-blue-background-color" href="https://alacip.org/cong13/365-epitacio-7c.pdf">Descargar Archivo</a></div>
