{"id":33134,"date":"2020-01-23T18:19:22","date_gmt":"2020-01-23T21:19:22","guid":{"rendered":"https:\/\/alacip.org\/?post_type=todasponencias&#038;p=33134"},"modified":"2020-01-24T22:21:53","modified_gmt":"2020-01-25T01:21:53","slug":"cultura-e-violencia-na-vida-de-jovens","status":"publish","type":"todasponencias","link":"https:\/\/alacip.org\/?todasponencias=cultura-e-violencia-na-vida-de-jovens","title":{"rendered":"Cultura e viol\u00eancia na vida de jovens curitibanos entre 2008 e 2010: redefini\u00e7\u00f5es de espa\u00e7os e perfis"},"content":{"rendered":"\n<p>Esse trabalho pretende apresentar as estrutura e a bibliografia base de um projeto em andamento que analisa como as quest\u00f5es relacionadas \u00e0cultura e a viol\u00eancia urbana se  desenvolvem  entre  grupos  de  jovens pertencentes  as  classes  C  e  D na  cidade  de Curitiba, a partir de dados levantados por bibliografias surgidas no per\u00edodo entre 2008 a2010  e  de  pesquisas  publicadas  nesse  mesmo  per\u00edodo,  por  exemplo  o  livro \u201cOs  jovens de  Curitiba:  esperan\u00e7as  e  desencantos,  juventude  viol\u00eancia  e  cidadania\u201d, o  qual  relata uma pesquisa financiada pela UNESCOerealizada pela UFPR no final dos anos 90.<\/p>\n\n\n\n<!--more-->\n\n\n\n<div class=\"wp-block-button aligncenter\"><a class=\"wp-block-button__link has-background has-vivid-cyan-blue-background-color\" href=\"https:\/\/alacip.org\/cong13\/370-poncio-7c.pdf\">Descargar Archivo<\/a><\/div>\n","protected":false},"featured_media":0,"template":"","meta":{"_genesis_hide_title":false,"_genesis_hide_breadcrumbs":false,"_genesis_hide_singular_image":false,"_genesis_hide_footer_widgets":false,"_genesis_custom_body_class":"","_genesis_custom_post_class":"","_genesis_layout":""},"filtro":[102],"anocongresso":[140],"conginstituicion":[306],"areatema":[468],"class_list":{"0":"post-33134","1":"todasponencias","2":"type-todasponencias","3":"status-publish","5":"filtro-brasil","6":"anocongresso-140","7":"conginstituicion-unfparana","8":"areatema-politica-y-sociedad-en-latinoamerica","9":"entry"},"_links":{"self":[{"href":"https:\/\/alacip.org\/index.php?rest_route=\/wp\/v2\/todasponencias\/33134","targetHints":{"allow":["GET"]}}],"collection":[{"href":"https:\/\/alacip.org\/index.php?rest_route=\/wp\/v2\/todasponencias"}],"about":[{"href":"https:\/\/alacip.org\/index.php?rest_route=\/wp\/v2\/types\/todasponencias"}],"wp:attachment":[{"href":"https:\/\/alacip.org\/index.php?rest_route=%2Fwp%2Fv2%2Fmedia&parent=33134"}],"wp:term":[{"taxonomy":"filtro","embeddable":true,"href":"https:\/\/alacip.org\/index.php?rest_route=%2Fwp%2Fv2%2Ffiltro&post=33134"},{"taxonomy":"anocongresso","embeddable":true,"href":"https:\/\/alacip.org\/index.php?rest_route=%2Fwp%2Fv2%2Fanocongresso&post=33134"},{"taxonomy":"conginstituicion","embeddable":true,"href":"https:\/\/alacip.org\/index.php?rest_route=%2Fwp%2Fv2%2Fconginstituicion&post=33134"},{"taxonomy":"areatema","embeddable":true,"href":"https:\/\/alacip.org\/index.php?rest_route=%2Fwp%2Fv2%2Fareatema&post=33134"}],"curies":[{"name":"wp","href":"https:\/\/api.w.org\/{rel}","templated":true}]}}

Cultura e violência na vida de jovens curitibanos entre 2008 e 2010: redefinições de espaços e perfis

<p>Esse trabalho pretende apresentar as estrutura e a bibliografia base de um projeto em andamento que analisa como as questões relacionadas àcultura e a violência urbana se  desenvolvem  entre  grupos  de  jovens pertencentes  as  classes  C  e  D na  cidade  de Curitiba, a partir de dados levantados por bibliografias surgidas no período entre 2008 a2010  e  de  pesquisas  publicadas  nesse  mesmo  período,  por  exemplo  o  livro “Os  jovens de  Curitiba:  esperanças  e  desencantos,  juventude  violência  e  cidadania”, o  qual  relata uma pesquisa financiada pela UNESCOerealizada pela UFPR no final dos anos 90.</p>



<!--more-->



<div class="wp-block-button aligncenter"><a class="wp-block-button__link has-background has-vivid-cyan-blue-background-color" href="https://alacip.org/cong13/370-poncio-7c.pdf">Descargar Archivo</a></div>
