{"id":33137,"date":"2020-01-23T18:29:39","date_gmt":"2020-01-23T21:29:39","guid":{"rendered":"https:\/\/alacip.org\/?post_type=todasponencias&#038;p=33137"},"modified":"2020-01-24T22:21:34","modified_gmt":"2020-01-25T01:21:34","slug":"dilemas-de-la-representacion-etnica-un","status":"publish","type":"todasponencias","link":"https:\/\/alacip.org\/?todasponencias=dilemas-de-la-representacion-etnica-un","title":{"rendered":"Dilemas de la representaci\u00f3n \u00e9tnica: un an\u00e1lisis te\u00f3rico, electoral y legislativo de las curules especiales en Colombia (1991-2013)"},"content":{"rendered":"\n<p>Para las pr\u00f3ximas eleccioneslegislativas de 2014 existe una amplia posibilidad de que las minor\u00edas pol\u00edticas en Colombia, incluyendo las \u00e9tnicas, pierdan su representaci\u00f3n en el Congreso.  <\/p>\n\n\n\n<!--more-->\n\n\n\n<div class=\"wp-block-button aligncenter\"><a class=\"wp-block-button__link has-background has-vivid-cyan-blue-background-color\" href=\"https:\/\/alacip.org\/cong13\/373-vega-7c.pdf\">Descargar Archivo<\/a><\/div>\n","protected":false},"featured_media":0,"template":"","meta":{"_genesis_hide_title":false,"_genesis_hide_breadcrumbs":false,"_genesis_hide_singular_image":false,"_genesis_hide_footer_widgets":false,"_genesis_custom_body_class":"","_genesis_custom_post_class":"","_genesis_layout":""},"filtro":[109],"anocongresso":[140],"conginstituicion":[153],"areatema":[470],"class_list":{"0":"post-33137","1":"todasponencias","2":"type-todasponencias","3":"status-publish","5":"filtro-colombia","6":"anocongresso-140","7":"conginstituicion-s","8":"areatema-nuevas-aproximaciones-empiricas-sobre-el-poder-del-congreso-colombiano","9":"entry"},"_links":{"self":[{"href":"https:\/\/alacip.org\/index.php?rest_route=\/wp\/v2\/todasponencias\/33137","targetHints":{"allow":["GET"]}}],"collection":[{"href":"https:\/\/alacip.org\/index.php?rest_route=\/wp\/v2\/todasponencias"}],"about":[{"href":"https:\/\/alacip.org\/index.php?rest_route=\/wp\/v2\/types\/todasponencias"}],"wp:attachment":[{"href":"https:\/\/alacip.org\/index.php?rest_route=%2Fwp%2Fv2%2Fmedia&parent=33137"}],"wp:term":[{"taxonomy":"filtro","embeddable":true,"href":"https:\/\/alacip.org\/index.php?rest_route=%2Fwp%2Fv2%2Ffiltro&post=33137"},{"taxonomy":"anocongresso","embeddable":true,"href":"https:\/\/alacip.org\/index.php?rest_route=%2Fwp%2Fv2%2Fanocongresso&post=33137"},{"taxonomy":"conginstituicion","embeddable":true,"href":"https:\/\/alacip.org\/index.php?rest_route=%2Fwp%2Fv2%2Fconginstituicion&post=33137"},{"taxonomy":"areatema","embeddable":true,"href":"https:\/\/alacip.org\/index.php?rest_route=%2Fwp%2Fv2%2Fareatema&post=33137"}],"curies":[{"name":"wp","href":"https:\/\/api.w.org\/{rel}","templated":true}]}}

Dilemas de la representación étnica: un análisis teórico, electoral y legislativo de las curules especiales en Colombia (1991-2013)

<p>Para las próximas eleccioneslegislativas de 2014 existe una amplia posibilidad de que las minorías políticas en Colombia, incluyendo las étnicas, pierdan su representación en el Congreso.  </p>



<!--more-->



<div class="wp-block-button aligncenter"><a class="wp-block-button__link has-background has-vivid-cyan-blue-background-color" href="https://alacip.org/cong13/373-vega-7c.pdf">Descargar Archivo</a></div>
