{"id":33138,"date":"2020-01-23T18:32:17","date_gmt":"2020-01-23T21:32:17","guid":{"rendered":"https:\/\/alacip.org\/?post_type=todasponencias&#038;p=33138"},"modified":"2020-01-24T22:21:29","modified_gmt":"2020-01-25T01:21:29","slug":"a-politica-social-do-governo-chavez","status":"publish","type":"todasponencias","link":"https:\/\/alacip.org\/?todasponencias=a-politica-social-do-governo-chavez","title":{"rendered":"A pol\u00edtica social do Governo Ch\u00e1vez: quais os avan\u00e7os?"},"content":{"rendered":"\n<p>A  quest\u00e3o  que  norteia  o  presente  artigo  est\u00e1  diretamente  vinculada  \u00e0  concep\u00e7\u00e3o  de democracia  no  governo  Ch\u00e1vez  e  sua  rela\u00e7\u00e3o  com  a  dimens\u00e3o  social.  Desde  o  fim  da d\u00e9cada de1990, a Venezuela tem passado por mudan\u00e7as relevantes, configurando \u201cnovas\u201d formas  de  pensar  a  democracia,  bem  como,  a  rela\u00e7\u00e3o  liberdade  e  igualdade  no  projeto democr\u00e1tico.  <\/p>\n\n\n\n<!--more-->\n\n\n\n<div class=\"wp-block-button aligncenter\"><a class=\"wp-block-button__link has-background has-vivid-cyan-blue-background-color\" href=\"https:\/\/alacip.org\/cong13\/375-fukushima-7c.pdf\">Descargar Archivo<\/a><\/div>\n","protected":false},"featured_media":0,"template":"","meta":{"_genesis_hide_title":false,"_genesis_hide_breadcrumbs":false,"_genesis_hide_singular_image":false,"_genesis_hide_footer_widgets":false,"_genesis_custom_body_class":"","_genesis_custom_post_class":"","_genesis_layout":""},"filtro":[102],"anocongresso":[140],"conginstituicion":[221],"areatema":[471,391],"class_list":{"0":"post-33138","1":"todasponencias","2":"type-todasponencias","3":"status-publish","5":"filtro-brasil","6":"anocongresso-140","7":"conginstituicion-ufsao-carlos","8":"areatema-los-gobiernos-de-izquierda-en-america-latina","9":"areatema-politica-comparada","10":"entry"},"_links":{"self":[{"href":"https:\/\/alacip.org\/index.php?rest_route=\/wp\/v2\/todasponencias\/33138","targetHints":{"allow":["GET"]}}],"collection":[{"href":"https:\/\/alacip.org\/index.php?rest_route=\/wp\/v2\/todasponencias"}],"about":[{"href":"https:\/\/alacip.org\/index.php?rest_route=\/wp\/v2\/types\/todasponencias"}],"wp:attachment":[{"href":"https:\/\/alacip.org\/index.php?rest_route=%2Fwp%2Fv2%2Fmedia&parent=33138"}],"wp:term":[{"taxonomy":"filtro","embeddable":true,"href":"https:\/\/alacip.org\/index.php?rest_route=%2Fwp%2Fv2%2Ffiltro&post=33138"},{"taxonomy":"anocongresso","embeddable":true,"href":"https:\/\/alacip.org\/index.php?rest_route=%2Fwp%2Fv2%2Fanocongresso&post=33138"},{"taxonomy":"conginstituicion","embeddable":true,"href":"https:\/\/alacip.org\/index.php?rest_route=%2Fwp%2Fv2%2Fconginstituicion&post=33138"},{"taxonomy":"areatema","embeddable":true,"href":"https:\/\/alacip.org\/index.php?rest_route=%2Fwp%2Fv2%2Fareatema&post=33138"}],"curies":[{"name":"wp","href":"https:\/\/api.w.org\/{rel}","templated":true}]}}

A política social do Governo Chávez: quais os avanços?

<p>A  questão  que  norteia  o  presente  artigo  está  diretamente  vinculada  à  concepção  de democracia  no  governo  Chávez  e  sua  relação  com  a  dimensão  social.  Desde  o  fim  da década de1990, a Venezuela tem passado por mudanças relevantes, configurando “novas” formas  de  pensar  a  democracia,  bem  como,  a  relação  liberdade  e  igualdade  no  projeto democrático.  </p>



<!--more-->



<div class="wp-block-button aligncenter"><a class="wp-block-button__link has-background has-vivid-cyan-blue-background-color" href="https://alacip.org/cong13/375-fukushima-7c.pdf">Descargar Archivo</a></div>
