{"id":33142,"date":"2020-01-23T18:49:17","date_gmt":"2020-01-23T21:49:17","guid":{"rendered":"https:\/\/alacip.org\/?post_type=todasponencias&#038;p=33142"},"modified":"2020-01-24T22:21:10","modified_gmt":"2020-01-25T01:21:10","slug":"el-territorio-como-categoria-en-el-estudio","status":"publish","type":"todasponencias","link":"https:\/\/alacip.org\/?todasponencias=el-territorio-como-categoria-en-el-estudio","title":{"rendered":"El territorio como categor\u00eda en el estudio del proceso de pol\u00edticas p\u00fablicas. La pol\u00edtica p\u00fablicade desplazamiento forzado(Medell\u00edn)"},"content":{"rendered":"\n<p>El territorio es quiz\u00e1 un concepto poco abordado en los estudios de pol\u00edtica p\u00fablica, cuando se  ha  hecho  se  ha  enmarcado  m\u00e1s  en  el  componente  espacial  donde  hace  presencia  la acci\u00f3n  del  Estado,  sin  embargo  se  hace  necesario  repensarse  esa  categor\u00eda  y  abordarla desde otras perspectivas, es en este sentido que esta ponencia pone \u00e9nfasis en resignificar el territorio en el marco del estudio del proceso de pol\u00edticas p\u00fablicas.  <\/p>\n\n\n\n<!--more-->\n\n\n\n<div class=\"wp-block-button aligncenter\"><a class=\"wp-block-button__link has-background has-vivid-cyan-blue-background-color\" href=\"https:\/\/alacip.org\/cong13\/380-castro-7c.pdf\">Descargar Archivo<\/a><\/div>\n","protected":false},"featured_media":0,"template":"","meta":{"_genesis_hide_title":false,"_genesis_hide_breadcrumbs":false,"_genesis_hide_singular_image":false,"_genesis_hide_footer_widgets":false,"_genesis_custom_body_class":"","_genesis_custom_post_class":"","_genesis_layout":""},"filtro":[109],"anocongresso":[140],"conginstituicion":[193],"areatema":[158],"class_list":{"0":"post-33142","1":"todasponencias","2":"type-todasponencias","3":"status-publish","5":"filtro-colombia","6":"anocongresso-140","7":"conginstituicion-fdcpuantioquia","8":"areatema-admpulpo","9":"entry"},"_links":{"self":[{"href":"https:\/\/alacip.org\/index.php?rest_route=\/wp\/v2\/todasponencias\/33142","targetHints":{"allow":["GET"]}}],"collection":[{"href":"https:\/\/alacip.org\/index.php?rest_route=\/wp\/v2\/todasponencias"}],"about":[{"href":"https:\/\/alacip.org\/index.php?rest_route=\/wp\/v2\/types\/todasponencias"}],"wp:attachment":[{"href":"https:\/\/alacip.org\/index.php?rest_route=%2Fwp%2Fv2%2Fmedia&parent=33142"}],"wp:term":[{"taxonomy":"filtro","embeddable":true,"href":"https:\/\/alacip.org\/index.php?rest_route=%2Fwp%2Fv2%2Ffiltro&post=33142"},{"taxonomy":"anocongresso","embeddable":true,"href":"https:\/\/alacip.org\/index.php?rest_route=%2Fwp%2Fv2%2Fanocongresso&post=33142"},{"taxonomy":"conginstituicion","embeddable":true,"href":"https:\/\/alacip.org\/index.php?rest_route=%2Fwp%2Fv2%2Fconginstituicion&post=33142"},{"taxonomy":"areatema","embeddable":true,"href":"https:\/\/alacip.org\/index.php?rest_route=%2Fwp%2Fv2%2Fareatema&post=33142"}],"curies":[{"name":"wp","href":"https:\/\/api.w.org\/{rel}","templated":true}]}}

El territorio como categoría en el estudio del proceso de políticas públicas. La política públicade desplazamiento forzado(Medellín)

<p>El territorio es quizá un concepto poco abordado en los estudios de política pública, cuando se  ha  hecho  se  ha  enmarcado  más  en  el  componente  espacial  donde  hace  presencia  la acción  del  Estado,  sin  embargo  se  hace  necesario  repensarse  esa  categoría  y  abordarla desde otras perspectivas, es en este sentido que esta ponencia pone énfasis en resignificar el territorio en el marco del estudio del proceso de políticas públicas.  </p>



<!--more-->



<div class="wp-block-button aligncenter"><a class="wp-block-button__link has-background has-vivid-cyan-blue-background-color" href="https://alacip.org/cong13/380-castro-7c.pdf">Descargar Archivo</a></div>
