{"id":33148,"date":"2020-01-23T19:54:13","date_gmt":"2020-01-23T22:54:13","guid":{"rendered":"https:\/\/alacip.org\/?post_type=todasponencias&#038;p=33148"},"modified":"2020-01-24T22:20:37","modified_gmt":"2020-01-25T01:20:37","slug":"cultura-politica-de-los-adultos-mayores-en-colombia","status":"publish","type":"todasponencias","link":"https:\/\/alacip.org\/?todasponencias=cultura-politica-de-los-adultos-mayores-en-colombia","title":{"rendered":"Cultura pol\u00edtica de los adultos mayores en Colombia 2004 -2010: \u00bfHacia una ciudadan\u00eda activa?"},"content":{"rendered":"\n<p>Ante   la   ausencia   de   miradas   emp\u00edricas   que   ayuden   a   revisar   las   perspectivas estructuralistas  y  normativas  que  frente  a  los  adultos  mayores  han  predominado  en  las \u00e1reas  interesadas  en  la  situaci\u00f3n  de  esta  poblaci\u00f3n,  esta  investigaci\u00f3n  busca  aportar  a  la construcci\u00f3n  de  una  mirada  novedosa  que  permita  complementar  y  reinterpretar  el significado   del   envejecimiento   a   la   luz   de   la   evidencia   y   la   lectura   anal\u00edtica   del comportamiento  humano.   <\/p>\n\n\n\n<!--more-->\n\n\n\n<div class=\"wp-block-button aligncenter\"><a class=\"wp-block-button__link has-background has-vivid-cyan-blue-background-color\" href=\"https:\/\/alacip.org\/cong13\/391-casas-7c.pdf\">Descargar Archivo<\/a><\/div>\n","protected":false},"featured_media":0,"template":"","meta":{"_genesis_hide_title":false,"_genesis_hide_breadcrumbs":false,"_genesis_hide_singular_image":false,"_genesis_hide_footer_widgets":false,"_genesis_custom_body_class":"","_genesis_custom_post_class":"","_genesis_layout":""},"filtro":[109],"anocongresso":[140],"conginstituicion":[272],"areatema":[481],"class_list":{"0":"post-33148","1":"todasponencias","2":"type-todasponencias","3":"status-publish","5":"filtro-colombia","6":"anocongresso-140","7":"conginstituicion-ujaveriana","8":"areatema-imaginarios-y-cultura-politica-en-america-latina","9":"entry"},"_links":{"self":[{"href":"https:\/\/alacip.org\/index.php?rest_route=\/wp\/v2\/todasponencias\/33148","targetHints":{"allow":["GET"]}}],"collection":[{"href":"https:\/\/alacip.org\/index.php?rest_route=\/wp\/v2\/todasponencias"}],"about":[{"href":"https:\/\/alacip.org\/index.php?rest_route=\/wp\/v2\/types\/todasponencias"}],"wp:attachment":[{"href":"https:\/\/alacip.org\/index.php?rest_route=%2Fwp%2Fv2%2Fmedia&parent=33148"}],"wp:term":[{"taxonomy":"filtro","embeddable":true,"href":"https:\/\/alacip.org\/index.php?rest_route=%2Fwp%2Fv2%2Ffiltro&post=33148"},{"taxonomy":"anocongresso","embeddable":true,"href":"https:\/\/alacip.org\/index.php?rest_route=%2Fwp%2Fv2%2Fanocongresso&post=33148"},{"taxonomy":"conginstituicion","embeddable":true,"href":"https:\/\/alacip.org\/index.php?rest_route=%2Fwp%2Fv2%2Fconginstituicion&post=33148"},{"taxonomy":"areatema","embeddable":true,"href":"https:\/\/alacip.org\/index.php?rest_route=%2Fwp%2Fv2%2Fareatema&post=33148"}],"curies":[{"name":"wp","href":"https:\/\/api.w.org\/{rel}","templated":true}]}}

Cultura política de los adultos mayores en Colombia 2004 -2010: ¿Hacia una ciudadanía activa?

<p>Ante   la   ausencia   de   miradas   empíricas   que   ayuden   a   revisar   las   perspectivas estructuralistas  y  normativas  que  frente  a  los  adultos  mayores  han  predominado  en  las áreas  interesadas  en  la  situación  de  esta  población,  esta  investigación  busca  aportar  a  la construcción  de  una  mirada  novedosa  que  permita  complementar  y  reinterpretar  el significado   del   envejecimiento   a   la   luz   de   la   evidencia   y   la   lectura   analítica   del comportamiento  humano.   </p>



<!--more-->



<div class="wp-block-button aligncenter"><a class="wp-block-button__link has-background has-vivid-cyan-blue-background-color" href="https://alacip.org/cong13/391-casas-7c.pdf">Descargar Archivo</a></div>
