{"id":33151,"date":"2020-01-23T20:05:44","date_gmt":"2020-01-23T23:05:44","guid":{"rendered":"https:\/\/alacip.org\/?post_type=todasponencias&#038;p=33151"},"modified":"2020-01-24T22:20:18","modified_gmt":"2020-01-25T01:20:18","slug":"caracterizacion-dela-relacion-politica","status":"publish","type":"todasponencias","link":"https:\/\/alacip.org\/?todasponencias=caracterizacion-dela-relacion-politica","title":{"rendered":"Caracterizaci\u00f3n de la relaci\u00f3n pol\u00edtica y econ\u00f3mica de Am\u00e9rica Latina con Asia-Pac\u00edfico, especialmente de Chile, Per\u00fa y Colombia con China"},"content":{"rendered":"\n<p> La  importancia  creciente  de  Am\u00e9rica  Latina  y  el  Caribe  para  el  Asia \u2013Pac\u00edfico  se  refleja  en  unmayor  dinamismodel  comercio.En  el  primer semestre   de   2012   Asia-Pac\u00edfico   represent\u00f3   el   18%   y   27%   de   las exportaciones  e  importaciones  regionales,  respectivamente  (v\u00e9ase  Cuadro 1). <\/p>\n\n\n\n<!--more-->\n\n\n\n<div class=\"wp-block-button aligncenter\"><a class=\"wp-block-button__link has-background has-vivid-cyan-blue-background-color\" href=\"https:\/\/alacip.org\/cong13\/392-gomez-7c.pdf\">Descargar Archivo<\/a><\/div>\n","protected":false},"featured_media":0,"template":"","meta":{"_genesis_hide_title":false,"_genesis_hide_breadcrumbs":false,"_genesis_hide_singular_image":false,"_genesis_hide_footer_widgets":false,"_genesis_custom_body_class":"","_genesis_custom_post_class":"","_genesis_layout":""},"filtro":[109],"anocongresso":[140],"conginstituicion":[229],"areatema":[160],"class_list":{"0":"post-33151","1":"todasponencias","2":"type-todasponencias","3":"status-publish","5":"filtro-colombia","6":"anocongresso-140","7":"conginstituicion-uncolombia","8":"areatema-relaciones-internacionales","9":"entry"},"_links":{"self":[{"href":"https:\/\/alacip.org\/index.php?rest_route=\/wp\/v2\/todasponencias\/33151","targetHints":{"allow":["GET"]}}],"collection":[{"href":"https:\/\/alacip.org\/index.php?rest_route=\/wp\/v2\/todasponencias"}],"about":[{"href":"https:\/\/alacip.org\/index.php?rest_route=\/wp\/v2\/types\/todasponencias"}],"wp:attachment":[{"href":"https:\/\/alacip.org\/index.php?rest_route=%2Fwp%2Fv2%2Fmedia&parent=33151"}],"wp:term":[{"taxonomy":"filtro","embeddable":true,"href":"https:\/\/alacip.org\/index.php?rest_route=%2Fwp%2Fv2%2Ffiltro&post=33151"},{"taxonomy":"anocongresso","embeddable":true,"href":"https:\/\/alacip.org\/index.php?rest_route=%2Fwp%2Fv2%2Fanocongresso&post=33151"},{"taxonomy":"conginstituicion","embeddable":true,"href":"https:\/\/alacip.org\/index.php?rest_route=%2Fwp%2Fv2%2Fconginstituicion&post=33151"},{"taxonomy":"areatema","embeddable":true,"href":"https:\/\/alacip.org\/index.php?rest_route=%2Fwp%2Fv2%2Fareatema&post=33151"}],"curies":[{"name":"wp","href":"https:\/\/api.w.org\/{rel}","templated":true}]}}

Caracterización de la relación política y económica de América Latina con Asia-Pacífico, especialmente de Chile, Perú y Colombia con China

<p> La  importancia  creciente  de  América  Latina  y  el  Caribe  para  el  Asia –Pacífico  se  refleja  en  unmayor  dinamismodel  comercio.En  el  primer semestre   de   2012   Asia-Pacífico   representó   el   18%   y   27%   de   las exportaciones  e  importaciones  regionales,  respectivamente  (véase  Cuadro 1). </p>



<!--more-->



<div class="wp-block-button aligncenter"><a class="wp-block-button__link has-background has-vivid-cyan-blue-background-color" href="https://alacip.org/cong13/392-gomez-7c.pdf">Descargar Archivo</a></div>
