{"id":33155,"date":"2020-01-23T20:24:41","date_gmt":"2020-01-23T23:24:41","guid":{"rendered":"https:\/\/alacip.org\/?post_type=todasponencias&#038;p=33155"},"modified":"2020-01-24T22:19:49","modified_gmt":"2020-01-25T01:19:49","slug":"la-politica-exterior-colombiana-en-la-industria","status":"publish","type":"todasponencias","link":"https:\/\/alacip.org\/?todasponencias=la-politica-exterior-colombiana-en-la-industria","title":{"rendered":"La pol\u00edtica exterior colombiana en la industria petrolera durante el periodo 2003 \u2013 2010"},"content":{"rendered":"\n<p>El trabajo es una reflexi\u00f3n sobre la incidencia que tuvo la diplomacia econ\u00f3mica y la diplomacia p\u00fablica en la industria petrolera en Colombia, en el periodo 2003-2010 Se parte de la hip\u00f3tesis que los cambios jur\u00eddicos y econ\u00f3micos, as\u00ed como la promoci\u00f3n de Colombia como destino de inversi\u00f3n entre 2003 y 2010, enmarcados te\u00f3ricamente en la  Diplomacia  Econ\u00f3mica  y  Diplomacia  P\u00fablica,  influyeron  en  el  desarrollo  de  la industria   petrolera,   al   atraer   inversi\u00f3n   extranjera   privada   a   trav\u00e9s   de   empresas multinacionales.   <\/p>\n\n\n\n<!--more-->\n\n\n\n<div class=\"wp-block-button aligncenter\"><a class=\"wp-block-button__link has-background has-vivid-cyan-blue-background-color\" href=\"https:\/\/alacip.org\/cong13\/399-silva-7c.pdf\">Descargar Archivo<\/a><\/div>\n","protected":false},"featured_media":0,"template":"","meta":{"_genesis_hide_title":false,"_genesis_hide_breadcrumbs":false,"_genesis_hide_singular_image":false,"_genesis_hide_footer_widgets":false,"_genesis_custom_body_class":"","_genesis_custom_post_class":"","_genesis_layout":""},"filtro":[109],"anocongresso":[140],"conginstituicion":[483],"areatema":[484,160],"class_list":{"0":"post-33155","1":"todasponencias","2":"type-todasponencias","3":"status-publish","5":"filtro-colombia","6":"anocongresso-140","7":"conginstituicion-universidad-el-bosque","8":"areatema-actores-no-estatales-en-la-politica-exterior-colombiana","9":"areatema-relaciones-internacionales","10":"entry"},"_links":{"self":[{"href":"https:\/\/alacip.org\/index.php?rest_route=\/wp\/v2\/todasponencias\/33155","targetHints":{"allow":["GET"]}}],"collection":[{"href":"https:\/\/alacip.org\/index.php?rest_route=\/wp\/v2\/todasponencias"}],"about":[{"href":"https:\/\/alacip.org\/index.php?rest_route=\/wp\/v2\/types\/todasponencias"}],"wp:attachment":[{"href":"https:\/\/alacip.org\/index.php?rest_route=%2Fwp%2Fv2%2Fmedia&parent=33155"}],"wp:term":[{"taxonomy":"filtro","embeddable":true,"href":"https:\/\/alacip.org\/index.php?rest_route=%2Fwp%2Fv2%2Ffiltro&post=33155"},{"taxonomy":"anocongresso","embeddable":true,"href":"https:\/\/alacip.org\/index.php?rest_route=%2Fwp%2Fv2%2Fanocongresso&post=33155"},{"taxonomy":"conginstituicion","embeddable":true,"href":"https:\/\/alacip.org\/index.php?rest_route=%2Fwp%2Fv2%2Fconginstituicion&post=33155"},{"taxonomy":"areatema","embeddable":true,"href":"https:\/\/alacip.org\/index.php?rest_route=%2Fwp%2Fv2%2Fareatema&post=33155"}],"curies":[{"name":"wp","href":"https:\/\/api.w.org\/{rel}","templated":true}]}}

La política exterior colombiana en la industria petrolera durante el periodo 2003 – 2010

<p>El trabajo es una reflexión sobre la incidencia que tuvo la diplomacia económica y la diplomacia pública en la industria petrolera en Colombia, en el periodo 2003-2010 Se parte de la hipótesis que los cambios jurídicos y económicos, así como la promoción de Colombia como destino de inversión entre 2003 y 2010, enmarcados teóricamente en la  Diplomacia  Económica  y  Diplomacia  Pública,  influyeron  en  el  desarrollo  de  la industria   petrolera,   al   atraer   inversión   extranjera   privada   a   través   de   empresas multinacionales.   </p>



<!--more-->



<div class="wp-block-button aligncenter"><a class="wp-block-button__link has-background has-vivid-cyan-blue-background-color" href="https://alacip.org/cong13/399-silva-7c.pdf">Descargar Archivo</a></div>
