{"id":33168,"date":"2020-01-24T15:37:16","date_gmt":"2020-01-24T18:37:16","guid":{"rendered":"https:\/\/alacip.org\/?post_type=todasponencias&#038;p=33168"},"modified":"2020-01-24T22:18:44","modified_gmt":"2020-01-25T01:18:44","slug":"el-lugar-de-la-cultura-hoyen-la","status":"publish","type":"todasponencias","link":"https:\/\/alacip.org\/?todasponencias=el-lugar-de-la-cultura-hoyen-la","title":{"rendered":"El lugar de la cultura hoy,en la crisis del capitalismo global"},"content":{"rendered":"\n<p>La gran crisis del sistema capitalista mundial, la que transcurre entre 2007\/ 2008 marca uno de los recesos m\u00e1s importantes de la econom\u00eda. Pero sus efectos permean en un  esquema  m\u00e1samplio  que  s\u00f3lo  el  econ\u00f3mico, lesionando  visiblemente  los  v\u00ednculos socio-pol\u00edticos.   <\/p>\n\n\n\n<!--more-->\n\n\n\n<div class=\"wp-block-button aligncenter\"><a class=\"wp-block-button__link has-background has-vivid-cyan-blue-background-color\" href=\"https:\/\/alacip.org\/cong13\/438- sanchez-7c.pdf\">Descargar Archivo<\/a><\/div>\n","protected":false},"featured_media":0,"template":"","meta":{"_genesis_hide_title":false,"_genesis_hide_breadcrumbs":false,"_genesis_hide_singular_image":false,"_genesis_hide_footer_widgets":false,"_genesis_custom_body_class":"","_genesis_custom_post_class":"","_genesis_layout":""},"filtro":[105],"anocongresso":[140],"conginstituicion":[344],"areatema":[157],"class_list":{"0":"post-33168","1":"todasponencias","2":"type-todasponencias","3":"status-publish","5":"filtro-argentina","6":"anocongresso-140","7":"conginstituicion-unrcuarto","8":"areatema-teorpolfil","9":"entry"},"_links":{"self":[{"href":"https:\/\/alacip.org\/index.php?rest_route=\/wp\/v2\/todasponencias\/33168","targetHints":{"allow":["GET"]}}],"collection":[{"href":"https:\/\/alacip.org\/index.php?rest_route=\/wp\/v2\/todasponencias"}],"about":[{"href":"https:\/\/alacip.org\/index.php?rest_route=\/wp\/v2\/types\/todasponencias"}],"wp:attachment":[{"href":"https:\/\/alacip.org\/index.php?rest_route=%2Fwp%2Fv2%2Fmedia&parent=33168"}],"wp:term":[{"taxonomy":"filtro","embeddable":true,"href":"https:\/\/alacip.org\/index.php?rest_route=%2Fwp%2Fv2%2Ffiltro&post=33168"},{"taxonomy":"anocongresso","embeddable":true,"href":"https:\/\/alacip.org\/index.php?rest_route=%2Fwp%2Fv2%2Fanocongresso&post=33168"},{"taxonomy":"conginstituicion","embeddable":true,"href":"https:\/\/alacip.org\/index.php?rest_route=%2Fwp%2Fv2%2Fconginstituicion&post=33168"},{"taxonomy":"areatema","embeddable":true,"href":"https:\/\/alacip.org\/index.php?rest_route=%2Fwp%2Fv2%2Fareatema&post=33168"}],"curies":[{"name":"wp","href":"https:\/\/api.w.org\/{rel}","templated":true}]}}

<p>La gran crisis del sistema capitalista mundial, la que transcurre entre 2007/ 2008 marca uno de los recesos más importantes de la economía. Pero sus efectos permean en un  esquema  másamplio  que  sólo  el  económico, lesionando  visiblemente  los  vínculos socio-políticos.   </p>



<!--more-->



<div class="wp-block-button aligncenter"><a class="wp-block-button__link has-background has-vivid-cyan-blue-background-color" href="https://alacip.org/cong13/438- sanchez-7c.pdf">Descargar Archivo</a></div>
