{"id":33170,"date":"2020-01-24T15:46:45","date_gmt":"2020-01-24T18:46:45","guid":{"rendered":"https:\/\/alacip.org\/?post_type=todasponencias&#038;p=33170"},"modified":"2020-01-24T22:18:33","modified_gmt":"2020-01-25T01:18:33","slug":"la-profesionalizacion-de-los-docentes","status":"publish","type":"todasponencias","link":"https:\/\/alacip.org\/?todasponencias=la-profesionalizacion-de-los-docentes","title":{"rendered":"La profesionalizaci\u00f3n de los docentes de los centros de educaci\u00f3n inicial en la Ciudad de M\u00e9xico: dificultades y alcances."},"content":{"rendered":"\n<p>El trabajo que nos ocupa  se enfoca en  un  subsistema  muy  poco  conocido:  la  educaci\u00f3n inicial y  preescolar dependiente  del  Gobierno  de  la  Ciudad  de  M\u00e9xico (que  a  la  fecha consiste  en 312 planteles  repartidos  en  las 16  delegaciones  pol\u00edticas  de  la  capital  del pa\u00eds). <\/p>\n\n\n\n<!--more-->\n\n\n\n<div class=\"wp-block-button aligncenter\"><a class=\"wp-block-button__link has-background has-vivid-cyan-blue-background-color\" href=\"https:\/\/alacip.org\/cong13\/440-hernandez-7c.pdf\">Descargar Archivo<\/a><\/div>\n","protected":false},"featured_media":0,"template":"","meta":{"_genesis_hide_title":false,"_genesis_hide_breadcrumbs":false,"_genesis_hide_singular_image":false,"_genesis_hide_footer_widgets":false,"_genesis_custom_body_class":"","_genesis_custom_post_class":"","_genesis_layout":""},"filtro":[115],"anocongresso":[140],"conginstituicion":[251],"areatema":[495],"class_list":{"0":"post-33170","1":"todasponencias","2":"type-todasponencias","3":"status-publish","5":"filtro-mexico","6":"anocongresso-140","7":"conginstituicion-u-pedagogica-n","8":"areatema-enfoques-neoinstitucionalistas-de-analisis-de-politicas-publicas","9":"entry"},"_links":{"self":[{"href":"https:\/\/alacip.org\/index.php?rest_route=\/wp\/v2\/todasponencias\/33170","targetHints":{"allow":["GET"]}}],"collection":[{"href":"https:\/\/alacip.org\/index.php?rest_route=\/wp\/v2\/todasponencias"}],"about":[{"href":"https:\/\/alacip.org\/index.php?rest_route=\/wp\/v2\/types\/todasponencias"}],"wp:attachment":[{"href":"https:\/\/alacip.org\/index.php?rest_route=%2Fwp%2Fv2%2Fmedia&parent=33170"}],"wp:term":[{"taxonomy":"filtro","embeddable":true,"href":"https:\/\/alacip.org\/index.php?rest_route=%2Fwp%2Fv2%2Ffiltro&post=33170"},{"taxonomy":"anocongresso","embeddable":true,"href":"https:\/\/alacip.org\/index.php?rest_route=%2Fwp%2Fv2%2Fanocongresso&post=33170"},{"taxonomy":"conginstituicion","embeddable":true,"href":"https:\/\/alacip.org\/index.php?rest_route=%2Fwp%2Fv2%2Fconginstituicion&post=33170"},{"taxonomy":"areatema","embeddable":true,"href":"https:\/\/alacip.org\/index.php?rest_route=%2Fwp%2Fv2%2Fareatema&post=33170"}],"curies":[{"name":"wp","href":"https:\/\/api.w.org\/{rel}","templated":true}]}}

La profesionalización de los docentes de los centros de educación inicial en la Ciudad de México: dificultades y alcances.

<p>El trabajo que nos ocupa  se enfoca en  un  subsistema  muy  poco  conocido:  la  educación inicial y  preescolar dependiente  del  Gobierno  de  la  Ciudad  de  México (que  a  la  fecha consiste  en 312 planteles  repartidos  en  las 16  delegaciones  políticas  de  la  capital  del país). </p>



<!--more-->



<div class="wp-block-button aligncenter"><a class="wp-block-button__link has-background has-vivid-cyan-blue-background-color" href="https://alacip.org/cong13/440-hernandez-7c.pdf">Descargar Archivo</a></div>
