{"id":33183,"date":"2020-01-24T17:19:47","date_gmt":"2020-01-24T20:19:47","guid":{"rendered":"https:\/\/alacip.org\/?post_type=todasponencias&#038;p=33183"},"modified":"2020-01-24T22:17:30","modified_gmt":"2020-01-25T01:17:30","slug":"a-politica-externa-do-brasil-na-era-lula","status":"publish","type":"todasponencias","link":"https:\/\/alacip.org\/?todasponencias=a-politica-externa-do-brasil-na-era-lula","title":{"rendered":"A pol\u00edtica externa do Brasil na era Lula e a especificidade da Venezuela"},"content":{"rendered":"\n<p>O objetivo \u00e9 apresentar  os pontos fundamentais  da pol\u00edtica  externa brasileira durante a era iniciada pela chegada de Luiz In\u00e1cio Lula da Silva ao poder (2003), enfatizando os aspectos  que  mais  diretamente  influenciaram  a  pol\u00edtica  em  rela\u00e7\u00e3o  \u00e0  Venezuela<\/p>\n\n\n\n<!--more-->\n\n\n\n<div class=\"wp-block-button aligncenter\"><a class=\"wp-block-button__link has-background has-vivid-cyan-blue-background-color\" href=\"https:\/\/alacip.org\/cong13\/448-barros-7c.pdf\">Descargar Archivo<\/a><\/div>\n\n\n\n<p><\/p>\n","protected":false},"featured_media":0,"template":"","meta":{"_genesis_hide_title":false,"_genesis_hide_breadcrumbs":false,"_genesis_hide_singular_image":false,"_genesis_hide_footer_widgets":false,"_genesis_custom_body_class":"","_genesis_custom_post_class":"","_genesis_layout":""},"filtro":[102],"anocongresso":[140],"conginstituicion":[153],"areatema":[160],"class_list":{"0":"post-33183","1":"todasponencias","2":"type-todasponencias","3":"status-publish","5":"filtro-brasil","6":"anocongresso-140","7":"conginstituicion-s","8":"areatema-relaciones-internacionales","9":"entry"},"_links":{"self":[{"href":"https:\/\/alacip.org\/index.php?rest_route=\/wp\/v2\/todasponencias\/33183","targetHints":{"allow":["GET"]}}],"collection":[{"href":"https:\/\/alacip.org\/index.php?rest_route=\/wp\/v2\/todasponencias"}],"about":[{"href":"https:\/\/alacip.org\/index.php?rest_route=\/wp\/v2\/types\/todasponencias"}],"wp:attachment":[{"href":"https:\/\/alacip.org\/index.php?rest_route=%2Fwp%2Fv2%2Fmedia&parent=33183"}],"wp:term":[{"taxonomy":"filtro","embeddable":true,"href":"https:\/\/alacip.org\/index.php?rest_route=%2Fwp%2Fv2%2Ffiltro&post=33183"},{"taxonomy":"anocongresso","embeddable":true,"href":"https:\/\/alacip.org\/index.php?rest_route=%2Fwp%2Fv2%2Fanocongresso&post=33183"},{"taxonomy":"conginstituicion","embeddable":true,"href":"https:\/\/alacip.org\/index.php?rest_route=%2Fwp%2Fv2%2Fconginstituicion&post=33183"},{"taxonomy":"areatema","embeddable":true,"href":"https:\/\/alacip.org\/index.php?rest_route=%2Fwp%2Fv2%2Fareatema&post=33183"}],"curies":[{"name":"wp","href":"https:\/\/api.w.org\/{rel}","templated":true}]}}

A política externa do Brasil na era Lula e a especificidade da Venezuela

<p>O objetivo é apresentar  os pontos fundamentais  da política  externa brasileira durante a era iniciada pela chegada de Luiz Inácio Lula da Silva ao poder (2003), enfatizando os aspectos  que  mais  diretamente  influenciaram  a  política  em  relação  à  Venezuela</p>



<!--more-->



<div class="wp-block-button aligncenter"><a class="wp-block-button__link has-background has-vivid-cyan-blue-background-color" href="https://alacip.org/cong13/448-barros-7c.pdf">Descargar Archivo</a></div>



<p></p>
