{"id":33184,"date":"2020-01-24T17:24:09","date_gmt":"2020-01-24T20:24:09","guid":{"rendered":"https:\/\/alacip.org\/?post_type=todasponencias&#038;p=33184"},"modified":"2020-01-24T22:17:24","modified_gmt":"2020-01-25T01:17:24","slug":"elites-brasilenas-una-comparacion-de","status":"publish","type":"todasponencias","link":"https:\/\/alacip.org\/?todasponencias=elites-brasilenas-una-comparacion-de","title":{"rendered":"\u00c9lites brasile\u00f1as: una comparaci\u00f3n de las oligarqu\u00edas en la Primera Rep\u00fablica (1889-1930)"},"content":{"rendered":"\n<p>Ap\u00f3s os processos de Independ\u00eancia na Am\u00e9rica Latina entre os anos de 1804 a 1825,o  Brasil tornou-se uma  ilha  cercada  por  um  mar  de  Rep\u00fablicas. A  Am\u00e9rica portuguesa  manteve-se  unida  territorialmente  sob  o  regime  mon\u00e1rquico,  enquanto  a Am\u00e9rica espanhola dividiu-se em Rep\u00fablicas, acrescentando mais uma diferen\u00e7a, j\u00e1 que a Coloniza\u00e7\u00e3o portuguesa e a espanhola na Am\u00e9rica apresentaram distin\u00e7\u00f5es marcantes (HOLANDA, 2009). <\/p>\n\n\n\n<!--more-->\n\n\n\n<div class=\"wp-block-button aligncenter\"><a class=\"wp-block-button__link has-background has-vivid-cyan-blue-background-color\" href=\"https:\/\/alacip.org\/cong13\/449-de arruda-7c .pdf\">Descargar Archivo<\/a><\/div>\n\n\n\n<p><\/p>\n","protected":false},"featured_media":0,"template":"","meta":{"_genesis_hide_title":false,"_genesis_hide_breadcrumbs":false,"_genesis_hide_singular_image":false,"_genesis_hide_footer_widgets":false,"_genesis_custom_body_class":"","_genesis_custom_post_class":"","_genesis_layout":""},"filtro":[102],"anocongresso":[140],"conginstituicion":[228,221],"areatema":[502],"class_list":{"0":"post-33184","1":"todasponencias","2":"type-todasponencias","3":"status-publish","5":"filtro-brasil","6":"anocongresso-140","7":"conginstituicion-unesp","8":"conginstituicion-ufsao-carlos","9":"areatema-elites-en-america-latina","10":"entry"},"_links":{"self":[{"href":"https:\/\/alacip.org\/index.php?rest_route=\/wp\/v2\/todasponencias\/33184","targetHints":{"allow":["GET"]}}],"collection":[{"href":"https:\/\/alacip.org\/index.php?rest_route=\/wp\/v2\/todasponencias"}],"about":[{"href":"https:\/\/alacip.org\/index.php?rest_route=\/wp\/v2\/types\/todasponencias"}],"wp:attachment":[{"href":"https:\/\/alacip.org\/index.php?rest_route=%2Fwp%2Fv2%2Fmedia&parent=33184"}],"wp:term":[{"taxonomy":"filtro","embeddable":true,"href":"https:\/\/alacip.org\/index.php?rest_route=%2Fwp%2Fv2%2Ffiltro&post=33184"},{"taxonomy":"anocongresso","embeddable":true,"href":"https:\/\/alacip.org\/index.php?rest_route=%2Fwp%2Fv2%2Fanocongresso&post=33184"},{"taxonomy":"conginstituicion","embeddable":true,"href":"https:\/\/alacip.org\/index.php?rest_route=%2Fwp%2Fv2%2Fconginstituicion&post=33184"},{"taxonomy":"areatema","embeddable":true,"href":"https:\/\/alacip.org\/index.php?rest_route=%2Fwp%2Fv2%2Fareatema&post=33184"}],"curies":[{"name":"wp","href":"https:\/\/api.w.org\/{rel}","templated":true}]}}

Élites brasileñas: una comparación de las oligarquías en la Primera República (1889-1930)

<p>Após os processos de Independência na América Latina entre os anos de 1804 a 1825,o  Brasil tornou-se uma  ilha  cercada  por  um  mar  de  Repúblicas. A  América portuguesa  manteve-se  unida  territorialmente  sob  o  regime  monárquico,  enquanto  a América espanhola dividiu-se em Repúblicas, acrescentando mais uma diferença, já que a Colonização portuguesa e a espanhola na América apresentaram distinções marcantes (HOLANDA, 2009). </p>



<!--more-->



<div class="wp-block-button aligncenter"><a class="wp-block-button__link has-background has-vivid-cyan-blue-background-color" href="https://alacip.org/cong13/449-de arruda-7c .pdf">Descargar Archivo</a></div>



<p></p>
