{"id":33185,"date":"2020-01-24T17:27:08","date_gmt":"2020-01-24T20:27:08","guid":{"rendered":"https:\/\/alacip.org\/?post_type=todasponencias&#038;p=33185"},"modified":"2020-01-24T22:17:16","modified_gmt":"2020-01-25T01:17:16","slug":"politica-externa-para-la-integracion-fronteriza","status":"publish","type":"todasponencias","link":"https:\/\/alacip.org\/?todasponencias=politica-externa-para-la-integracion-fronteriza","title":{"rendered":"Pol\u00edtica externa para la integraci\u00f3n fronteriza en la frontera brasil, Colombia y Per\u00fa (2006-2011)"},"content":{"rendered":"\n<p>La  frontera  entre  Colombia,  Brasil  y  Per\u00fa  es  una  frontera  viva  en  la  medida  en  que  la poblaci\u00f3n  protagoniza  importantes din\u00e1micas  sociales,  pol\u00edticas,  culturales  y  econ\u00f3micas alrededor  de  las  ciudades gemelas  de  Leticia  (Colombia)  y  Tabatinga  (Brasil),  junto  con centros poblados cercanos comoSanta Rosa (Per\u00fa), entre otros de la regi\u00f3n fronteriza.  <\/p>\n\n\n\n<!--more-->\n\n\n\n<div class=\"wp-block-button aligncenter\"><a class=\"wp-block-button__link has-background has-vivid-cyan-blue-background-color\" href=\"https:\/\/alacip.org\/cong13\/450-nino-7c.pdf\">Descargar Archivo<\/a><\/div>\n\n\n\n<p><\/p>\n","protected":false},"featured_media":0,"template":"","meta":{"_genesis_hide_title":false,"_genesis_hide_breadcrumbs":false,"_genesis_hide_singular_image":false,"_genesis_hide_footer_widgets":false,"_genesis_custom_body_class":"","_genesis_custom_post_class":"","_genesis_layout":""},"filtro":[102],"anocongresso":[140],"conginstituicion":[283],"areatema":[160],"class_list":{"0":"post-33185","1":"todasponencias","2":"type-todasponencias","3":"status-publish","5":"filtro-brasil","6":"anocongresso-140","7":"conginstituicion-ppgristd","8":"areatema-relaciones-internacionales","9":"entry"},"_links":{"self":[{"href":"https:\/\/alacip.org\/index.php?rest_route=\/wp\/v2\/todasponencias\/33185","targetHints":{"allow":["GET"]}}],"collection":[{"href":"https:\/\/alacip.org\/index.php?rest_route=\/wp\/v2\/todasponencias"}],"about":[{"href":"https:\/\/alacip.org\/index.php?rest_route=\/wp\/v2\/types\/todasponencias"}],"wp:attachment":[{"href":"https:\/\/alacip.org\/index.php?rest_route=%2Fwp%2Fv2%2Fmedia&parent=33185"}],"wp:term":[{"taxonomy":"filtro","embeddable":true,"href":"https:\/\/alacip.org\/index.php?rest_route=%2Fwp%2Fv2%2Ffiltro&post=33185"},{"taxonomy":"anocongresso","embeddable":true,"href":"https:\/\/alacip.org\/index.php?rest_route=%2Fwp%2Fv2%2Fanocongresso&post=33185"},{"taxonomy":"conginstituicion","embeddable":true,"href":"https:\/\/alacip.org\/index.php?rest_route=%2Fwp%2Fv2%2Fconginstituicion&post=33185"},{"taxonomy":"areatema","embeddable":true,"href":"https:\/\/alacip.org\/index.php?rest_route=%2Fwp%2Fv2%2Fareatema&post=33185"}],"curies":[{"name":"wp","href":"https:\/\/api.w.org\/{rel}","templated":true}]}}

Política externa para la integración fronteriza en la frontera brasil, Colombia y Perú (2006-2011)

<p>La  frontera  entre  Colombia,  Brasil  y  Perú  es  una  frontera  viva  en  la  medida  en  que  la población  protagoniza  importantes dinámicas  sociales,  políticas,  culturales  y  económicas alrededor  de  las  ciudades gemelas  de  Leticia  (Colombia)  y  Tabatinga  (Brasil),  junto  con centros poblados cercanos comoSanta Rosa (Perú), entre otros de la región fronteriza.  </p>



<!--more-->



<div class="wp-block-button aligncenter"><a class="wp-block-button__link has-background has-vivid-cyan-blue-background-color" href="https://alacip.org/cong13/450-nino-7c.pdf">Descargar Archivo</a></div>



<p></p>
