{"id":33188,"date":"2020-01-24T17:37:55","date_gmt":"2020-01-24T20:37:55","guid":{"rendered":"https:\/\/alacip.org\/?post_type=todasponencias&#038;p=33188"},"modified":"2020-01-24T22:16:41","modified_gmt":"2020-01-25T01:16:41","slug":"un-analisis-critico-del-presupuesto-participativo","status":"publish","type":"todasponencias","link":"https:\/\/alacip.org\/?todasponencias=un-analisis-critico-del-presupuesto-participativo","title":{"rendered":"Un an\u00e1lisis cr\u00edtico del \u201cPresupuesto Participativo\u201d y de los \u201cConsejos Municipales\u201d en Brasil: potencialidades y  limites\u201d"},"content":{"rendered":"\n<p>Este  art\u00edculo  se  propone  discutir  tanto  las  potencialidades  y  constre\u00f1imientos    del  llamado \u201cPresupuesto Participativo\u201d y de los \u201cConsejos Municipales\u201d \u2013 principales  instrumentos  de \u201cAccountability\u201d que envuelven la participaci\u00f3n popular a nivel de los gobiernos locales \u2013 como  permitir  al  lector  de  otros  pa\u00edses  una  reflexi\u00f3n  mas  exacta  sobre  las  idiosincrasias brasile\u00f1as y las innumerables dificultades de implementar con \u00e9xito experiencias de ese tipo en  otros  contextos  socio  econ\u00f3micos,  sin  las  debidas  adaptaciones.   <\/p>\n\n\n\n<!--more-->\n\n\n\n<div class=\"wp-block-button aligncenter\"><a class=\"wp-block-button__link has-background has-vivid-cyan-blue-background-color\" href=\"https:\/\/alacip.org\/cong13\/453-azevedo-7c.pdf\">Descargar Archivo<\/a><\/div>\n\n\n\n<p><\/p>\n","protected":false},"featured_media":0,"template":"","meta":{"_genesis_hide_title":false,"_genesis_hide_breadcrumbs":false,"_genesis_hide_singular_image":false,"_genesis_hide_footer_widgets":false,"_genesis_custom_body_class":"","_genesis_custom_post_class":"","_genesis_layout":""},"filtro":[102],"anocongresso":[140],"conginstituicion":[504,243],"areatema":[161],"class_list":{"0":"post-33188","1":"todasponencias","2":"type-todasponencias","3":"status-publish","5":"filtro-brasil","6":"anocongresso-140","7":"conginstituicion-fundacao-joao-pinheiro","8":"conginstituicion-darcy-ribeiro-uenf","9":"areatema-participacion-representacion","10":"entry"},"_links":{"self":[{"href":"https:\/\/alacip.org\/index.php?rest_route=\/wp\/v2\/todasponencias\/33188","targetHints":{"allow":["GET"]}}],"collection":[{"href":"https:\/\/alacip.org\/index.php?rest_route=\/wp\/v2\/todasponencias"}],"about":[{"href":"https:\/\/alacip.org\/index.php?rest_route=\/wp\/v2\/types\/todasponencias"}],"wp:attachment":[{"href":"https:\/\/alacip.org\/index.php?rest_route=%2Fwp%2Fv2%2Fmedia&parent=33188"}],"wp:term":[{"taxonomy":"filtro","embeddable":true,"href":"https:\/\/alacip.org\/index.php?rest_route=%2Fwp%2Fv2%2Ffiltro&post=33188"},{"taxonomy":"anocongresso","embeddable":true,"href":"https:\/\/alacip.org\/index.php?rest_route=%2Fwp%2Fv2%2Fanocongresso&post=33188"},{"taxonomy":"conginstituicion","embeddable":true,"href":"https:\/\/alacip.org\/index.php?rest_route=%2Fwp%2Fv2%2Fconginstituicion&post=33188"},{"taxonomy":"areatema","embeddable":true,"href":"https:\/\/alacip.org\/index.php?rest_route=%2Fwp%2Fv2%2Fareatema&post=33188"}],"curies":[{"name":"wp","href":"https:\/\/api.w.org\/{rel}","templated":true}]}}

Un análisis crítico del “Presupuesto Participativo” y de los “Consejos Municipales” en Brasil: potencialidades y  limites”

<p>Este  artículo  se  propone  discutir  tanto  las  potencialidades  y  constreñimientos    del  llamado “Presupuesto Participativo” y de los “Consejos Municipales” – principales  instrumentos  de “Accountability” que envuelven la participación popular a nivel de los gobiernos locales – como  permitir  al  lector  de  otros  países  una  reflexión  mas  exacta  sobre  las  idiosincrasias brasileñas y las innumerables dificultades de implementar con éxito experiencias de ese tipo en  otros  contextos  socio  económicos,  sin  las  debidas  adaptaciones.   </p>



<!--more-->



<div class="wp-block-button aligncenter"><a class="wp-block-button__link has-background has-vivid-cyan-blue-background-color" href="https://alacip.org/cong13/453-azevedo-7c.pdf">Descargar Archivo</a></div>



<p></p>
