{"id":33194,"date":"2020-01-24T19:00:00","date_gmt":"2020-01-24T22:00:00","guid":{"rendered":"https:\/\/alacip.org\/?post_type=todasponencias&#038;p=33194"},"modified":"2020-01-24T22:16:02","modified_gmt":"2020-01-25T01:16:02","slug":"el-populismo-y-lo-popular-siglo-xxi","status":"publish","type":"todasponencias","link":"https:\/\/alacip.org\/?todasponencias=el-populismo-y-lo-popular-siglo-xxi","title":{"rendered":"El populismo y lo popular. Articulaciones posibles en la Argentina del siglo XXI"},"content":{"rendered":"\n<p>Este  art\u00edculo  se  centra  en  el  an\u00e1lisis  de  la  constituci\u00f3n  del  kirchnerismo  en Argentina (2003-2011) en tanto un modo de identificaci\u00f3n popular que implic\u00f3 la paulatinaincorporaci\u00f3n,   a   la   toma   de   decisiones   p\u00fablicas,   de   sujetos   y   de   demandas   otrora silenciadas u olvidadas; lo que supondr\u00eda un quiebre o ruptura con los modos anteriores de definici\u00f3n social. Esto llev\u00f3, tambi\u00e9n, al trazado de una frontera que marc\u00f3 una partici\u00f3n de la comunidad.   <\/p>\n\n\n\n<!--more-->\n\n\n\n<div class=\"wp-block-button aligncenter\"><a class=\"wp-block-button__link has-background has-vivid-cyan-blue-background-color\" href=\"https:\/\/alacip.org\/cong13\/464-pagliarone-7c.pdf\">Descargar Archivo<\/a><\/div>\n\n\n\n<p><\/p>\n","protected":false},"featured_media":0,"template":"","meta":{"_genesis_hide_title":false,"_genesis_hide_breadcrumbs":false,"_genesis_hide_singular_image":false,"_genesis_hide_footer_widgets":false,"_genesis_custom_body_class":"","_genesis_custom_post_class":"","_genesis_layout":""},"filtro":[105,107],"anocongresso":[140],"conginstituicion":[276],"areatema":[157],"class_list":{"0":"post-33194","1":"todasponencias","2":"type-todasponencias","3":"status-publish","5":"filtro-argentina","6":"filtro-equador","7":"anocongresso-140","8":"conginstituicion-flsc-flacso","9":"areatema-teorpolfil","10":"entry"},"_links":{"self":[{"href":"https:\/\/alacip.org\/index.php?rest_route=\/wp\/v2\/todasponencias\/33194","targetHints":{"allow":["GET"]}}],"collection":[{"href":"https:\/\/alacip.org\/index.php?rest_route=\/wp\/v2\/todasponencias"}],"about":[{"href":"https:\/\/alacip.org\/index.php?rest_route=\/wp\/v2\/types\/todasponencias"}],"wp:attachment":[{"href":"https:\/\/alacip.org\/index.php?rest_route=%2Fwp%2Fv2%2Fmedia&parent=33194"}],"wp:term":[{"taxonomy":"filtro","embeddable":true,"href":"https:\/\/alacip.org\/index.php?rest_route=%2Fwp%2Fv2%2Ffiltro&post=33194"},{"taxonomy":"anocongresso","embeddable":true,"href":"https:\/\/alacip.org\/index.php?rest_route=%2Fwp%2Fv2%2Fanocongresso&post=33194"},{"taxonomy":"conginstituicion","embeddable":true,"href":"https:\/\/alacip.org\/index.php?rest_route=%2Fwp%2Fv2%2Fconginstituicion&post=33194"},{"taxonomy":"areatema","embeddable":true,"href":"https:\/\/alacip.org\/index.php?rest_route=%2Fwp%2Fv2%2Fareatema&post=33194"}],"curies":[{"name":"wp","href":"https:\/\/api.w.org\/{rel}","templated":true}]}}

<p>Este  artículo  se  centra  en  el  análisis  de  la  constitución  del  kirchnerismo  en Argentina (2003-2011) en tanto un modo de identificación popular que implicó la paulatinaincorporación,   a   la   toma   de   decisiones   públicas,   de   sujetos   y   de   demandas   otrora silenciadas u olvidadas; lo que supondría un quiebre o ruptura con los modos anteriores de definición social. Esto llevó, también, al trazado de una frontera que marcó una partición de la comunidad.   </p>



<!--more-->



<div class="wp-block-button aligncenter"><a class="wp-block-button__link has-background has-vivid-cyan-blue-background-color" href="https://alacip.org/cong13/464-pagliarone-7c.pdf">Descargar Archivo</a></div>



<p></p>
