{"id":33196,"date":"2020-01-24T19:06:37","date_gmt":"2020-01-24T22:06:37","guid":{"rendered":"https:\/\/alacip.org\/?post_type=todasponencias&#038;p=33196"},"modified":"2020-01-24T22:15:39","modified_gmt":"2020-01-25T01:15:39","slug":"planejamento-desenvolvimento-e-democracia","status":"publish","type":"todasponencias","link":"https:\/\/alacip.org\/?todasponencias=planejamento-desenvolvimento-e-democracia","title":{"rendered":"Planejamento, desenvolvimento e democracia no pensamentocepalino \u2013 duas interpreta\u00e7\u00f5es: Celso Furtado e Jos\u00e9 M. Echavarr\u00eda"},"content":{"rendered":"\n<p>O   trabalho   procura   comparar   o   papel   e   entrela\u00e7amento   dos   temas \u00abplanejamento, desenvolvimento e democracia\u00bb na produ\u00e7\u00e3o intelectual de Furtado e Echavarr\u00eda   no   per\u00edodo   compreendido   entre   os   anos   1950\/60   (per\u00edodo   \u00e1ureo   do enfrentamento   do   tema   subdesenvolvimento).   <\/p>\n\n\n\n<!--more-->\n\n\n\n<div class=\"wp-block-button aligncenter\"><a class=\"wp-block-button__link has-background has-vivid-cyan-blue-background-color\" href=\"https:\/\/alacip.org\/cong13\/465-cepeda-7c.pdf\">Descargar Archivo<\/a><\/div>\n\n\n\n<p><\/p>\n","protected":false},"featured_media":0,"template":"","meta":{"_genesis_hide_title":false,"_genesis_hide_breadcrumbs":false,"_genesis_hide_singular_image":false,"_genesis_hide_footer_widgets":false,"_genesis_custom_body_class":"","_genesis_custom_post_class":"","_genesis_layout":""},"filtro":[102],"anocongresso":[140],"conginstituicion":[221],"areatema":[157],"class_list":{"0":"post-33196","1":"todasponencias","2":"type-todasponencias","3":"status-publish","5":"filtro-brasil","6":"anocongresso-140","7":"conginstituicion-ufsao-carlos","8":"areatema-teorpolfil","9":"entry"},"_links":{"self":[{"href":"https:\/\/alacip.org\/index.php?rest_route=\/wp\/v2\/todasponencias\/33196","targetHints":{"allow":["GET"]}}],"collection":[{"href":"https:\/\/alacip.org\/index.php?rest_route=\/wp\/v2\/todasponencias"}],"about":[{"href":"https:\/\/alacip.org\/index.php?rest_route=\/wp\/v2\/types\/todasponencias"}],"wp:attachment":[{"href":"https:\/\/alacip.org\/index.php?rest_route=%2Fwp%2Fv2%2Fmedia&parent=33196"}],"wp:term":[{"taxonomy":"filtro","embeddable":true,"href":"https:\/\/alacip.org\/index.php?rest_route=%2Fwp%2Fv2%2Ffiltro&post=33196"},{"taxonomy":"anocongresso","embeddable":true,"href":"https:\/\/alacip.org\/index.php?rest_route=%2Fwp%2Fv2%2Fanocongresso&post=33196"},{"taxonomy":"conginstituicion","embeddable":true,"href":"https:\/\/alacip.org\/index.php?rest_route=%2Fwp%2Fv2%2Fconginstituicion&post=33196"},{"taxonomy":"areatema","embeddable":true,"href":"https:\/\/alacip.org\/index.php?rest_route=%2Fwp%2Fv2%2Fareatema&post=33196"}],"curies":[{"name":"wp","href":"https:\/\/api.w.org\/{rel}","templated":true}]}}

Planejamento, desenvolvimento e democracia no pensamentocepalino – duas interpretações: Celso Furtado e José M. Echavarría

<p>O   trabalho   procura   comparar   o   papel   e   entrelaçamento   dos   temas «planejamento, desenvolvimento e democracia» na produção intelectual de Furtado e Echavarría   no   período   compreendido   entre   os   anos   1950/60   (período   áureo   do enfrentamento   do   tema   subdesenvolvimento).   </p>



<!--more-->



<div class="wp-block-button aligncenter"><a class="wp-block-button__link has-background has-vivid-cyan-blue-background-color" href="https://alacip.org/cong13/465-cepeda-7c.pdf">Descargar Archivo</a></div>



<p></p>
