{"id":33198,"date":"2020-01-24T19:12:48","date_gmt":"2020-01-24T22:12:48","guid":{"rendered":"https:\/\/alacip.org\/?post_type=todasponencias&#038;p=33198"},"modified":"2020-06-08T21:17:45","modified_gmt":"2020-06-09T00:17:45","slug":"entre-a-sociedade-e-o-estado-o-caso-do","status":"publish","type":"todasponencias","link":"https:\/\/alacip.org\/?todasponencias=entre-a-sociedade-e-o-estado-o-caso-do","title":{"rendered":"Entre a sociedade e o Estado: o caso do movimento LGBT sob os governos Petistas"},"content":{"rendered":"\n<p>Na \u00faltima d\u00e9cada e meia, um dos movimentos sociais que mais tem crescido e se destacado, no Brasil e  no  mundo,  \u00e9  o  movimento LGBT (L\u00e9sbicas, Gays, Bissexuais, Travestis  e Transexuais).  <\/p>\n\n\n\n<!--more-->\n\n\n\n<div class=\"wp-block-button aligncenter\"><a class=\"wp-block-button__link has-background has-vivid-cyan-blue-background-color\" href=\"https:\/\/alacip.org\/cong13\/467-alves-7c.pdf\">Descargar Archivo<\/a><\/div>\n\n\n\n<p><\/p>\n","protected":false},"featured_media":0,"template":"","meta":{"_genesis_hide_title":false,"_genesis_hide_breadcrumbs":false,"_genesis_hide_singular_image":false,"_genesis_hide_footer_widgets":false,"_genesis_custom_body_class":"","_genesis_custom_post_class":"","_genesis_layout":""},"filtro":[102],"anocongresso":[140],"conginstituicion":[507,205],"areatema":[159],"class_list":{"0":"post-33198","1":"todasponencias","2":"type-todasponencias","3":"status-publish","5":"filtro-brasil","6":"anocongresso-140","7":"conginstituicion-universidade-federal-da-fronteira-sul","8":"conginstituicion-unufrgs","9":"areatema-temas-diversos","10":"entry"},"_links":{"self":[{"href":"https:\/\/alacip.org\/index.php?rest_route=\/wp\/v2\/todasponencias\/33198","targetHints":{"allow":["GET"]}}],"collection":[{"href":"https:\/\/alacip.org\/index.php?rest_route=\/wp\/v2\/todasponencias"}],"about":[{"href":"https:\/\/alacip.org\/index.php?rest_route=\/wp\/v2\/types\/todasponencias"}],"wp:attachment":[{"href":"https:\/\/alacip.org\/index.php?rest_route=%2Fwp%2Fv2%2Fmedia&parent=33198"}],"wp:term":[{"taxonomy":"filtro","embeddable":true,"href":"https:\/\/alacip.org\/index.php?rest_route=%2Fwp%2Fv2%2Ffiltro&post=33198"},{"taxonomy":"anocongresso","embeddable":true,"href":"https:\/\/alacip.org\/index.php?rest_route=%2Fwp%2Fv2%2Fanocongresso&post=33198"},{"taxonomy":"conginstituicion","embeddable":true,"href":"https:\/\/alacip.org\/index.php?rest_route=%2Fwp%2Fv2%2Fconginstituicion&post=33198"},{"taxonomy":"areatema","embeddable":true,"href":"https:\/\/alacip.org\/index.php?rest_route=%2Fwp%2Fv2%2Fareatema&post=33198"}],"curies":[{"name":"wp","href":"https:\/\/api.w.org\/{rel}","templated":true}]}}

<p>Na última década e meia, um dos movimentos sociais que mais tem crescido e se destacado, no Brasil e  no  mundo,  é  o  movimento LGBT (Lésbicas, Gays, Bissexuais, Travestis  e Transexuais).  </p>



<!--more-->



<div class="wp-block-button aligncenter"><a class="wp-block-button__link has-background has-vivid-cyan-blue-background-color" href="https://alacip.org/cong13/467-alves-7c.pdf">Descargar Archivo</a></div>



<p></p>
