{"id":33202,"date":"2020-01-24T19:27:42","date_gmt":"2020-01-24T22:27:42","guid":{"rendered":"https:\/\/alacip.org\/?post_type=todasponencias&#038;p=33202"},"modified":"2020-01-24T22:14:58","modified_gmt":"2020-01-25T01:14:58","slug":"descentralizacao-regional-e-governanca","status":"publish","type":"todasponencias","link":"https:\/\/alacip.org\/?todasponencias=descentralizacao-regional-e-governanca","title":{"rendered":"Descentraliza\u00e7\u00e3o regional e governan\u00e7a regional p\u00fablica: Uma an\u00e1lise da pol\u00edtica de Integra\u00e7\u00e3o Regional no estado do Par\u00e1 a partir de 2007"},"content":{"rendered":"\n<p>O  presente  trabalho  tem  como  objetivorealizar  uma  an\u00e1lise sobre a  descentraliza\u00e7\u00e3o regional proposta pela pol\u00edtica de integra\u00e7\u00e3o regional implementada no estado do Par\u00e1 a partir  de  2007,  fazendo um  recorte  anal\u00edtico  em  rela\u00e7\u00e3o  aos aspectos  da governan\u00e7a regional p\u00fablica. <\/p>\n\n\n\n<!--more-->\n\n\n\n<div class=\"wp-block-button aligncenter\"><a class=\"wp-block-button__link has-background has-vivid-cyan-blue-background-color\" href=\"https:\/\/alacip.org\/cong13\/473-oliveira-7c.pdf\">Descargar Archivo<\/a><\/div>\n\n\n\n<p><\/p>\n","protected":false},"featured_media":0,"template":"","meta":{"_genesis_hide_title":false,"_genesis_hide_breadcrumbs":false,"_genesis_hide_singular_image":false,"_genesis_hide_footer_widgets":false,"_genesis_custom_body_class":"","_genesis_custom_post_class":"","_genesis_layout":""},"filtro":[102],"anocongresso":[140],"conginstituicion":[221],"areatema":[177],"class_list":{"0":"post-33202","1":"todasponencias","2":"type-todasponencias","3":"status-publish","5":"filtro-brasil","6":"anocongresso-140","7":"conginstituicion-ufsao-carlos","8":"areatema-federalismo-descentralizacion","9":"entry"},"_links":{"self":[{"href":"https:\/\/alacip.org\/index.php?rest_route=\/wp\/v2\/todasponencias\/33202","targetHints":{"allow":["GET"]}}],"collection":[{"href":"https:\/\/alacip.org\/index.php?rest_route=\/wp\/v2\/todasponencias"}],"about":[{"href":"https:\/\/alacip.org\/index.php?rest_route=\/wp\/v2\/types\/todasponencias"}],"wp:attachment":[{"href":"https:\/\/alacip.org\/index.php?rest_route=%2Fwp%2Fv2%2Fmedia&parent=33202"}],"wp:term":[{"taxonomy":"filtro","embeddable":true,"href":"https:\/\/alacip.org\/index.php?rest_route=%2Fwp%2Fv2%2Ffiltro&post=33202"},{"taxonomy":"anocongresso","embeddable":true,"href":"https:\/\/alacip.org\/index.php?rest_route=%2Fwp%2Fv2%2Fanocongresso&post=33202"},{"taxonomy":"conginstituicion","embeddable":true,"href":"https:\/\/alacip.org\/index.php?rest_route=%2Fwp%2Fv2%2Fconginstituicion&post=33202"},{"taxonomy":"areatema","embeddable":true,"href":"https:\/\/alacip.org\/index.php?rest_route=%2Fwp%2Fv2%2Fareatema&post=33202"}],"curies":[{"name":"wp","href":"https:\/\/api.w.org\/{rel}","templated":true}]}}

Descentralização regional e governança regional pública: Uma análise da política de Integração Regional no estado do Pará a partir de 2007

<p>O  presente  trabalho  tem  como  objetivorealizar  uma  análise sobre a  descentralização regional proposta pela política de integração regional implementada no estado do Pará a partir  de  2007,  fazendo um  recorte  analítico  em  relação  aos aspectos  da governança regional pública. </p>



<!--more-->



<div class="wp-block-button aligncenter"><a class="wp-block-button__link has-background has-vivid-cyan-blue-background-color" href="https://alacip.org/cong13/473-oliveira-7c.pdf">Descargar Archivo</a></div>



<p></p>
