{"id":33205,"date":"2020-01-24T19:41:30","date_gmt":"2020-01-24T22:41:30","guid":{"rendered":"https:\/\/alacip.org\/?post_type=todasponencias&#038;p=33205"},"modified":"2020-01-24T22:14:40","modified_gmt":"2020-01-25T01:14:40","slug":"elecciones-uruguayas-2009-2010-la-consolidacion","status":"publish","type":"todasponencias","link":"https:\/\/alacip.org\/?todasponencias=elecciones-uruguayas-2009-2010-la-consolidacion","title":{"rendered":"Elecciones uruguayas 2009-2010: la consolidaci\u00f3n de un nuevo sistema de partidos"},"content":{"rendered":"\n<p>Entre junio de 2009 y mayo de 2010, Uruguay renov\u00f3 la totalidad de sus cargos de gobierno electivos, tanto en el plano nacional como subnacional. El complejo ciclo electoral uruguayo incluye, desde 1999, cuatro convoca-torias a la ciudadan\u00eda: <\/p>\n\n\n\n<!--more-->\n\n\n\n<p>i) las elecciones internas de los partidos y primaria presidencial en junio; ii) la elecci\u00f3n general que comprende al Poder Legis-lativo  en  su  totalidad  y  la  primera  vuelta  presidencial  en  octubre;  iii)  la  segunda vuelta presidencial en noviembre en caso de que ning\u00fan candida-to haya obtenido la mayor\u00eda absoluta en la primera vuelta; y iv) la elecci\u00f3n de autoridades locales en mayo del a\u00f1o siguiente. <\/p>\n\n\n\n<div class=\"wp-block-button aligncenter\"><a class=\"wp-block-button__link has-background has-vivid-cyan-blue-background-color\" href=\"https:\/\/alacip.org\/cong13\/475-buquet-b-7c.pdf\">Descargar Archivo<\/a><\/div>\n\n\n\n<p><\/p>\n","protected":false},"featured_media":0,"template":"","meta":{"_genesis_hide_title":false,"_genesis_hide_breadcrumbs":false,"_genesis_hide_singular_image":false,"_genesis_hide_footer_widgets":false,"_genesis_custom_body_class":"","_genesis_custom_post_class":"","_genesis_layout":""},"filtro":[103],"anocongresso":[140],"conginstituicion":[509,185],"areatema":[510,222],"class_list":{"0":"post-33205","1":"todasponencias","2":"type-todasponencias","3":"status-publish","5":"filtro-uruguai","6":"anocongresso-140","7":"conginstituicion-pontificia-universidad-catolica-de-chile","8":"conginstituicion-ur-uruguay","9":"areatema-eleitores-e-eleicoes-na-america-latina","10":"areatema-partidos-y-sistemas-de-partidos","11":"entry"},"_links":{"self":[{"href":"https:\/\/alacip.org\/index.php?rest_route=\/wp\/v2\/todasponencias\/33205","targetHints":{"allow":["GET"]}}],"collection":[{"href":"https:\/\/alacip.org\/index.php?rest_route=\/wp\/v2\/todasponencias"}],"about":[{"href":"https:\/\/alacip.org\/index.php?rest_route=\/wp\/v2\/types\/todasponencias"}],"wp:attachment":[{"href":"https:\/\/alacip.org\/index.php?rest_route=%2Fwp%2Fv2%2Fmedia&parent=33205"}],"wp:term":[{"taxonomy":"filtro","embeddable":true,"href":"https:\/\/alacip.org\/index.php?rest_route=%2Fwp%2Fv2%2Ffiltro&post=33205"},{"taxonomy":"anocongresso","embeddable":true,"href":"https:\/\/alacip.org\/index.php?rest_route=%2Fwp%2Fv2%2Fanocongresso&post=33205"},{"taxonomy":"conginstituicion","embeddable":true,"href":"https:\/\/alacip.org\/index.php?rest_route=%2Fwp%2Fv2%2Fconginstituicion&post=33205"},{"taxonomy":"areatema","embeddable":true,"href":"https:\/\/alacip.org\/index.php?rest_route=%2Fwp%2Fv2%2Fareatema&post=33205"}],"curies":[{"name":"wp","href":"https:\/\/api.w.org\/{rel}","templated":true}]}}

Elecciones uruguayas 2009-2010: la consolidación de un nuevo sistema de partidos

<p>Entre junio de 2009 y mayo de 2010, Uruguay renovó la totalidad de sus cargos de gobierno electivos, tanto en el plano nacional como subnacional. El complejo ciclo electoral uruguayo incluye, desde 1999, cuatro convoca-torias a la ciudadanía: </p>



<!--more-->



<p>i) las elecciones internas de los partidos y primaria presidencial en junio; ii) la elección general que comprende al Poder Legis-lativo  en  su  totalidad  y  la  primera  vuelta  presidencial  en  octubre;  iii)  la  segunda vuelta presidencial en noviembre en caso de que ningún candida-to haya obtenido la mayoría absoluta en la primera vuelta; y iv) la elección de autoridades locales en mayo del año siguiente. </p>



<div class="wp-block-button aligncenter"><a class="wp-block-button__link has-background has-vivid-cyan-blue-background-color" href="https://alacip.org/cong13/475-buquet-b-7c.pdf">Descargar Archivo</a></div>



<p></p>
