{"id":33207,"date":"2020-01-24T19:54:49","date_gmt":"2020-01-24T22:54:49","guid":{"rendered":"https:\/\/alacip.org\/?post_type=todasponencias&#038;p=33207"},"modified":"2020-01-24T22:14:34","modified_gmt":"2020-01-25T01:14:34","slug":"politica-urbana-e-reassentamento-populacional","status":"publish","type":"todasponencias","link":"https:\/\/alacip.org\/?todasponencias=politica-urbana-e-reassentamento-populacional","title":{"rendered":"Pol\u00edtica urbana e Reassentamento Populacional: o caso do Projeto Terra Mais Igual em Vit\u00f3ria-ES"},"content":{"rendered":"\n<p>O artigo focaliza os processos de urbaniza\u00e7\u00e3o e as consequ\u00eancias sociais e pol\u00edticas do crescimento acelerado das cidades contempor\u00e2neas na ordem capitalista industrial. Centra-se na atua\u00e7\u00e3o do Estado na problem\u00e1tica urbana por meio de pol\u00edticas p\u00fablicas voltadas para as  popula\u00e7\u00f5es  que  vivem  em  \u00e1reas  segregadas  e  favelizadas. <\/p>\n\n\n\n<!--more-->\n\n\n\n<div class=\"wp-block-button aligncenter\"><a class=\"wp-block-button__link has-background has-vivid-cyan-blue-background-color\" href=\"https:\/\/alacip.org\/cong13\/477-marinho-7c.pdf\">Descargar Archivo<\/a><\/div>\n\n\n\n<p><\/p>\n","protected":false},"featured_media":0,"template":"","meta":{"_genesis_hide_title":false,"_genesis_hide_breadcrumbs":false,"_genesis_hide_singular_image":false,"_genesis_hide_footer_widgets":false,"_genesis_custom_body_class":"","_genesis_custom_post_class":"","_genesis_layout":""},"filtro":[102],"anocongresso":[140],"conginstituicion":[511],"areatema":[158],"class_list":{"0":"post-33207","1":"todasponencias","2":"type-todasponencias","3":"status-publish","5":"filtro-brasil","6":"anocongresso-140","7":"conginstituicion-universidade-federal-do-espirito-santo-ufes","8":"areatema-admpulpo","9":"entry"},"_links":{"self":[{"href":"https:\/\/alacip.org\/index.php?rest_route=\/wp\/v2\/todasponencias\/33207","targetHints":{"allow":["GET"]}}],"collection":[{"href":"https:\/\/alacip.org\/index.php?rest_route=\/wp\/v2\/todasponencias"}],"about":[{"href":"https:\/\/alacip.org\/index.php?rest_route=\/wp\/v2\/types\/todasponencias"}],"wp:attachment":[{"href":"https:\/\/alacip.org\/index.php?rest_route=%2Fwp%2Fv2%2Fmedia&parent=33207"}],"wp:term":[{"taxonomy":"filtro","embeddable":true,"href":"https:\/\/alacip.org\/index.php?rest_route=%2Fwp%2Fv2%2Ffiltro&post=33207"},{"taxonomy":"anocongresso","embeddable":true,"href":"https:\/\/alacip.org\/index.php?rest_route=%2Fwp%2Fv2%2Fanocongresso&post=33207"},{"taxonomy":"conginstituicion","embeddable":true,"href":"https:\/\/alacip.org\/index.php?rest_route=%2Fwp%2Fv2%2Fconginstituicion&post=33207"},{"taxonomy":"areatema","embeddable":true,"href":"https:\/\/alacip.org\/index.php?rest_route=%2Fwp%2Fv2%2Fareatema&post=33207"}],"curies":[{"name":"wp","href":"https:\/\/api.w.org\/{rel}","templated":true}]}}

Política urbana e Reassentamento Populacional: o caso do Projeto Terra Mais Igual em Vitória-ES

<p>O artigo focaliza os processos de urbanização e as consequências sociais e políticas do crescimento acelerado das cidades contemporâneas na ordem capitalista industrial. Centra-se na atuação do Estado na problemática urbana por meio de políticas públicas voltadas para as  populações  que  vivem  em  áreas  segregadas  e  favelizadas. </p>



<!--more-->



<div class="wp-block-button aligncenter"><a class="wp-block-button__link has-background has-vivid-cyan-blue-background-color" href="https://alacip.org/cong13/477-marinho-7c.pdf">Descargar Archivo</a></div>



<p></p>
