{"id":33208,"date":"2020-01-24T19:58:04","date_gmt":"2020-01-24T22:58:04","guid":{"rendered":"https:\/\/alacip.org\/?post_type=todasponencias&#038;p=33208"},"modified":"2020-01-24T22:14:25","modified_gmt":"2020-01-25T01:14:25","slug":"tensiones-y-disputas-en-la-larga-lucha-por","status":"publish","type":"todasponencias","link":"https:\/\/alacip.org\/?todasponencias=tensiones-y-disputas-en-la-larga-lucha-por","title":{"rendered":"Tensiones y disputas en la larga lucha por la accountability en Argentina. Los usos dela sistematizaci\u00f3n yla estad\u00edstica para dar cuenta de los avances en procesos de justicia transicional"},"content":{"rendered":"\n<p>Argentina, un indiscutible protagonista regional en lo que respecta a la justicia transicional (JT), ha explorado el cat\u00e1logo completo de mecanismos de justicia transicional (MJT) con laintenci\u00f3n de abordar las violaciones graves alos derechos humanos cometidas durante la dictadura militar (1976-83): comisi\u00f3n de verdad, restituci\u00f3n, reparaciones econ\u00f3micas y simb\u00f3licas, procesos limitados, procesos de gran escala, juicios por la verdad y procesos de depuraci\u00f3n de funcionarios p\u00fablicos. <\/p>\n\n\n\n<!--more-->\n\n\n\n<div class=\"wp-block-button aligncenter\"><a class=\"wp-block-button__link has-background has-vivid-cyan-blue-background-color\" href=\"https:\/\/alacip.org\/cong13\/478-balardini-7c.pdf\">Descargar Archivo<\/a><\/div>\n\n\n\n<p><\/p>\n","protected":false},"featured_media":0,"template":"","meta":{"_genesis_hide_title":false,"_genesis_hide_breadcrumbs":false,"_genesis_hide_singular_image":false,"_genesis_hide_footer_widgets":false,"_genesis_custom_body_class":"","_genesis_custom_post_class":"","_genesis_layout":""},"filtro":[105],"anocongresso":[140],"conginstituicion":[244],"areatema":[512],"class_list":{"0":"post-33208","1":"todasponencias","2":"type-todasponencias","3":"status-publish","5":"filtro-argentina","6":"anocongresso-140","7":"conginstituicion-universidadba","8":"areatema-justicia-postransicional-en-america-latina","9":"entry"},"_links":{"self":[{"href":"https:\/\/alacip.org\/index.php?rest_route=\/wp\/v2\/todasponencias\/33208","targetHints":{"allow":["GET"]}}],"collection":[{"href":"https:\/\/alacip.org\/index.php?rest_route=\/wp\/v2\/todasponencias"}],"about":[{"href":"https:\/\/alacip.org\/index.php?rest_route=\/wp\/v2\/types\/todasponencias"}],"wp:attachment":[{"href":"https:\/\/alacip.org\/index.php?rest_route=%2Fwp%2Fv2%2Fmedia&parent=33208"}],"wp:term":[{"taxonomy":"filtro","embeddable":true,"href":"https:\/\/alacip.org\/index.php?rest_route=%2Fwp%2Fv2%2Ffiltro&post=33208"},{"taxonomy":"anocongresso","embeddable":true,"href":"https:\/\/alacip.org\/index.php?rest_route=%2Fwp%2Fv2%2Fanocongresso&post=33208"},{"taxonomy":"conginstituicion","embeddable":true,"href":"https:\/\/alacip.org\/index.php?rest_route=%2Fwp%2Fv2%2Fconginstituicion&post=33208"},{"taxonomy":"areatema","embeddable":true,"href":"https:\/\/alacip.org\/index.php?rest_route=%2Fwp%2Fv2%2Fareatema&post=33208"}],"curies":[{"name":"wp","href":"https:\/\/api.w.org\/{rel}","templated":true}]}}

Tensiones y disputas en la larga lucha por la accountability en Argentina. Los usos dela sistematización yla estadística para dar cuenta de los avances en procesos de justicia transicional

<p>Argentina, un indiscutible protagonista regional en lo que respecta a la justicia transicional (JT), ha explorado el catálogo completo de mecanismos de justicia transicional (MJT) con laintención de abordar las violaciones graves alos derechos humanos cometidas durante la dictadura militar (1976-83): comisión de verdad, restitución, reparaciones económicas y simbólicas, procesos limitados, procesos de gran escala, juicios por la verdad y procesos de depuración de funcionarios públicos. </p>



<!--more-->



<div class="wp-block-button aligncenter"><a class="wp-block-button__link has-background has-vivid-cyan-blue-background-color" href="https://alacip.org/cong13/478-balardini-7c.pdf">Descargar Archivo</a></div>



<p></p>
